{"id":13396,"date":"2025-01-08T15:06:28","date_gmt":"2025-01-08T14:06:28","guid":{"rendered":"https:\/\/shop.copterpro.de\/?post_type=product&#038;p=13396"},"modified":"2026-03-22T03:43:12","modified_gmt":"2026-03-22T02:43:12","slug":"online-schulung-dji-matrice-4-serie","status":"publish","type":"product","link":"https:\/\/copterpro.de\/shop\/online-schulungen\/online-schulung-dji-matrice-4-serie\/","title":{"rendered":"Online Schulung DJI Matrice 4 Serie (M4T \/ M4E \/ M4TD) \u2013 Zugang Copterpro Academy"},"content":{"rendered":"<h2>Online Schulung DJI Matrice 4 Serie (M4T \/ M4E \/ M4TD) &#8211; Zugang Copterpro Academy<\/h2>\n<p><strong>Was erh\u00e4ltst du?\u00a0<\/strong><\/p>\n<ul>\n<li>Unbegrenzter Online Zugang zur Copterpro Academy<\/li>\n<li>Log in mit Online Kurs zur DJI Matrice 4 Serie<\/li>\n<li>Checklisten und Bedienungsanleitungen als Download<\/li>\n<li>\u00dcber 280 Minuten Videomaterial<\/li>\n<\/ul>\n<p><strong>Wie oft kann ich die Schulung machen?\u00a0<\/strong><\/p>\n<ul>\n<li>unbegrenzter Zugang<\/li>\n<li>Keine Begrenzung der Wiederholungen<\/li>\n<\/ul>\n<p>Der Kurs wird durch regelm\u00e4\u00dfige Updates aktuell gehalten.<\/p>\n<p>&nbsp;<\/p>\n<p>Kapitel\u00fcbersicht:<\/p>\n<ul>\n<li><b>Einf\u00fchrung<\/b><\/li>\n<li><strong>Service Leistungen von Copterpro<\/strong><\/li>\n<li><strong>Produkteinf\u00fchrung<\/strong><\/li>\n<li><strong>A1\/A3 Vorbereitungskurs\u00a0<\/strong><\/li>\n<li><strong>Regeln der Luftfahrt\u00a0<\/strong><\/li>\n<li><strong>Theoretische Schulung<\/strong><\/li>\n<li><strong>Praktische Schulung<\/strong><\/li>\n<li><strong>Quick Start Guide<\/strong><\/li>\n<li><strong>Software Updates<\/strong><\/li>\n<li><strong>Q&amp;A &#8211; H\u00e4ufig gestellte Fragen<\/strong><\/li>\n<li><strong>Zubeh\u00f6r Empfehlungen<\/strong><\/li>\n<li><strong>Weitere Schulungen<\/strong><\/li>\n<li><strong>Abschluss<\/strong><\/li>\n<li><strong>Zertifikat<\/strong><\/li>\n<\/ul>\n<p>Voraussetzung f\u00fcr den Flug<\/p>\n<p>Kostenloses Infomaterial:<\/p>\n<p>\u2013 Bedienungsanleitung<br \/>\n\u2013 Checkliste<br \/>\n\u2013 Ha\u0308ufig gestellte Fragen<\/p>\n<p>&nbsp;<\/p>\n<p>* Der Kurs enth\u00e4lt keine Lernzielkontrolle<\/p>\n","protected":false},"excerpt":{"rendered":"<p><strong>Was erh\u00e4ltst du?\u00a0<\/strong><\/p>\n<ul>\n<li>Unbegrenzter Online Zugang zur Copterpro Academy<\/li>\n<li>Log in mit Online Kurs zur DJI Matrice 4 Thermal<\/li>\n<li>Checklisten und Bedienungsanleitungen als Download<\/li>\n<\/ul>\n<p><strong>Wie oft kann ich die Schulung machen?\u00a0<\/strong><\/p>\n<ul>\n<li>unbegrenzter Zugang<\/li>\n<li>Keine Begrenzung der Wiederholungen<\/li>\n<\/ul>\n","protected":false},"featured_media":14802,"template":"","meta":{"_acf_changed":false,"_iconic_wsb_product_page_order_bump_ids":[[]],"_sku":[],"_iconic_wsb_product_page_bump_modal_ids":[[]]},"product_brand":[],"product_cat":[60,135],"product_tag":[],"class_list":{"0":"post-13396","1":"product","2":"type-product","3":"status-publish","4":"has-post-thumbnail","6":"product_cat-schulungen","7":"product_cat-online-schulungen","9":"first","10":"instock","11":"virtual","12":"taxable","13":"purchasable","14":"product-type-simple"},"acf":[],"yoast_head":"<!-- This site is optimized with the Yoast SEO plugin v27.3 - https:\/\/yoast.com\/product\/yoast-seo-wordpress\/ -->\n<title>Schulung DJI Matrice 4 Serie als Online Videokurs<\/title>\n<meta name=\"description\" content=\"Schulung DJI Matrice 4 Serie als Videokurs f\u00fcr DJI Drohne. Online Schulung f\u00fcr DJI Drohne mit W\u00e4rmebild Matrice 4 Serie (M4T \/ M4E \/ M4TD) .\" \/>\n<meta name=\"robots\" content=\"index, follow, max-snippet:-1, max-image-preview:large, max-video-preview:-1\" \/>\n<link rel=\"canonical\" href=\"https:\/\/copterpro.de\/shop\/schulungen\/online-schulung-dji-matrice-4-serie\/\" \/>\n<meta property=\"og:locale\" content=\"de_DE\" \/>\n<meta property=\"og:type\" content=\"article\" \/>\n<meta property=\"og:title\" content=\"Schulung DJI Matrice 4 Serie als Online Videokurs\" \/>\n<meta property=\"og:description\" content=\"Schulung DJI Matrice 4 Serie als Videokurs f\u00fcr DJI Drohne. Online Schulung f\u00fcr DJI Drohne mit W\u00e4rmebild Matrice 4 Serie (M4T \/ M4E \/ M4TD) .\" \/>\n<meta property=\"og:url\" content=\"https:\/\/copterpro.de\/shop\/schulungen\/online-schulung-dji-matrice-4-serie\/\" \/>\n<meta property=\"og:site_name\" content=\"Copter Pro\" \/>\n<meta property=\"article:publisher\" content=\"https:\/\/www.facebook.com\/copterprogmbh\" \/>\n<meta property=\"article:modified_time\" content=\"2026-03-22T02:43:12+00:00\" \/>\n<meta property=\"og:image\" content=\"https:\/\/copterpro.de\/shop\/wp-content\/uploads\/2025\/01\/Online-Schulung-Matrice-4T-neu.jpg\" \/>\n\t<meta property=\"og:image:width\" content=\"2000\" \/>\n\t<meta property=\"og:image:height\" content=\"2000\" \/>\n\t<meta property=\"og:image:type\" content=\"image\/jpeg\" \/>\n<meta name=\"twitter:card\" content=\"summary_large_image\" \/>\n<meta name=\"twitter:label1\" content=\"Gesch\u00e4tzte Lesezeit\" \/>\n\t<meta name=\"twitter:data1\" content=\"1\u00a0Minute\" \/>\n<script type=\"application\/ld+json\" class=\"yoast-schema-graph\">{\"@context\":\"https:\\\/\\\/schema.org\",\"@graph\":[{\"@type\":\"WebPage\",\"@id\":\"https:\\\/\\\/copterpro.de\\\/shop\\\/schulungen\\\/online-schulung-dji-matrice-4-serie\\\/\",\"url\":\"https:\\\/\\\/copterpro.de\\\/shop\\\/schulungen\\\/online-schulung-dji-matrice-4-serie\\\/\",\"name\":\"Schulung DJI Matrice 4 Serie als Online Videokurs\",\"isPartOf\":{\"@id\":\"https:\\\/\\\/copterpro.de\\\/shop\\\/#website\"},\"primaryImageOfPage\":{\"@id\":\"https:\\\/\\\/copterpro.de\\\/shop\\\/schulungen\\\/online-schulung-dji-matrice-4-serie\\\/#primaryimage\"},\"image\":{\"@id\":\"https:\\\/\\\/copterpro.de\\\/shop\\\/schulungen\\\/online-schulung-dji-matrice-4-serie\\\/#primaryimage\"},\"thumbnailUrl\":\"https:\\\/\\\/copterpro.de\\\/shop\\\/wp-content\\\/uploads\\\/2025\\\/01\\\/Online-Schulung-Matrice-4T-neu.jpg\",\"datePublished\":\"2025-01-08T14:06:28+00:00\",\"dateModified\":\"2026-03-22T02:43:12+00:00\",\"description\":\"Schulung DJI Matrice 4 Serie als Videokurs f\u00fcr DJI Drohne. Online Schulung f\u00fcr DJI Drohne mit W\u00e4rmebild Matrice 4 Serie (M4T \\\/ M4E \\\/ M4TD) .\",\"breadcrumb\":{\"@id\":\"https:\\\/\\\/copterpro.de\\\/shop\\\/schulungen\\\/online-schulung-dji-matrice-4-serie\\\/#breadcrumb\"},\"inLanguage\":\"de\",\"potentialAction\":[{\"@type\":\"ReadAction\",\"target\":[\"https:\\\/\\\/copterpro.de\\\/shop\\\/schulungen\\\/online-schulung-dji-matrice-4-serie\\\/\"]}]},{\"@type\":\"ImageObject\",\"inLanguage\":\"de\",\"@id\":\"https:\\\/\\\/copterpro.de\\\/shop\\\/schulungen\\\/online-schulung-dji-matrice-4-serie\\\/#primaryimage\",\"url\":\"https:\\\/\\\/copterpro.de\\\/shop\\\/wp-content\\\/uploads\\\/2025\\\/01\\\/Online-Schulung-Matrice-4T-neu.jpg\",\"contentUrl\":\"https:\\\/\\\/copterpro.de\\\/shop\\\/wp-content\\\/uploads\\\/2025\\\/01\\\/Online-Schulung-Matrice-4T-neu.jpg\",\"width\":2000,\"height\":2000,\"caption\":\"Online Schulung DJI Matrice 4 Serie\"},{\"@type\":\"BreadcrumbList\",\"@id\":\"https:\\\/\\\/copterpro.de\\\/shop\\\/schulungen\\\/online-schulung-dji-matrice-4-serie\\\/#breadcrumb\",\"itemListElement\":[{\"@type\":\"ListItem\",\"position\":1,\"name\":\"Startseite\",\"item\":\"https:\\\/\\\/copterpro.de\\\/shop\\\/\"},{\"@type\":\"ListItem\",\"position\":2,\"name\":\"Shop\",\"item\":\"https:\\\/\\\/copterpro.de\\\/shop\\\/shop\\\/\"},{\"@type\":\"ListItem\",\"position\":3,\"name\":\"Online Schulung DJI Matrice 4 Serie (M4T \\\/ M4E \\\/ M4TD) \u2013 Zugang Copterpro Academy\"}]},{\"@type\":\"WebSite\",\"@id\":\"https:\\\/\\\/copterpro.de\\\/shop\\\/#website\",\"url\":\"https:\\\/\\\/copterpro.de\\\/shop\\\/\",\"name\":\"Copter Pro\",\"description\":\"\",\"publisher\":{\"@id\":\"https:\\\/\\\/copterpro.de\\\/shop\\\/#organization\"},\"potentialAction\":[{\"@type\":\"SearchAction\",\"target\":{\"@type\":\"EntryPoint\",\"urlTemplate\":\"https:\\\/\\\/copterpro.de\\\/shop\\\/?s={search_term_string}\"},\"query-input\":{\"@type\":\"PropertyValueSpecification\",\"valueRequired\":true,\"valueName\":\"search_term_string\"}}],\"inLanguage\":\"de\"},{\"@type\":\"Organization\",\"@id\":\"https:\\\/\\\/copterpro.de\\\/shop\\\/#organization\",\"name\":\"Copter Pro\",\"url\":\"https:\\\/\\\/copterpro.de\\\/shop\\\/\",\"logo\":{\"@type\":\"ImageObject\",\"inLanguage\":\"de\",\"@id\":\"https:\\\/\\\/copterpro.de\\\/shop\\\/#\\\/schema\\\/logo\\\/image\\\/\",\"url\":\"https:\\\/\\\/copterpro.de\\\/shop\\\/wp-content\\\/uploads\\\/2025\\\/04\\\/copterpro.svg\",\"contentUrl\":\"https:\\\/\\\/copterpro.de\\\/shop\\\/wp-content\\\/uploads\\\/2025\\\/04\\\/copterpro.svg\",\"caption\":\"Copter Pro\"},\"image\":{\"@id\":\"https:\\\/\\\/copterpro.de\\\/shop\\\/#\\\/schema\\\/logo\\\/image\\\/\"},\"sameAs\":[\"https:\\\/\\\/www.facebook.com\\\/copterprogmbh\"]}]}<\/script>\n<!-- \/ Yoast SEO plugin. -->","yoast_head_json":{"title":"Schulung DJI Matrice 4 Serie als Online Videokurs","description":"Schulung DJI Matrice 4 Serie als Videokurs f\u00fcr DJI Drohne. Online Schulung f\u00fcr DJI Drohne mit W\u00e4rmebild Matrice 4 Serie (M4T \/ M4E \/ M4TD) .","robots":{"index":"index","follow":"follow","max-snippet":"max-snippet:-1","max-image-preview":"max-image-preview:large","max-video-preview":"max-video-preview:-1"},"canonical":"https:\/\/copterpro.de\/shop\/schulungen\/online-schulung-dji-matrice-4-serie\/","og_locale":"de_DE","og_type":"article","og_title":"Schulung DJI Matrice 4 Serie als Online Videokurs","og_description":"Schulung DJI Matrice 4 Serie als Videokurs f\u00fcr DJI Drohne. Online Schulung f\u00fcr DJI Drohne mit W\u00e4rmebild Matrice 4 Serie (M4T \/ M4E \/ M4TD) .","og_url":"https:\/\/copterpro.de\/shop\/schulungen\/online-schulung-dji-matrice-4-serie\/","og_site_name":"Copter Pro","article_publisher":"https:\/\/www.facebook.com\/copterprogmbh","article_modified_time":"2026-03-22T02:43:12+00:00","og_image":[{"width":2000,"height":2000,"url":"https:\/\/copterpro.de\/shop\/wp-content\/uploads\/2025\/01\/Online-Schulung-Matrice-4T-neu.jpg","type":"image\/jpeg"}],"twitter_card":"summary_large_image","twitter_misc":{"Gesch\u00e4tzte Lesezeit":"1\u00a0Minute"},"schema":{"@context":"https:\/\/schema.org","@graph":[{"@type":"WebPage","@id":"https:\/\/copterpro.de\/shop\/schulungen\/online-schulung-dji-matrice-4-serie\/","url":"https:\/\/copterpro.de\/shop\/schulungen\/online-schulung-dji-matrice-4-serie\/","name":"Schulung DJI Matrice 4 Serie als Online Videokurs","isPartOf":{"@id":"https:\/\/copterpro.de\/shop\/#website"},"primaryImageOfPage":{"@id":"https:\/\/copterpro.de\/shop\/schulungen\/online-schulung-dji-matrice-4-serie\/#primaryimage"},"image":{"@id":"https:\/\/copterpro.de\/shop\/schulungen\/online-schulung-dji-matrice-4-serie\/#primaryimage"},"thumbnailUrl":"https:\/\/copterpro.de\/shop\/wp-content\/uploads\/2025\/01\/Online-Schulung-Matrice-4T-neu.jpg","datePublished":"2025-01-08T14:06:28+00:00","dateModified":"2026-03-22T02:43:12+00:00","description":"Schulung DJI Matrice 4 Serie als Videokurs f\u00fcr DJI Drohne. Online Schulung f\u00fcr DJI Drohne mit W\u00e4rmebild Matrice 4 Serie (M4T \/ M4E \/ M4TD) .","breadcrumb":{"@id":"https:\/\/copterpro.de\/shop\/schulungen\/online-schulung-dji-matrice-4-serie\/#breadcrumb"},"inLanguage":"de","potentialAction":[{"@type":"ReadAction","target":["https:\/\/copterpro.de\/shop\/schulungen\/online-schulung-dji-matrice-4-serie\/"]}]},{"@type":"ImageObject","inLanguage":"de","@id":"https:\/\/copterpro.de\/shop\/schulungen\/online-schulung-dji-matrice-4-serie\/#primaryimage","url":"https:\/\/copterpro.de\/shop\/wp-content\/uploads\/2025\/01\/Online-Schulung-Matrice-4T-neu.jpg","contentUrl":"https:\/\/copterpro.de\/shop\/wp-content\/uploads\/2025\/01\/Online-Schulung-Matrice-4T-neu.jpg","width":2000,"height":2000,"caption":"Online Schulung DJI Matrice 4 Serie"},{"@type":"BreadcrumbList","@id":"https:\/\/copterpro.de\/shop\/schulungen\/online-schulung-dji-matrice-4-serie\/#breadcrumb","itemListElement":[{"@type":"ListItem","position":1,"name":"Startseite","item":"https:\/\/copterpro.de\/shop\/"},{"@type":"ListItem","position":2,"name":"Shop","item":"https:\/\/copterpro.de\/shop\/shop\/"},{"@type":"ListItem","position":3,"name":"Online Schulung DJI Matrice 4 Serie (M4T \/ M4E \/ M4TD) \u2013 Zugang Copterpro Academy"}]},{"@type":"WebSite","@id":"https:\/\/copterpro.de\/shop\/#website","url":"https:\/\/copterpro.de\/shop\/","name":"Copter Pro","description":"","publisher":{"@id":"https:\/\/copterpro.de\/shop\/#organization"},"potentialAction":[{"@type":"SearchAction","target":{"@type":"EntryPoint","urlTemplate":"https:\/\/copterpro.de\/shop\/?s={search_term_string}"},"query-input":{"@type":"PropertyValueSpecification","valueRequired":true,"valueName":"search_term_string"}}],"inLanguage":"de"},{"@type":"Organization","@id":"https:\/\/copterpro.de\/shop\/#organization","name":"Copter Pro","url":"https:\/\/copterpro.de\/shop\/","logo":{"@type":"ImageObject","inLanguage":"de","@id":"https:\/\/copterpro.de\/shop\/#\/schema\/logo\/image\/","url":"https:\/\/copterpro.de\/shop\/wp-content\/uploads\/2025\/04\/copterpro.svg","contentUrl":"https:\/\/copterpro.de\/shop\/wp-content\/uploads\/2025\/04\/copterpro.svg","caption":"Copter Pro"},"image":{"@id":"https:\/\/copterpro.de\/shop\/#\/schema\/logo\/image\/"},"sameAs":["https:\/\/www.facebook.com\/copterprogmbh"]}]}},"_links":{"self":[{"href":"https:\/\/copterpro.de\/shop\/wp-json\/wp\/v2\/product\/13396","targetHints":{"allow":["GET"]}}],"collection":[{"href":"https:\/\/copterpro.de\/shop\/wp-json\/wp\/v2\/product"}],"about":[{"href":"https:\/\/copterpro.de\/shop\/wp-json\/wp\/v2\/types\/product"}],"wp:featuredmedia":[{"embeddable":true,"href":"https:\/\/copterpro.de\/shop\/wp-json\/wp\/v2\/media\/14802"}],"wp:attachment":[{"href":"https:\/\/copterpro.de\/shop\/wp-json\/wp\/v2\/media?parent=13396"}],"wp:term":[{"taxonomy":"product_brand","embeddable":true,"href":"https:\/\/copterpro.de\/shop\/wp-json\/wp\/v2\/product_brand?post=13396"},{"taxonomy":"product_cat","embeddable":true,"href":"https:\/\/copterpro.de\/shop\/wp-json\/wp\/v2\/product_cat?post=13396"},{"taxonomy":"product_tag","embeddable":true,"href":"https:\/\/copterpro.de\/shop\/wp-json\/wp\/v2\/product_tag?post=13396"}],"curies":[{"name":"wp","href":"https:\/\/api.w.org\/{rel}","templated":true}]}}