{"id":13440,"date":"2024-11-07T12:59:17","date_gmt":"2024-11-07T11:59:17","guid":{"rendered":"https:\/\/shop.copterpro.de\/?post_type=product&#038;p=13440"},"modified":"2026-02-13T16:50:07","modified_gmt":"2026-02-13T15:50:07","slug":"hikmicro-binocular-habrok-4k-he25ln","status":"publish","type":"product","link":"https:\/\/copterpro.de\/shop\/waermebild-fernglaeser\/hikmicro-binocular-habrok-4k-he25ln\/","title":{"rendered":"Hikmicro Binocular Habrok 4K HE25LN"},"content":{"rendered":"<p><strong>Lieferumfang:<\/strong><\/p>\n<ul>\n<li>W\u00e4rmebildger\u00e4t Hikmicro Habrok 4K HE25LN<\/li>\n<li>4 x 18650 Akkus<\/li>\n<li>Type-C Cable<\/li>\n<li>Ladeger\u00e4t<\/li>\n<li>Trageriemen zum Umh\u00e4ngen<\/li>\n<\/ul>\n<p>&nbsp;<\/p>\n<p><b>Thermal Module<\/b><\/p>\n<ul>\n<li>Bildsensor: VOx Uncooled Focal Plane Arrays<\/li>\n<li><span style=\"font-family: Calibri;\">Aufl\u00f6sung: 256 x 192<\/span><\/li>\n<li><span style=\"font-family: Calibri;\">Bildfrequenz: 50 Hz<\/span><\/li>\n<li><span style=\"font-family: Calibri;\">Pixelintervall: 12\u00b5m<\/span><\/li>\n<li><span style=\"font-family: Calibri;\">NETD: weniger als 35 mK (@25\u00b0C), F#=1,0<\/span><\/li>\n<li><span style=\"font-family: Calibri;\">Brennweite: 25 mm<\/span><\/li>\n<li><span style=\"font-family: Calibri;\">Erkennungsreichweite: 1.200 m<\/span><\/li>\n<li><span style=\"font-family: Calibri;\">Sichtfeld:\u00a0 7,0\u00b0 \u00d7 5,3\u00b0 \/ 12,2m x 9,3m (H \u00d7 V)<\/span><\/li>\n<li><span style=\"font-family: Calibri;\">Blende: F1.0<\/span><\/li>\n<li><span style=\"font-family: Calibri;\">Vergr\u00f6\u00dferung: 4,3x \u2013 17,2x (4x)<\/span><\/li>\n<li><span style=\"font-family: Calibri;\">minimale Fokusdistanz: 3 m<\/span><\/li>\n<li><span style=\"font-family: Calibri;\">Fokus Modus: Fokus Ring<\/span><\/li>\n<\/ul>\n<p><strong>Optische Module<\/strong><\/p>\n<ul>\n<li>Bildsensor: 1,88\u201c Progressive Scan CMOS<\/li>\n<li>Maximale Aufl\u00f6sung: 3840 x 2160<\/li>\n<li>Brennweite: 60 mm<\/li>\n<li>Blende: F2.2<\/li>\n<li>Minimale Beleuchtung: 000.1 lux (F1.0, AGC On)<\/li>\n<li>Intelligentes IR: Ja<\/li>\n<li>Fokus Modus: Fokus Ring<\/li>\n<li>Vergr\u00f6\u00dferung: 5,5x \u2013 22,0x (4x)<\/li>\n<li>Sehfeld: 6,9\u00b0 x 4,1\u00b0 \/ 12,0 m x 7,2 m<\/li>\n<li>IR Wellenlenge: 940 nm<\/li>\n<li>Sichtweite bei Nacht: 350 m<\/li>\n<li>Min. Arbeitsdistanz: 8 m<\/li>\n<\/ul>\n<p><strong>Bild <\/strong><\/p>\n<ul>\n<li>Monitor: 0.49 inch, OLED, 1920 x 1080<\/li>\n<li>Dioptrien: -5 bis +3<\/li>\n<li>Palettes: Thermal: Black Hot, White Hot, Red Hot, Fusion, Optical:\u00a0 Day, Night, Auto<\/li>\n<li>FFC (Flat Field Correction): Automatische, manuelle, externe Korrektur<\/li>\n<li>Helligkeitseinstellung: Ja<\/li>\n<li>Kontrasteinstellung: Ja<\/li>\n<li>Zoom Pro: Ja<\/li>\n<\/ul>\n<p>Toneinstellung: Kalt, Warm<\/p>\n<p><strong>Smart Function<\/strong><\/p>\n<ul>\n<li>Hot Track: Ja<\/li>\n<li>Hotspot: Ja<\/li>\n<li>Bild in Bild: Ja<\/li>\n<li>Standby Modus: Ja<\/li>\n<li>GPS: Ja<\/li>\n<li>Digitaler Magnetischer Kompass: Ja<\/li>\n<\/ul>\n<p><strong>System Function<\/strong><\/p>\n<ul>\n<li>Speicher: Eingebautes Speichermodul (64 GB)<\/li>\n<li>Video-Aufnahme: integrierte Videoaufnahme<\/li>\n<li>Ton-Aufnahme: Ja<\/li>\n<li>Schnappschuss: integrierte Bildaufnahme<\/li>\n<li>Lokales Album: Ja<\/li>\n<li>Unterst\u00fctzte App: Hikmicro Sight<\/li>\n<\/ul>\n<p><strong>Batterie <\/strong><\/p>\n<ul>\n<li>Batterietyp: herausnehmbarer Li-Ion Akku<\/li>\n<li>Betriebszeit: 8 h mit ausgeschaltetem Wi-Fi<\/li>\n<li>Anzeige der Batteriekapazit\u00e4t: Ja<\/li>\n<li>Power Supply:\u00a0 Type C<\/li>\n<\/ul>\n<p><strong>Allgemein<\/strong><\/p>\n<ul>\n<li>Arbeitstemperatur\/Luftfeuchtigkeit: Von -30 \u00b0C bis 55 \u00b0C; Luftfeuchtigkeit 90% oder weniger<\/li>\n<li>Schutzklasse: IP67<\/li>\n<li>Ma\u00dfe: 138.2 mm \u00d7 68.2 mm \u00d7 223 mm<\/li>\n<li>Gewicht: 800 gAugenabstand: 15 mm<\/li>\n<\/ul>\n<p><strong>Laser Entfernungsmesser<\/strong><\/p>\n<ul>\n<li>Maximaler Messbereich: 1000 m<\/li>\n<li>Laser-Sicherheitsklasse: 1<\/li>\n<li>Wellenl\u00e4nge: 905 nm<\/li>\n<li>Messgenauigkeit +\/- 1 m<\/li>\n<li>Min. Messdistanz: 10 m<\/li>\n<\/ul>\n","protected":false},"excerpt":{"rendered":"<h3 class=\"fn product-title\">Hikmicro Binocular Habrok HE25LN<\/h3>\n<p><strong>Lieferumfang:<\/strong><\/p>\n<ul>\n<li>Habrok HE25LN<\/li>\n<li>Anleitung<\/li>\n<li>Staubtuch<\/li>\n<li>USB Typ-C Kabel<\/li>\n<li>4x Akku 18649<\/li>\n<li>Ladeger\u00e4t<\/li>\n<li>Nackengurt<\/li>\n<\/ul>\n","protected":false},"featured_media":13441,"template":"","meta":{"_acf_changed":false,"_iconic_wsb_product_page_order_bump_ids":[[12746]],"_sku":[],"_iconic_wsb_product_page_bump_modal_ids":[[12746]]},"product_brand":[],"product_cat":[34,49],"product_tag":[],"class_list":{"0":"post-13440","1":"product","2":"type-product","3":"status-publish","4":"has-post-thumbnail","6":"product_cat-waermebildgeraete","7":"product_cat-waermebild-fernglaeser","9":"first","10":"instock","11":"sale","12":"taxable","13":"shipping-taxable","14":"purchasable","15":"product-type-simple"},"acf":[],"yoast_head":"<!-- This site is optimized with the Yoast SEO plugin v27.3 - https:\/\/yoast.com\/product\/yoast-seo-wordpress\/ -->\n<title>Hikmicro Habrok Binocular HE25LN W\u00e4rmebildger\u00e4t f\u00fcr die Jagd<\/title>\n<meta name=\"description\" content=\"Hikmicro Habrok Binocular Hand W\u00e4rmebildkamera f\u00fcr die Jagd. Habrok W\u00e4rmebild Fernglas mit Entfernungsmesser von Hikmirco mit 4K Aufl\u00f6sung\" \/>\n<meta name=\"robots\" content=\"index, follow, max-snippet:-1, max-image-preview:large, max-video-preview:-1\" \/>\n<link rel=\"canonical\" href=\"https:\/\/copterpro.de\/shop\/waermebildgeraete\/hikmicro-binocular-habrok-4k-he25ln\/\" \/>\n<meta property=\"og:locale\" content=\"de_DE\" \/>\n<meta property=\"og:type\" content=\"article\" \/>\n<meta property=\"og:title\" content=\"Hikmicro Habrok Binocular HE25LN W\u00e4rmebildger\u00e4t f\u00fcr die Jagd\" \/>\n<meta property=\"og:description\" content=\"Hikmicro Habrok Binocular Hand W\u00e4rmebildkamera f\u00fcr die Jagd. Habrok W\u00e4rmebild Fernglas mit Entfernungsmesser von Hikmirco mit 4K Aufl\u00f6sung\" \/>\n<meta property=\"og:url\" content=\"https:\/\/copterpro.de\/shop\/waermebildgeraete\/hikmicro-binocular-habrok-4k-he25ln\/\" \/>\n<meta property=\"og:site_name\" content=\"Copter Pro\" \/>\n<meta property=\"article:publisher\" content=\"https:\/\/www.facebook.com\/copterprogmbh\" \/>\n<meta property=\"article:modified_time\" content=\"2026-02-13T15:50:07+00:00\" \/>\n<meta property=\"og:image\" content=\"https:\/\/copterpro.de\/shop\/wp-content\/uploads\/2025\/03\/hikmicro-waermebild-binocular-habrok-4k-he25l-55-22x60-hm-ts92-25s2g-wlve-he25l.webp\" \/>\n\t<meta property=\"og:image:width\" content=\"800\" \/>\n\t<meta property=\"og:image:height\" content=\"800\" \/>\n\t<meta property=\"og:image:type\" content=\"image\/webp\" \/>\n<meta name=\"twitter:card\" content=\"summary_large_image\" \/>\n<meta name=\"twitter:label1\" content=\"Gesch\u00e4tzte Lesezeit\" \/>\n\t<meta name=\"twitter:data1\" content=\"2\u00a0Minuten\" \/>\n<script type=\"application\/ld+json\" class=\"yoast-schema-graph\">{\"@context\":\"https:\\\/\\\/schema.org\",\"@graph\":[{\"@type\":\"WebPage\",\"@id\":\"https:\\\/\\\/copterpro.de\\\/shop\\\/waermebildgeraete\\\/hikmicro-binocular-habrok-4k-he25ln\\\/\",\"url\":\"https:\\\/\\\/copterpro.de\\\/shop\\\/waermebildgeraete\\\/hikmicro-binocular-habrok-4k-he25ln\\\/\",\"name\":\"Hikmicro Habrok Binocular HE25LN W\u00e4rmebildger\u00e4t f\u00fcr die Jagd\",\"isPartOf\":{\"@id\":\"https:\\\/\\\/copterpro.de\\\/shop\\\/#website\"},\"primaryImageOfPage\":{\"@id\":\"https:\\\/\\\/copterpro.de\\\/shop\\\/waermebildgeraete\\\/hikmicro-binocular-habrok-4k-he25ln\\\/#primaryimage\"},\"image\":{\"@id\":\"https:\\\/\\\/copterpro.de\\\/shop\\\/waermebildgeraete\\\/hikmicro-binocular-habrok-4k-he25ln\\\/#primaryimage\"},\"thumbnailUrl\":\"https:\\\/\\\/copterpro.de\\\/shop\\\/wp-content\\\/uploads\\\/2025\\\/03\\\/hikmicro-waermebild-binocular-habrok-4k-he25l-55-22x60-hm-ts92-25s2g-wlve-he25l.webp\",\"datePublished\":\"2024-11-07T11:59:17+00:00\",\"dateModified\":\"2026-02-13T15:50:07+00:00\",\"description\":\"Hikmicro Habrok Binocular Hand W\u00e4rmebildkamera f\u00fcr die Jagd. Habrok W\u00e4rmebild Fernglas mit Entfernungsmesser von Hikmirco mit 4K Aufl\u00f6sung\",\"breadcrumb\":{\"@id\":\"https:\\\/\\\/copterpro.de\\\/shop\\\/waermebildgeraete\\\/hikmicro-binocular-habrok-4k-he25ln\\\/#breadcrumb\"},\"inLanguage\":\"de\",\"potentialAction\":[{\"@type\":\"ReadAction\",\"target\":[\"https:\\\/\\\/copterpro.de\\\/shop\\\/waermebildgeraete\\\/hikmicro-binocular-habrok-4k-he25ln\\\/\"]}]},{\"@type\":\"ImageObject\",\"inLanguage\":\"de\",\"@id\":\"https:\\\/\\\/copterpro.de\\\/shop\\\/waermebildgeraete\\\/hikmicro-binocular-habrok-4k-he25ln\\\/#primaryimage\",\"url\":\"https:\\\/\\\/copterpro.de\\\/shop\\\/wp-content\\\/uploads\\\/2025\\\/03\\\/hikmicro-waermebild-binocular-habrok-4k-he25l-55-22x60-hm-ts92-25s2g-wlve-he25l.webp\",\"contentUrl\":\"https:\\\/\\\/copterpro.de\\\/shop\\\/wp-content\\\/uploads\\\/2025\\\/03\\\/hikmicro-waermebild-binocular-habrok-4k-he25l-55-22x60-hm-ts92-25s2g-wlve-he25l.webp\",\"width\":800,\"height\":800,\"caption\":\"Hikmicro Binocular Habrok 4K HE25L\"},{\"@type\":\"BreadcrumbList\",\"@id\":\"https:\\\/\\\/copterpro.de\\\/shop\\\/waermebildgeraete\\\/hikmicro-binocular-habrok-4k-he25ln\\\/#breadcrumb\",\"itemListElement\":[{\"@type\":\"ListItem\",\"position\":1,\"name\":\"Startseite\",\"item\":\"https:\\\/\\\/copterpro.de\\\/shop\\\/\"},{\"@type\":\"ListItem\",\"position\":2,\"name\":\"Shop\",\"item\":\"https:\\\/\\\/copterpro.de\\\/shop\\\/shop\\\/\"},{\"@type\":\"ListItem\",\"position\":3,\"name\":\"Hikmicro Binocular Habrok 4K HE25LN\"}]},{\"@type\":\"WebSite\",\"@id\":\"https:\\\/\\\/copterpro.de\\\/shop\\\/#website\",\"url\":\"https:\\\/\\\/copterpro.de\\\/shop\\\/\",\"name\":\"Copter Pro\",\"description\":\"\",\"publisher\":{\"@id\":\"https:\\\/\\\/copterpro.de\\\/shop\\\/#organization\"},\"potentialAction\":[{\"@type\":\"SearchAction\",\"target\":{\"@type\":\"EntryPoint\",\"urlTemplate\":\"https:\\\/\\\/copterpro.de\\\/shop\\\/?s={search_term_string}\"},\"query-input\":{\"@type\":\"PropertyValueSpecification\",\"valueRequired\":true,\"valueName\":\"search_term_string\"}}],\"inLanguage\":\"de\"},{\"@type\":\"Organization\",\"@id\":\"https:\\\/\\\/copterpro.de\\\/shop\\\/#organization\",\"name\":\"Copter Pro\",\"url\":\"https:\\\/\\\/copterpro.de\\\/shop\\\/\",\"logo\":{\"@type\":\"ImageObject\",\"inLanguage\":\"de\",\"@id\":\"https:\\\/\\\/copterpro.de\\\/shop\\\/#\\\/schema\\\/logo\\\/image\\\/\",\"url\":\"https:\\\/\\\/copterpro.de\\\/shop\\\/wp-content\\\/uploads\\\/2025\\\/04\\\/copterpro.svg\",\"contentUrl\":\"https:\\\/\\\/copterpro.de\\\/shop\\\/wp-content\\\/uploads\\\/2025\\\/04\\\/copterpro.svg\",\"caption\":\"Copter Pro\"},\"image\":{\"@id\":\"https:\\\/\\\/copterpro.de\\\/shop\\\/#\\\/schema\\\/logo\\\/image\\\/\"},\"sameAs\":[\"https:\\\/\\\/www.facebook.com\\\/copterprogmbh\"]}]}<\/script>\n<!-- \/ Yoast SEO plugin. -->","yoast_head_json":{"title":"Hikmicro Habrok Binocular HE25LN W\u00e4rmebildger\u00e4t f\u00fcr die Jagd","description":"Hikmicro Habrok Binocular Hand W\u00e4rmebildkamera f\u00fcr die Jagd. Habrok W\u00e4rmebild Fernglas mit Entfernungsmesser von Hikmirco mit 4K Aufl\u00f6sung","robots":{"index":"index","follow":"follow","max-snippet":"max-snippet:-1","max-image-preview":"max-image-preview:large","max-video-preview":"max-video-preview:-1"},"canonical":"https:\/\/copterpro.de\/shop\/waermebildgeraete\/hikmicro-binocular-habrok-4k-he25ln\/","og_locale":"de_DE","og_type":"article","og_title":"Hikmicro Habrok Binocular HE25LN W\u00e4rmebildger\u00e4t f\u00fcr die Jagd","og_description":"Hikmicro Habrok Binocular Hand W\u00e4rmebildkamera f\u00fcr die Jagd. Habrok W\u00e4rmebild Fernglas mit Entfernungsmesser von Hikmirco mit 4K Aufl\u00f6sung","og_url":"https:\/\/copterpro.de\/shop\/waermebildgeraete\/hikmicro-binocular-habrok-4k-he25ln\/","og_site_name":"Copter Pro","article_publisher":"https:\/\/www.facebook.com\/copterprogmbh","article_modified_time":"2026-02-13T15:50:07+00:00","og_image":[{"width":800,"height":800,"url":"https:\/\/copterpro.de\/shop\/wp-content\/uploads\/2025\/03\/hikmicro-waermebild-binocular-habrok-4k-he25l-55-22x60-hm-ts92-25s2g-wlve-he25l.webp","type":"image\/webp"}],"twitter_card":"summary_large_image","twitter_misc":{"Gesch\u00e4tzte Lesezeit":"2\u00a0Minuten"},"schema":{"@context":"https:\/\/schema.org","@graph":[{"@type":"WebPage","@id":"https:\/\/copterpro.de\/shop\/waermebildgeraete\/hikmicro-binocular-habrok-4k-he25ln\/","url":"https:\/\/copterpro.de\/shop\/waermebildgeraete\/hikmicro-binocular-habrok-4k-he25ln\/","name":"Hikmicro Habrok Binocular HE25LN W\u00e4rmebildger\u00e4t f\u00fcr die Jagd","isPartOf":{"@id":"https:\/\/copterpro.de\/shop\/#website"},"primaryImageOfPage":{"@id":"https:\/\/copterpro.de\/shop\/waermebildgeraete\/hikmicro-binocular-habrok-4k-he25ln\/#primaryimage"},"image":{"@id":"https:\/\/copterpro.de\/shop\/waermebildgeraete\/hikmicro-binocular-habrok-4k-he25ln\/#primaryimage"},"thumbnailUrl":"https:\/\/copterpro.de\/shop\/wp-content\/uploads\/2025\/03\/hikmicro-waermebild-binocular-habrok-4k-he25l-55-22x60-hm-ts92-25s2g-wlve-he25l.webp","datePublished":"2024-11-07T11:59:17+00:00","dateModified":"2026-02-13T15:50:07+00:00","description":"Hikmicro Habrok Binocular Hand W\u00e4rmebildkamera f\u00fcr die Jagd. Habrok W\u00e4rmebild Fernglas mit Entfernungsmesser von Hikmirco mit 4K Aufl\u00f6sung","breadcrumb":{"@id":"https:\/\/copterpro.de\/shop\/waermebildgeraete\/hikmicro-binocular-habrok-4k-he25ln\/#breadcrumb"},"inLanguage":"de","potentialAction":[{"@type":"ReadAction","target":["https:\/\/copterpro.de\/shop\/waermebildgeraete\/hikmicro-binocular-habrok-4k-he25ln\/"]}]},{"@type":"ImageObject","inLanguage":"de","@id":"https:\/\/copterpro.de\/shop\/waermebildgeraete\/hikmicro-binocular-habrok-4k-he25ln\/#primaryimage","url":"https:\/\/copterpro.de\/shop\/wp-content\/uploads\/2025\/03\/hikmicro-waermebild-binocular-habrok-4k-he25l-55-22x60-hm-ts92-25s2g-wlve-he25l.webp","contentUrl":"https:\/\/copterpro.de\/shop\/wp-content\/uploads\/2025\/03\/hikmicro-waermebild-binocular-habrok-4k-he25l-55-22x60-hm-ts92-25s2g-wlve-he25l.webp","width":800,"height":800,"caption":"Hikmicro Binocular Habrok 4K HE25L"},{"@type":"BreadcrumbList","@id":"https:\/\/copterpro.de\/shop\/waermebildgeraete\/hikmicro-binocular-habrok-4k-he25ln\/#breadcrumb","itemListElement":[{"@type":"ListItem","position":1,"name":"Startseite","item":"https:\/\/copterpro.de\/shop\/"},{"@type":"ListItem","position":2,"name":"Shop","item":"https:\/\/copterpro.de\/shop\/shop\/"},{"@type":"ListItem","position":3,"name":"Hikmicro Binocular Habrok 4K HE25LN"}]},{"@type":"WebSite","@id":"https:\/\/copterpro.de\/shop\/#website","url":"https:\/\/copterpro.de\/shop\/","name":"Copter Pro","description":"","publisher":{"@id":"https:\/\/copterpro.de\/shop\/#organization"},"potentialAction":[{"@type":"SearchAction","target":{"@type":"EntryPoint","urlTemplate":"https:\/\/copterpro.de\/shop\/?s={search_term_string}"},"query-input":{"@type":"PropertyValueSpecification","valueRequired":true,"valueName":"search_term_string"}}],"inLanguage":"de"},{"@type":"Organization","@id":"https:\/\/copterpro.de\/shop\/#organization","name":"Copter Pro","url":"https:\/\/copterpro.de\/shop\/","logo":{"@type":"ImageObject","inLanguage":"de","@id":"https:\/\/copterpro.de\/shop\/#\/schema\/logo\/image\/","url":"https:\/\/copterpro.de\/shop\/wp-content\/uploads\/2025\/04\/copterpro.svg","contentUrl":"https:\/\/copterpro.de\/shop\/wp-content\/uploads\/2025\/04\/copterpro.svg","caption":"Copter Pro"},"image":{"@id":"https:\/\/copterpro.de\/shop\/#\/schema\/logo\/image\/"},"sameAs":["https:\/\/www.facebook.com\/copterprogmbh"]}]}},"_links":{"self":[{"href":"https:\/\/copterpro.de\/shop\/wp-json\/wp\/v2\/product\/13440","targetHints":{"allow":["GET"]}}],"collection":[{"href":"https:\/\/copterpro.de\/shop\/wp-json\/wp\/v2\/product"}],"about":[{"href":"https:\/\/copterpro.de\/shop\/wp-json\/wp\/v2\/types\/product"}],"wp:featuredmedia":[{"embeddable":true,"href":"https:\/\/copterpro.de\/shop\/wp-json\/wp\/v2\/media\/13441"}],"wp:attachment":[{"href":"https:\/\/copterpro.de\/shop\/wp-json\/wp\/v2\/media?parent=13440"}],"wp:term":[{"taxonomy":"product_brand","embeddable":true,"href":"https:\/\/copterpro.de\/shop\/wp-json\/wp\/v2\/product_brand?post=13440"},{"taxonomy":"product_cat","embeddable":true,"href":"https:\/\/copterpro.de\/shop\/wp-json\/wp\/v2\/product_cat?post=13440"},{"taxonomy":"product_tag","embeddable":true,"href":"https:\/\/copterpro.de\/shop\/wp-json\/wp\/v2\/product_tag?post=13440"}],"curies":[{"name":"wp","href":"https:\/\/api.w.org\/{rel}","templated":true}]}}