{"id":13614,"date":"2024-11-21T09:10:31","date_gmt":"2024-11-21T08:10:31","guid":{"rendered":"https:\/\/shop.copterpro.de\/?post_type=product&#038;p=13614"},"modified":"2026-04-28T04:43:14","modified_gmt":"2026-04-28T02:43:14","slug":"hikmicro-thunder-th35c-3-0","status":"publish","type":"product","link":"https:\/\/copterpro.de\/shop\/waermebild-vorsatzgeraete\/hikmicro-thunder-th35c-3-0\/","title":{"rendered":"Hikmicro Clip-On Thunder TH35C 3.0"},"content":{"rendered":"<p><u>Lieferumfang<\/u><\/p>\n<ul>\n<li>Thunder TH35C 3.0<\/li>\n<li>Kurz-Anleitung<\/li>\n<li>Staubtuch<\/li>\n<li>USB-Kabel<\/li>\n<li>2x Akku<\/li>\n<li>Ladeger\u00e4t<\/li>\n<\/ul>\n<p>&nbsp;<\/p>\n<p><b><span style=\"font-family: Arial;\">HIKMICRO Thunder TH35C 3.0 \u2013 Hochmoderne Thermale Leistung in Kompaktem Design<\/span><\/b><\/p>\n<p><span style=\"font-family: Arial;\">Der HIKMICRO Thunder TH35C 3.0 Thermal Clip-On setzt neue Ma\u00dfst\u00e4be in der W\u00e4rmebildtechnik. Ausgestattet mit einem leistungsstarken, hochsensiblen W\u00e4rmebilddetektor und der neuesten Bildverarbeitungsalgorithmus-Technologie, erm\u00f6glicht das Thunder TH35C 3.0 die Erfassung feinster Details, unabh\u00e4ngig von den Wetter- oder Lichtverh\u00e4ltnissen. Das 1920 \u00d7 1080 OLED-Display bietet ein beeindruckendes visuelles Erlebnis und sorgt daf\u00fcr, dass kein Detail \u00fcbersehen wird.<\/span><\/p>\n<p>&nbsp;<\/p>\n<p><b><span style=\"font-family: Arial;\">Hauptmerkmale:<\/span><\/b><\/p>\n<ul>\n<li><b>Aufl\u00f6sung:<\/b>\u00a0384 \u00d7 288 bei 12 \u03bcm Thermaldetektor<\/li>\n<li><b>Thermale Empfindlichkeit:<\/b>\u00a0NETD &lt; 15 mK (@25\u00b0C, F# = 1.0)<\/li>\n<li><b>Objektiv:<\/b>\u00a035 mm, F1.0 Linse mit einer Erkennungsreichweite von bis zu 1800 m<\/li>\n<li><b>Display:<\/b>\u00a01920 \u00d7 1080 Aufl\u00f6sung, 0.49 Zoll OLED<\/li>\n<li><b>Bildverarbeitung:<\/b>\u00a0HIKMICRO Shutterless Image System (HSIS) f\u00fcr nahtlose Bilder<\/li>\n<li><b>Akku:<\/b>\u00a0Wiederaufladbarer und austauschbarer Li-Ion Akku, bietet bis zu 6 Stunden Dauerbetrieb<\/li>\n<li><b>Sto\u00dffestigkeit:<\/b>\u00a0Hohe Sto\u00dffestigkeit bis zu 1000 g\/0.4 ms<\/li>\n<\/ul>\n<p><b><span style=\"font-family: Arial;\">Thermalmodul:<\/span><\/b><\/p>\n<ul>\n<li><b>Bildsensor:<\/b>\u00a0Ungek\u00fchlte Fokalebene Arrays<\/li>\n<li><b>Maximale Aufl\u00f6sung:<\/b>\u00a0384 \u00d7 288<\/li>\n<li><b>Bildrate:<\/b>\u00a050 Hz<\/li>\n<li><b>Pixelabstand:<\/b>\u00a012 \u03bcm<\/li>\n<li><b>Ansprechwellenl\u00e4nge:<\/b>\u00a08 \u03bcm bis 14 \u03bcm<\/li>\n<li><b>Fokusmodus:<\/b>\u00a0Fokussierknopf<\/li>\n<li><b>Minimale Fokussierdistanz:<\/b>\u00a010 m<\/li>\n<li><b>Vergr\u00f6\u00dferung:<\/b>\u00a0<span lang=\"EN-US\">3.3x \u2013 26.4x (4-fach)<\/span><\/li>\n<li><b>Sichtfeld:<\/b>\u00a07.5\u00b0 \u00d7 5.7\u00b0 \/ 13.2 m \u00d7 9.9 m @ 100 m<\/li>\n<li><b>Empfohlene Vergr\u00f6\u00dferung:<\/b>\u00a01-12x<\/li>\n<\/ul>\n<p><b><span style=\"font-family: Arial;\">Bildanzeige:<\/span><\/b><\/p>\n<ul>\n<li><b>Display:<\/b>\u00a01920 \u00d7 1080, 0.49 Zoll OLED<\/li>\n<li><b><span lang=\"EN-US\">Paletten:<\/span><\/b><span lang=\"EN-US\">\u00a0Black Hot, White Hot, Red Hot, Fusion, Red Monochrome, Green Monochrome<\/span><\/li>\n<li><b>Austrittspupille:<\/b>\u00a025 mm<\/li>\n<li><b>Augenabstand:<\/b>\u00a020 mm<\/li>\n<li><b>Helligkeitseinstellung:<\/b>\u00a0Ja<\/li>\n<li><b>Tonwertanpassung:<\/b>\u00a0Kalt, Warm<\/li>\n<li><b>HSIS:<\/b>\u00a0HIKMICRO Shutterless Image System<\/li>\n<li><b>Image Pro 2.0:<\/b>\u00a0Ja<\/li>\n<\/ul>\n<p><b><span style=\"font-family: Arial;\">Systemfunktionen:<\/span><\/b><\/p>\n<ul>\n<li><b>Videoaufzeichnung:<\/b>\u00a0Integrierte Videoaufnahme<\/li>\n<li><b>Schnappschuss:<\/b>\u00a0Ja<\/li>\n<li><b>Virtuelles Absehen:<\/b>\u00a0Ja<\/li>\n<li><b>Standby-Modus:<\/b>\u00a0Ja<\/li>\n<li><b>Speicher:<\/b>\u00a0Integrierter EMMC (64GB)<\/li>\n<li><b>Hotspot:<\/b>\u00a0Ja<\/li>\n<li><b>Hot Track:<\/b>\u00a0Ja<\/li>\n<li><b>Audiorekorder:<\/b>\u00a0Ja<\/li>\n<li><b>R\u00fccksto\u00df-Aktivierte Videoaufnahme:<\/b>\u00a0Ja<\/li>\n<li><b>Maximaler R\u00fccksto\u00df:<\/b>\u00a01000 g\/0.4 ms<\/li>\n<li><b>Lokales Album:<\/b>\u00a0Ja<\/li>\n<li><b>Bildkalibrierung:<\/b>\u00a0Ja<\/li>\n<li><b>Zeroing-Profile:<\/b>\u00a05<\/li>\n<\/ul>\n<p><b><span style=\"font-family: Arial;\">Stromversorgung:<\/span><\/b><\/p>\n<ul>\n<li><b>Batterietyp:<\/b>\u00a0Austauschbarer und wiederaufladbarer Li-Ion Akku<\/li>\n<li><b>Betriebszeit:<\/b>\u00a0\u22656 Stunden bei 25\u00b0C (Hotspot aus)<\/li>\n<li><b>Type-C Stromversorgung:<\/b>\u00a05 VDC, 2 A<\/li>\n<li><b>Unterst\u00fctzt externe Stromversorgung:<\/b>\u00a0Ja<\/li>\n<\/ul>\n<p><b><span style=\"font-family: Arial;\">Allgemeine Informationen:<\/span><\/b><\/p>\n<ul>\n<li><b>Schutzklasse:<\/b>\u00a0IP67<\/li>\n<li><b>Abmessungen:<\/b>\u00a0143.4 mm \u00d7 67.5 mm \u00d7 72.9 mm<\/li>\n<li><b>Gewicht:<\/b>\u00a0460 g mit Akku<\/li>\n<li><b>Betriebstemperatur:<\/b>\u00a0-30\u00b0C bis + 55\u00b0C (-22\u00b0F bis 131\u00b0F)<\/li>\n<li><b>Geh\u00e4usematerial:<\/b>\u00a0Magnesiumlegierung<\/li>\n<\/ul>\n<p><span style=\"font-family: Arial;\">Der HIKMICRO Thunder TH35C 3.0 bietet dir \u00fcberragende Leistung und zuverl\u00e4ssige Funktionalit\u00e4t f\u00fcr jede Herausforderung. Perfekt f\u00fcr die Jagd, \u00dcberwachung und andere anspruchsvolle Anwendungen \u2013 dieses Clip-On ist ein unverzichtbarer Begleiter f\u00fcr pr\u00e4zise Beobachtungen.<\/span><\/p>\n<p><span style=\"font-family: Arial;\"><b>Hinweis:<\/b>\u00a0Bitte beachten Sie bei der Montage von Vorsatz\/- oder Aufsatzger\u00e4ten auf Waffen die gesetzlichen Bestimmungen!<\/span><\/p>\n<h1><\/h1>\n","protected":false},"excerpt":{"rendered":"<p><u>Lieferumfang<\/u><\/p>\n<ul>\n<li>Thunder TH35C 3.0<\/li>\n<li>Kurz-Anleitung<\/li>\n<li>Staubtuch<\/li>\n<li>USB-Kabel<\/li>\n<li>2x Akku<\/li>\n<li>Ladeger\u00e4t<\/li>\n<\/ul>\n","protected":false},"featured_media":13615,"template":"","meta":{"_acf_changed":false,"_iconic_wsb_product_page_order_bump_ids":[],"_sku":[],"_iconic_wsb_product_page_bump_modal_ids":[]},"product_brand":[],"product_cat":[34,51],"product_tag":[],"class_list":{"0":"post-13614","1":"product","2":"type-product","3":"status-publish","4":"has-post-thumbnail","6":"product_cat-waermebildgeraete","7":"product_cat-waermebild-vorsatzgeraete","9":"first","10":"onbackorder","11":"sale","12":"taxable","13":"shipping-taxable","14":"purchasable","15":"product-type-simple"},"acf":[],"yoast_head":"<!-- This site is optimized with the Yoast SEO plugin v27.5 - https:\/\/yoast.com\/product\/yoast-seo-wordpress\/ -->\n<title>HIKMICRO THUNDER TH35C 3.0<\/title>\n<meta name=\"description\" content=\"HIKMICRO THUNDER TH35C 3.0 W\u00e4rmebildvorsatzger\u00e4t f\u00fcr die Jagd. Das TH35C Vorsatzger\u00e4t von Hikmicro mit hoher Aufl\u00f6sung f\u00fcr die Jagd\" \/>\n<meta name=\"robots\" content=\"index, follow, max-snippet:-1, max-image-preview:large, max-video-preview:-1\" \/>\n<link rel=\"canonical\" href=\"https:\/\/copterpro.de\/shop\/waermebild-vorsatzgeraete\/hikmicro-thunder-th35c-3-0\/\" \/>\n<meta property=\"og:locale\" content=\"de_DE\" \/>\n<meta property=\"og:type\" content=\"article\" \/>\n<meta property=\"og:title\" content=\"HIKMICRO THUNDER TH35C 3.0\" \/>\n<meta property=\"og:description\" content=\"HIKMICRO THUNDER TH35C 3.0 W\u00e4rmebildvorsatzger\u00e4t f\u00fcr die Jagd. Das TH35C Vorsatzger\u00e4t von Hikmicro mit hoher Aufl\u00f6sung f\u00fcr die Jagd\" \/>\n<meta property=\"og:url\" content=\"https:\/\/copterpro.de\/shop\/waermebild-vorsatzgeraete\/hikmicro-thunder-th35c-3-0\/\" \/>\n<meta property=\"og:site_name\" content=\"Copter Pro\" \/>\n<meta property=\"article:publisher\" content=\"https:\/\/www.facebook.com\/copterprogmbh\" \/>\n<meta property=\"article:modified_time\" content=\"2026-04-28T02:43:14+00:00\" \/>\n<meta property=\"og:image\" content=\"https:\/\/copterpro.de\/shop\/wp-content\/uploads\/2025\/03\/hikmicro-clip-on-thunder-th35c-30-hm-tr73-35s2g-w-th35c-30-673eeca6c8e5e.webp\" \/>\n\t<meta property=\"og:image:width\" content=\"800\" \/>\n\t<meta property=\"og:image:height\" content=\"800\" \/>\n\t<meta property=\"og:image:type\" content=\"image\/webp\" \/>\n<meta name=\"twitter:card\" content=\"summary_large_image\" \/>\n<meta name=\"twitter:label1\" content=\"Gesch\u00e4tzte Lesezeit\" \/>\n\t<meta name=\"twitter:data1\" content=\"3\u00a0Minuten\" \/>\n<script type=\"application\/ld+json\" class=\"yoast-schema-graph\">{\"@context\":\"https:\\\/\\\/schema.org\",\"@graph\":[{\"@type\":\"WebPage\",\"@id\":\"https:\\\/\\\/copterpro.de\\\/shop\\\/waermebild-vorsatzgeraete\\\/hikmicro-thunder-th35c-3-0\\\/\",\"url\":\"https:\\\/\\\/copterpro.de\\\/shop\\\/waermebild-vorsatzgeraete\\\/hikmicro-thunder-th35c-3-0\\\/\",\"name\":\"HIKMICRO THUNDER TH35C 3.0\",\"isPartOf\":{\"@id\":\"https:\\\/\\\/copterpro.de\\\/shop\\\/#website\"},\"primaryImageOfPage\":{\"@id\":\"https:\\\/\\\/copterpro.de\\\/shop\\\/waermebild-vorsatzgeraete\\\/hikmicro-thunder-th35c-3-0\\\/#primaryimage\"},\"image\":{\"@id\":\"https:\\\/\\\/copterpro.de\\\/shop\\\/waermebild-vorsatzgeraete\\\/hikmicro-thunder-th35c-3-0\\\/#primaryimage\"},\"thumbnailUrl\":\"https:\\\/\\\/copterpro.de\\\/shop\\\/wp-content\\\/uploads\\\/2025\\\/03\\\/hikmicro-clip-on-thunder-th35c-30-hm-tr73-35s2g-w-th35c-30-673eeca6c8e5e.webp\",\"datePublished\":\"2024-11-21T08:10:31+00:00\",\"dateModified\":\"2026-04-28T02:43:14+00:00\",\"description\":\"HIKMICRO THUNDER TH35C 3.0 W\u00e4rmebildvorsatzger\u00e4t f\u00fcr die Jagd. Das TH35C Vorsatzger\u00e4t von Hikmicro mit hoher Aufl\u00f6sung f\u00fcr die Jagd\",\"breadcrumb\":{\"@id\":\"https:\\\/\\\/copterpro.de\\\/shop\\\/waermebild-vorsatzgeraete\\\/hikmicro-thunder-th35c-3-0\\\/#breadcrumb\"},\"inLanguage\":\"de\",\"potentialAction\":[{\"@type\":\"ReadAction\",\"target\":[\"https:\\\/\\\/copterpro.de\\\/shop\\\/waermebild-vorsatzgeraete\\\/hikmicro-thunder-th35c-3-0\\\/\"]}]},{\"@type\":\"ImageObject\",\"inLanguage\":\"de\",\"@id\":\"https:\\\/\\\/copterpro.de\\\/shop\\\/waermebild-vorsatzgeraete\\\/hikmicro-thunder-th35c-3-0\\\/#primaryimage\",\"url\":\"https:\\\/\\\/copterpro.de\\\/shop\\\/wp-content\\\/uploads\\\/2025\\\/03\\\/hikmicro-clip-on-thunder-th35c-30-hm-tr73-35s2g-w-th35c-30-673eeca6c8e5e.webp\",\"contentUrl\":\"https:\\\/\\\/copterpro.de\\\/shop\\\/wp-content\\\/uploads\\\/2025\\\/03\\\/hikmicro-clip-on-thunder-th35c-30-hm-tr73-35s2g-w-th35c-30-673eeca6c8e5e.webp\",\"width\":800,\"height\":800,\"caption\":\"hikmicro clip-on-thunder th35c 3.0\"},{\"@type\":\"BreadcrumbList\",\"@id\":\"https:\\\/\\\/copterpro.de\\\/shop\\\/waermebild-vorsatzgeraete\\\/hikmicro-thunder-th35c-3-0\\\/#breadcrumb\",\"itemListElement\":[{\"@type\":\"ListItem\",\"position\":1,\"name\":\"Startseite\",\"item\":\"https:\\\/\\\/copterpro.de\\\/shop\\\/\"},{\"@type\":\"ListItem\",\"position\":2,\"name\":\"Shop\",\"item\":\"https:\\\/\\\/copterpro.de\\\/shop\\\/shop\\\/\"},{\"@type\":\"ListItem\",\"position\":3,\"name\":\"Hikmicro Clip-On Thunder TH35C 3.0\"}]},{\"@type\":\"WebSite\",\"@id\":\"https:\\\/\\\/copterpro.de\\\/shop\\\/#website\",\"url\":\"https:\\\/\\\/copterpro.de\\\/shop\\\/\",\"name\":\"Copter Pro\",\"description\":\"\",\"publisher\":{\"@id\":\"https:\\\/\\\/copterpro.de\\\/shop\\\/#organization\"},\"potentialAction\":[{\"@type\":\"SearchAction\",\"target\":{\"@type\":\"EntryPoint\",\"urlTemplate\":\"https:\\\/\\\/copterpro.de\\\/shop\\\/?s={search_term_string}\"},\"query-input\":{\"@type\":\"PropertyValueSpecification\",\"valueRequired\":true,\"valueName\":\"search_term_string\"}}],\"inLanguage\":\"de\"},{\"@type\":\"Organization\",\"@id\":\"https:\\\/\\\/copterpro.de\\\/shop\\\/#organization\",\"name\":\"Copter Pro\",\"url\":\"https:\\\/\\\/copterpro.de\\\/shop\\\/\",\"logo\":{\"@type\":\"ImageObject\",\"inLanguage\":\"de\",\"@id\":\"https:\\\/\\\/copterpro.de\\\/shop\\\/#\\\/schema\\\/logo\\\/image\\\/\",\"url\":\"https:\\\/\\\/copterpro.de\\\/shop\\\/wp-content\\\/uploads\\\/2025\\\/04\\\/copterpro.svg\",\"contentUrl\":\"https:\\\/\\\/copterpro.de\\\/shop\\\/wp-content\\\/uploads\\\/2025\\\/04\\\/copterpro.svg\",\"caption\":\"Copter Pro\"},\"image\":{\"@id\":\"https:\\\/\\\/copterpro.de\\\/shop\\\/#\\\/schema\\\/logo\\\/image\\\/\"},\"sameAs\":[\"https:\\\/\\\/www.facebook.com\\\/copterprogmbh\"]}]}<\/script>\n<!-- \/ Yoast SEO plugin. -->","yoast_head_json":{"title":"HIKMICRO THUNDER TH35C 3.0","description":"HIKMICRO THUNDER TH35C 3.0 W\u00e4rmebildvorsatzger\u00e4t f\u00fcr die Jagd. Das TH35C Vorsatzger\u00e4t von Hikmicro mit hoher Aufl\u00f6sung f\u00fcr die Jagd","robots":{"index":"index","follow":"follow","max-snippet":"max-snippet:-1","max-image-preview":"max-image-preview:large","max-video-preview":"max-video-preview:-1"},"canonical":"https:\/\/copterpro.de\/shop\/waermebild-vorsatzgeraete\/hikmicro-thunder-th35c-3-0\/","og_locale":"de_DE","og_type":"article","og_title":"HIKMICRO THUNDER TH35C 3.0","og_description":"HIKMICRO THUNDER TH35C 3.0 W\u00e4rmebildvorsatzger\u00e4t f\u00fcr die Jagd. Das TH35C Vorsatzger\u00e4t von Hikmicro mit hoher Aufl\u00f6sung f\u00fcr die Jagd","og_url":"https:\/\/copterpro.de\/shop\/waermebild-vorsatzgeraete\/hikmicro-thunder-th35c-3-0\/","og_site_name":"Copter Pro","article_publisher":"https:\/\/www.facebook.com\/copterprogmbh","article_modified_time":"2026-04-28T02:43:14+00:00","og_image":[{"width":800,"height":800,"url":"https:\/\/copterpro.de\/shop\/wp-content\/uploads\/2025\/03\/hikmicro-clip-on-thunder-th35c-30-hm-tr73-35s2g-w-th35c-30-673eeca6c8e5e.webp","type":"image\/webp"}],"twitter_card":"summary_large_image","twitter_misc":{"Gesch\u00e4tzte Lesezeit":"3\u00a0Minuten"},"schema":{"@context":"https:\/\/schema.org","@graph":[{"@type":"WebPage","@id":"https:\/\/copterpro.de\/shop\/waermebild-vorsatzgeraete\/hikmicro-thunder-th35c-3-0\/","url":"https:\/\/copterpro.de\/shop\/waermebild-vorsatzgeraete\/hikmicro-thunder-th35c-3-0\/","name":"HIKMICRO THUNDER TH35C 3.0","isPartOf":{"@id":"https:\/\/copterpro.de\/shop\/#website"},"primaryImageOfPage":{"@id":"https:\/\/copterpro.de\/shop\/waermebild-vorsatzgeraete\/hikmicro-thunder-th35c-3-0\/#primaryimage"},"image":{"@id":"https:\/\/copterpro.de\/shop\/waermebild-vorsatzgeraete\/hikmicro-thunder-th35c-3-0\/#primaryimage"},"thumbnailUrl":"https:\/\/copterpro.de\/shop\/wp-content\/uploads\/2025\/03\/hikmicro-clip-on-thunder-th35c-30-hm-tr73-35s2g-w-th35c-30-673eeca6c8e5e.webp","datePublished":"2024-11-21T08:10:31+00:00","dateModified":"2026-04-28T02:43:14+00:00","description":"HIKMICRO THUNDER TH35C 3.0 W\u00e4rmebildvorsatzger\u00e4t f\u00fcr die Jagd. Das TH35C Vorsatzger\u00e4t von Hikmicro mit hoher Aufl\u00f6sung f\u00fcr die Jagd","breadcrumb":{"@id":"https:\/\/copterpro.de\/shop\/waermebild-vorsatzgeraete\/hikmicro-thunder-th35c-3-0\/#breadcrumb"},"inLanguage":"de","potentialAction":[{"@type":"ReadAction","target":["https:\/\/copterpro.de\/shop\/waermebild-vorsatzgeraete\/hikmicro-thunder-th35c-3-0\/"]}]},{"@type":"ImageObject","inLanguage":"de","@id":"https:\/\/copterpro.de\/shop\/waermebild-vorsatzgeraete\/hikmicro-thunder-th35c-3-0\/#primaryimage","url":"https:\/\/copterpro.de\/shop\/wp-content\/uploads\/2025\/03\/hikmicro-clip-on-thunder-th35c-30-hm-tr73-35s2g-w-th35c-30-673eeca6c8e5e.webp","contentUrl":"https:\/\/copterpro.de\/shop\/wp-content\/uploads\/2025\/03\/hikmicro-clip-on-thunder-th35c-30-hm-tr73-35s2g-w-th35c-30-673eeca6c8e5e.webp","width":800,"height":800,"caption":"hikmicro clip-on-thunder th35c 3.0"},{"@type":"BreadcrumbList","@id":"https:\/\/copterpro.de\/shop\/waermebild-vorsatzgeraete\/hikmicro-thunder-th35c-3-0\/#breadcrumb","itemListElement":[{"@type":"ListItem","position":1,"name":"Startseite","item":"https:\/\/copterpro.de\/shop\/"},{"@type":"ListItem","position":2,"name":"Shop","item":"https:\/\/copterpro.de\/shop\/shop\/"},{"@type":"ListItem","position":3,"name":"Hikmicro Clip-On Thunder TH35C 3.0"}]},{"@type":"WebSite","@id":"https:\/\/copterpro.de\/shop\/#website","url":"https:\/\/copterpro.de\/shop\/","name":"Copter Pro","description":"","publisher":{"@id":"https:\/\/copterpro.de\/shop\/#organization"},"potentialAction":[{"@type":"SearchAction","target":{"@type":"EntryPoint","urlTemplate":"https:\/\/copterpro.de\/shop\/?s={search_term_string}"},"query-input":{"@type":"PropertyValueSpecification","valueRequired":true,"valueName":"search_term_string"}}],"inLanguage":"de"},{"@type":"Organization","@id":"https:\/\/copterpro.de\/shop\/#organization","name":"Copter Pro","url":"https:\/\/copterpro.de\/shop\/","logo":{"@type":"ImageObject","inLanguage":"de","@id":"https:\/\/copterpro.de\/shop\/#\/schema\/logo\/image\/","url":"https:\/\/copterpro.de\/shop\/wp-content\/uploads\/2025\/04\/copterpro.svg","contentUrl":"https:\/\/copterpro.de\/shop\/wp-content\/uploads\/2025\/04\/copterpro.svg","caption":"Copter Pro"},"image":{"@id":"https:\/\/copterpro.de\/shop\/#\/schema\/logo\/image\/"},"sameAs":["https:\/\/www.facebook.com\/copterprogmbh"]}]}},"_links":{"self":[{"href":"https:\/\/copterpro.de\/shop\/wp-json\/wp\/v2\/product\/13614","targetHints":{"allow":["GET"]}}],"collection":[{"href":"https:\/\/copterpro.de\/shop\/wp-json\/wp\/v2\/product"}],"about":[{"href":"https:\/\/copterpro.de\/shop\/wp-json\/wp\/v2\/types\/product"}],"wp:featuredmedia":[{"embeddable":true,"href":"https:\/\/copterpro.de\/shop\/wp-json\/wp\/v2\/media\/13615"}],"wp:attachment":[{"href":"https:\/\/copterpro.de\/shop\/wp-json\/wp\/v2\/media?parent=13614"}],"wp:term":[{"taxonomy":"product_brand","embeddable":true,"href":"https:\/\/copterpro.de\/shop\/wp-json\/wp\/v2\/product_brand?post=13614"},{"taxonomy":"product_cat","embeddable":true,"href":"https:\/\/copterpro.de\/shop\/wp-json\/wp\/v2\/product_cat?post=13614"},{"taxonomy":"product_tag","embeddable":true,"href":"https:\/\/copterpro.de\/shop\/wp-json\/wp\/v2\/product_tag?post=13614"}],"curies":[{"name":"wp","href":"https:\/\/api.w.org\/{rel}","templated":true}]}}