{"id":14255,"date":"2025-05-09T14:21:26","date_gmt":"2025-05-09T12:21:26","guid":{"rendered":"https:\/\/shop.copterpro.de\/?post_type=product&#038;p=14255"},"modified":"2026-04-30T12:16:40","modified_gmt":"2026-04-30T10:16:40","slug":"copterpro-hoodie-schwarz","status":"publish","type":"product","link":"https:\/\/copterpro.de\/shop\/merchandise\/copterpro-hoodie-schwarz\/","title":{"rendered":"Copterpro &#8211; Hoodie schwarz"},"content":{"rendered":"<h3>Copterpro &#8211; Hoodie schwarz<\/h3>\n<p>Art: <strong>Unisex<\/strong> mit Kapuze und Bauchtasche<\/p>\n<p><strong>Material:<\/strong><\/p>\n<ul>\n<li>80% Baumwolle<\/li>\n<li>20%% Polyester<\/li>\n<\/ul>\n<p>Copterpro Hoodie &#8211; Elegante Mode f\u00fcr Dich!<br \/>\nDer Copterpro Hoodie ist mehr als nur ein Kleidungsst\u00fcck \u2013 es ist eine Hommage an die Faszination der Drohnentechnologie, verpackt in einem stilvollen und komfortablen Design.<br \/>\nEntwickelt f\u00fcr Drohnen-Enthusiasten, J\u00e4ger und Kitzretter, die ihre Leidenschaft nicht nur in der Luft, sondern auch in ihrem Outfit ausdr\u00fccken m\u00f6chten.<\/p>\n","protected":false},"excerpt":{"rendered":"<p>Copterpro &#8211; Hoodie schwarz Art: Unisex mit Kapuze und Bauchtasche Material: 80% Baumwolle 20%% Polyester Copterpro Hoodie &#8211; Elegante Mode f\u00fcr Dich! Der Copterpro Hoodie ist mehr als nur ein Kleidungsst\u00fcck \u2013 es ist eine Hommage an die Faszination der Drohnentechnologie, verpackt in einem stilvollen und komfortablen Design. Entwickelt f\u00fcr [&hellip;]<\/p>\n","protected":false},"featured_media":15119,"template":"","meta":{"_acf_changed":false,"_iconic_wsb_product_page_order_bump_ids":[[]],"_sku":[],"_iconic_wsb_product_page_bump_modal_ids":[[]]},"product_brand":[],"product_cat":[46],"product_tag":[],"class_list":{"0":"post-14255","1":"product","2":"type-product","3":"status-publish","4":"has-post-thumbnail","6":"product_cat-merchandise","8":"first","9":"instock","10":"sale","11":"taxable","12":"shipping-taxable","13":"purchasable","14":"product-type-variable"},"acf":[],"yoast_head":"<!-- This site is optimized with the Yoast SEO plugin v27.5 - https:\/\/yoast.com\/product\/yoast-seo-wordpress\/ -->\n<title>Copterpro Hoddie f\u00fcr Drohnenpiloten und Outdoor Freunde mit Stil<\/title>\n<meta name=\"description\" content=\"Copterpro Hoddie f\u00fcr Drohnenpiloten und Outdoor Freunde mit Stil Der Hoodie f\u00fcr alle Drohnenfans und Enthusiasten der Drohnentechnik entwickelt!\" \/>\n<meta name=\"robots\" content=\"index, follow, max-snippet:-1, max-image-preview:large, max-video-preview:-1\" \/>\n<link rel=\"canonical\" href=\"https:\/\/copterpro.de\/shop\/merchandise\/copterpro-hoodie-schwarz\/\" \/>\n<meta property=\"og:locale\" content=\"de_DE\" \/>\n<meta property=\"og:type\" content=\"article\" \/>\n<meta property=\"og:title\" content=\"Copterpro Hoddie f\u00fcr Drohnenpiloten und Outdoor Freunde mit Stil\" \/>\n<meta property=\"og:description\" content=\"Copterpro Hoddie f\u00fcr Drohnenpiloten und Outdoor Freunde mit Stil Der Hoodie f\u00fcr alle Drohnenfans und Enthusiasten der Drohnentechnik entwickelt!\" \/>\n<meta property=\"og:url\" content=\"https:\/\/copterpro.de\/shop\/merchandise\/copterpro-hoodie-schwarz\/\" \/>\n<meta property=\"og:site_name\" content=\"Copter Pro\" \/>\n<meta property=\"article:publisher\" content=\"https:\/\/www.facebook.com\/copterprogmbh\" \/>\n<meta property=\"article:modified_time\" content=\"2026-04-30T10:16:40+00:00\" \/>\n<meta property=\"og:image\" content=\"https:\/\/copterpro.de\/shop\/wp-content\/uploads\/2025\/05\/Thumbnail-Shop-2.jpg\" \/>\n\t<meta property=\"og:image:width\" content=\"800\" \/>\n\t<meta property=\"og:image:height\" content=\"800\" \/>\n\t<meta property=\"og:image:type\" content=\"image\/jpeg\" \/>\n<meta name=\"twitter:card\" content=\"summary_large_image\" \/>\n<meta name=\"twitter:label1\" content=\"Gesch\u00e4tzte Lesezeit\" \/>\n\t<meta name=\"twitter:data1\" content=\"1\u00a0Minute\" \/>\n<script type=\"application\/ld+json\" class=\"yoast-schema-graph\">{\"@context\":\"https:\\\/\\\/schema.org\",\"@graph\":[{\"@type\":\"WebPage\",\"@id\":\"https:\\\/\\\/copterpro.de\\\/shop\\\/merchandise\\\/copterpro-hoodie-schwarz\\\/\",\"url\":\"https:\\\/\\\/copterpro.de\\\/shop\\\/merchandise\\\/copterpro-hoodie-schwarz\\\/\",\"name\":\"Copterpro Hoddie f\u00fcr Drohnenpiloten und Outdoor Freunde mit Stil\",\"isPartOf\":{\"@id\":\"https:\\\/\\\/copterpro.de\\\/shop\\\/#website\"},\"primaryImageOfPage\":{\"@id\":\"https:\\\/\\\/copterpro.de\\\/shop\\\/merchandise\\\/copterpro-hoodie-schwarz\\\/#primaryimage\"},\"image\":{\"@id\":\"https:\\\/\\\/copterpro.de\\\/shop\\\/merchandise\\\/copterpro-hoodie-schwarz\\\/#primaryimage\"},\"thumbnailUrl\":\"https:\\\/\\\/copterpro.de\\\/shop\\\/wp-content\\\/uploads\\\/2025\\\/05\\\/Thumbnail-Shop-2.jpg\",\"datePublished\":\"2025-05-09T12:21:26+00:00\",\"dateModified\":\"2026-04-30T10:16:40+00:00\",\"description\":\"Copterpro Hoddie f\u00fcr Drohnenpiloten und Outdoor Freunde mit Stil Der Hoodie f\u00fcr alle Drohnenfans und Enthusiasten der Drohnentechnik entwickelt!\",\"breadcrumb\":{\"@id\":\"https:\\\/\\\/copterpro.de\\\/shop\\\/merchandise\\\/copterpro-hoodie-schwarz\\\/#breadcrumb\"},\"inLanguage\":\"de\",\"potentialAction\":[{\"@type\":\"ReadAction\",\"target\":[\"https:\\\/\\\/copterpro.de\\\/shop\\\/merchandise\\\/copterpro-hoodie-schwarz\\\/\"]}]},{\"@type\":\"ImageObject\",\"inLanguage\":\"de\",\"@id\":\"https:\\\/\\\/copterpro.de\\\/shop\\\/merchandise\\\/copterpro-hoodie-schwarz\\\/#primaryimage\",\"url\":\"https:\\\/\\\/copterpro.de\\\/shop\\\/wp-content\\\/uploads\\\/2025\\\/05\\\/Thumbnail-Shop-2.jpg\",\"contentUrl\":\"https:\\\/\\\/copterpro.de\\\/shop\\\/wp-content\\\/uploads\\\/2025\\\/05\\\/Thumbnail-Shop-2.jpg\",\"width\":800,\"height\":800,\"caption\":\"CopterPro Hoddie in schwarz mit Logo\"},{\"@type\":\"BreadcrumbList\",\"@id\":\"https:\\\/\\\/copterpro.de\\\/shop\\\/merchandise\\\/copterpro-hoodie-schwarz\\\/#breadcrumb\",\"itemListElement\":[{\"@type\":\"ListItem\",\"position\":1,\"name\":\"Startseite\",\"item\":\"https:\\\/\\\/copterpro.de\\\/shop\\\/\"},{\"@type\":\"ListItem\",\"position\":2,\"name\":\"Shop\",\"item\":\"https:\\\/\\\/copterpro.de\\\/shop\\\/shop\\\/\"},{\"@type\":\"ListItem\",\"position\":3,\"name\":\"Copterpro &#8211; Hoodie schwarz\"}]},{\"@type\":\"WebSite\",\"@id\":\"https:\\\/\\\/copterpro.de\\\/shop\\\/#website\",\"url\":\"https:\\\/\\\/copterpro.de\\\/shop\\\/\",\"name\":\"Copter Pro\",\"description\":\"\",\"publisher\":{\"@id\":\"https:\\\/\\\/copterpro.de\\\/shop\\\/#organization\"},\"potentialAction\":[{\"@type\":\"SearchAction\",\"target\":{\"@type\":\"EntryPoint\",\"urlTemplate\":\"https:\\\/\\\/copterpro.de\\\/shop\\\/?s={search_term_string}\"},\"query-input\":{\"@type\":\"PropertyValueSpecification\",\"valueRequired\":true,\"valueName\":\"search_term_string\"}}],\"inLanguage\":\"de\"},{\"@type\":\"Organization\",\"@id\":\"https:\\\/\\\/copterpro.de\\\/shop\\\/#organization\",\"name\":\"Copter Pro\",\"url\":\"https:\\\/\\\/copterpro.de\\\/shop\\\/\",\"logo\":{\"@type\":\"ImageObject\",\"inLanguage\":\"de\",\"@id\":\"https:\\\/\\\/copterpro.de\\\/shop\\\/#\\\/schema\\\/logo\\\/image\\\/\",\"url\":\"https:\\\/\\\/copterpro.de\\\/shop\\\/wp-content\\\/uploads\\\/2025\\\/04\\\/copterpro.svg\",\"contentUrl\":\"https:\\\/\\\/copterpro.de\\\/shop\\\/wp-content\\\/uploads\\\/2025\\\/04\\\/copterpro.svg\",\"caption\":\"Copter Pro\"},\"image\":{\"@id\":\"https:\\\/\\\/copterpro.de\\\/shop\\\/#\\\/schema\\\/logo\\\/image\\\/\"},\"sameAs\":[\"https:\\\/\\\/www.facebook.com\\\/copterprogmbh\"]}]}<\/script>\n<!-- \/ Yoast SEO plugin. -->","yoast_head_json":{"title":"Copterpro Hoddie f\u00fcr Drohnenpiloten und Outdoor Freunde mit Stil","description":"Copterpro Hoddie f\u00fcr Drohnenpiloten und Outdoor Freunde mit Stil Der Hoodie f\u00fcr alle Drohnenfans und Enthusiasten der Drohnentechnik entwickelt!","robots":{"index":"index","follow":"follow","max-snippet":"max-snippet:-1","max-image-preview":"max-image-preview:large","max-video-preview":"max-video-preview:-1"},"canonical":"https:\/\/copterpro.de\/shop\/merchandise\/copterpro-hoodie-schwarz\/","og_locale":"de_DE","og_type":"article","og_title":"Copterpro Hoddie f\u00fcr Drohnenpiloten und Outdoor Freunde mit Stil","og_description":"Copterpro Hoddie f\u00fcr Drohnenpiloten und Outdoor Freunde mit Stil Der Hoodie f\u00fcr alle Drohnenfans und Enthusiasten der Drohnentechnik entwickelt!","og_url":"https:\/\/copterpro.de\/shop\/merchandise\/copterpro-hoodie-schwarz\/","og_site_name":"Copter Pro","article_publisher":"https:\/\/www.facebook.com\/copterprogmbh","article_modified_time":"2026-04-30T10:16:40+00:00","og_image":[{"width":800,"height":800,"url":"https:\/\/copterpro.de\/shop\/wp-content\/uploads\/2025\/05\/Thumbnail-Shop-2.jpg","type":"image\/jpeg"}],"twitter_card":"summary_large_image","twitter_misc":{"Gesch\u00e4tzte Lesezeit":"1\u00a0Minute"},"schema":{"@context":"https:\/\/schema.org","@graph":[{"@type":"WebPage","@id":"https:\/\/copterpro.de\/shop\/merchandise\/copterpro-hoodie-schwarz\/","url":"https:\/\/copterpro.de\/shop\/merchandise\/copterpro-hoodie-schwarz\/","name":"Copterpro Hoddie f\u00fcr Drohnenpiloten und Outdoor Freunde mit Stil","isPartOf":{"@id":"https:\/\/copterpro.de\/shop\/#website"},"primaryImageOfPage":{"@id":"https:\/\/copterpro.de\/shop\/merchandise\/copterpro-hoodie-schwarz\/#primaryimage"},"image":{"@id":"https:\/\/copterpro.de\/shop\/merchandise\/copterpro-hoodie-schwarz\/#primaryimage"},"thumbnailUrl":"https:\/\/copterpro.de\/shop\/wp-content\/uploads\/2025\/05\/Thumbnail-Shop-2.jpg","datePublished":"2025-05-09T12:21:26+00:00","dateModified":"2026-04-30T10:16:40+00:00","description":"Copterpro Hoddie f\u00fcr Drohnenpiloten und Outdoor Freunde mit Stil Der Hoodie f\u00fcr alle Drohnenfans und Enthusiasten der Drohnentechnik entwickelt!","breadcrumb":{"@id":"https:\/\/copterpro.de\/shop\/merchandise\/copterpro-hoodie-schwarz\/#breadcrumb"},"inLanguage":"de","potentialAction":[{"@type":"ReadAction","target":["https:\/\/copterpro.de\/shop\/merchandise\/copterpro-hoodie-schwarz\/"]}]},{"@type":"ImageObject","inLanguage":"de","@id":"https:\/\/copterpro.de\/shop\/merchandise\/copterpro-hoodie-schwarz\/#primaryimage","url":"https:\/\/copterpro.de\/shop\/wp-content\/uploads\/2025\/05\/Thumbnail-Shop-2.jpg","contentUrl":"https:\/\/copterpro.de\/shop\/wp-content\/uploads\/2025\/05\/Thumbnail-Shop-2.jpg","width":800,"height":800,"caption":"CopterPro Hoddie in schwarz mit Logo"},{"@type":"BreadcrumbList","@id":"https:\/\/copterpro.de\/shop\/merchandise\/copterpro-hoodie-schwarz\/#breadcrumb","itemListElement":[{"@type":"ListItem","position":1,"name":"Startseite","item":"https:\/\/copterpro.de\/shop\/"},{"@type":"ListItem","position":2,"name":"Shop","item":"https:\/\/copterpro.de\/shop\/shop\/"},{"@type":"ListItem","position":3,"name":"Copterpro &#8211; Hoodie schwarz"}]},{"@type":"WebSite","@id":"https:\/\/copterpro.de\/shop\/#website","url":"https:\/\/copterpro.de\/shop\/","name":"Copter Pro","description":"","publisher":{"@id":"https:\/\/copterpro.de\/shop\/#organization"},"potentialAction":[{"@type":"SearchAction","target":{"@type":"EntryPoint","urlTemplate":"https:\/\/copterpro.de\/shop\/?s={search_term_string}"},"query-input":{"@type":"PropertyValueSpecification","valueRequired":true,"valueName":"search_term_string"}}],"inLanguage":"de"},{"@type":"Organization","@id":"https:\/\/copterpro.de\/shop\/#organization","name":"Copter Pro","url":"https:\/\/copterpro.de\/shop\/","logo":{"@type":"ImageObject","inLanguage":"de","@id":"https:\/\/copterpro.de\/shop\/#\/schema\/logo\/image\/","url":"https:\/\/copterpro.de\/shop\/wp-content\/uploads\/2025\/04\/copterpro.svg","contentUrl":"https:\/\/copterpro.de\/shop\/wp-content\/uploads\/2025\/04\/copterpro.svg","caption":"Copter Pro"},"image":{"@id":"https:\/\/copterpro.de\/shop\/#\/schema\/logo\/image\/"},"sameAs":["https:\/\/www.facebook.com\/copterprogmbh"]}]}},"_links":{"self":[{"href":"https:\/\/copterpro.de\/shop\/wp-json\/wp\/v2\/product\/14255","targetHints":{"allow":["GET"]}}],"collection":[{"href":"https:\/\/copterpro.de\/shop\/wp-json\/wp\/v2\/product"}],"about":[{"href":"https:\/\/copterpro.de\/shop\/wp-json\/wp\/v2\/types\/product"}],"wp:featuredmedia":[{"embeddable":true,"href":"https:\/\/copterpro.de\/shop\/wp-json\/wp\/v2\/media\/15119"}],"wp:attachment":[{"href":"https:\/\/copterpro.de\/shop\/wp-json\/wp\/v2\/media?parent=14255"}],"wp:term":[{"taxonomy":"product_brand","embeddable":true,"href":"https:\/\/copterpro.de\/shop\/wp-json\/wp\/v2\/product_brand?post=14255"},{"taxonomy":"product_cat","embeddable":true,"href":"https:\/\/copterpro.de\/shop\/wp-json\/wp\/v2\/product_cat?post=14255"},{"taxonomy":"product_tag","embeddable":true,"href":"https:\/\/copterpro.de\/shop\/wp-json\/wp\/v2\/product_tag?post=14255"}],"curies":[{"name":"wp","href":"https:\/\/api.w.org\/{rel}","templated":true}]}}