{"id":14388,"date":"2025-09-17T13:19:35","date_gmt":"2025-09-17T11:19:35","guid":{"rendered":"https:\/\/shop.copterpro.de\/?post_type=product&#038;p=14388"},"modified":"2026-03-22T03:43:12","modified_gmt":"2026-03-22T02:43:12","slug":"dji-mavic-4-pro-dji-rc-2","status":"publish","type":"product","link":"https:\/\/copterpro.de\/shop\/dji-hobby-kameraequipment\/dji-mavic-4-pro-dji-rc-2\/","title":{"rendered":"DJI Mavic 4 Pro (DJI RC 2)"},"content":{"rendered":"<div id=\"btnshow-useDescription\" class=\"desc showContent\">\n<p><strong>DJI Mavic 4 Pro<\/strong><\/p>\n<\/div>\n<p>Kameradrohne der Spitzenklasse mit drei Objektiven<\/p>\n<p>Die DJI Mavic 4 Pro ist ein echter Gamechanger mit bahnbrechenden Features, die neu definieren wozu Kameradrohnen f\u00e4hig sind. Erlebe Bildqualit\u00e4t und Flugleistung auf einem noch nie dagewesenen Niveau. Mit dieser Flaggschiff-Drohne samt Dreifachkamera, die den kreativen Horizont der Luftbildfotografie weit verschiebt, erkundest du den Himmel auf eine neue, aufregende und ungesehene Art.<\/p>\n<ul>\n<li>100 MP 4\/3-CMOS Hasselblad Kamera mit 6K\/60fps HDR-Video<\/li>\n<li>Duale 1\/1,3\u2033 &amp; 1\/1,5\u2033 CMOS-Telekameras<\/li>\n<li>Infinity-Gimbal mit 360\u00b0-Rotation f\u00fcr dynamischere Kamerabewegungen<\/li>\n<li>0,1-Lux Omnidirektionale Hinderniserkennung bei Nacht<\/li>\n<li>51 Minuten Flugzeit<\/li>\n<li>DJI O4+ 10-Bit HDR-Video\u00fcbertragung mit 30 km Reichweite<\/li>\n<\/ul>\n<p><strong>Dreifachkamera-System<\/strong><\/p>\n<p>Meistere jeden Winkel<br \/>\nEntdecke das hochentwickelte Dreifachkamera-System, bei dem jedes Objektiv mit herausragender Bildqualit\u00e4t \u00fcberzeugt \u2013 von weitl\u00e4ufigen Weitwinkel-Landschaften bis hin zu detailreichen Tele-Nahaufnahmen. Alle drei Kameras verf\u00fcgen \u00fcber Dual Native ISO Fusion, welches die Vorteile von hohen und niedrigen ISO-Werten nahtlos kombiniert \u2013 f\u00fcr atemberaubende Details, die herk\u00f6mmliche Systeme nicht einfangen k\u00f6nnen. Entfalte deine Kreativit\u00e4t mit hochaufl\u00f6sendem RAW-Stacking aus bis zu f\u00fcnf Aufnahmen und Features wie Freie Panoramas und Motivfokussierung \u2013 unterst\u00fctzt von allen drei Kameras.<\/p>\n<p><strong>4\/3-CMOS Hasselblad Kamera<\/strong><br \/>\n\u00c4quivalent zur 28 mm Brennweite<br \/>\n100 MP<br \/>\nVon f\/2.0 bis f\/11 einstellbare Blende<br \/>\n6K\/60fps HDR-Video<\/p>\n<p><strong>1\/1,3\u2033 CMOS mittlere Telekamera<\/strong><br \/>\n\u00c4quivalent zur 70 mm Brennweite<br \/>\n48 MP<br \/>\nf\/2.8 Blende<br \/>\n4K\/60fps HDR-Video<\/p>\n<p><strong>1\/1,5\u2033 CMOS Telekamera<\/strong><br \/>\n\u00c4quivalent zur 168 mm Brennweite<br \/>\n50 MP<br \/>\nf\/2.8 Blende<br \/>\n4K\/60fps HDR-Video<br \/>\nDrei Brennweiten f\u00fcr au\u00dfergew\u00f6hnliche Perspektiven<\/p>\n<p><strong>4\/3-CMOS Hasselblad Hauptkamera<\/strong><br \/>\nDie akribisch angefertigte 4\/3-CMOS Hasselblad Kamera kommt mit brandneuem 100-MP-Sensor und unterst\u00fctzt die renommierte Hasselblad Natural Color Solution (HNCS) f\u00fcr beeindruckende Farbtreue. Sie nimmt atemberaubende 100-MP-Bilder mit au\u00dfergew\u00f6hnlicher Detailtiefe auf und bietet damit beispiellose Flexibilit\u00e4t in der Nachbearbeitung. Das Objektiv wurde speziell f\u00fcr die Anforderungen des 100-MP-Sensors entwickelt und liefert eine beeindruckende Bildsch\u00e4rfe. Die vielseitige Blende von f\/2.0 bis f\/11 erm\u00f6glicht klare Aufnahmen bei wenig Licht sowie faszinierende Lens Flare-Effekte.<\/p>\n<p><strong>Mittlere Telekamera<\/strong><br \/>\nAusgestattet mit einem 48-MP-Sensor im 1\/1,3-Zoll-Format und einer Blende von f\/2.8 liefert die 70-mm-Telekamera\u00a0 eine noch bessere Bildqualit\u00e4t &#8211; erm\u00f6glicht durch ihre neue Bildverarbeitungs-Engine. Die 70 mm Brennweite erzeugt eine Perspektive, die das Motiv wirkungsvoll hervorhebt \u2013 perfekt f\u00fcr dynamische Portr\u00e4ts und filmische Fahrzeugaufnahmen mit rotierenden Kamerabewegungen.<\/p>\n<p><strong>Telekamera<\/strong><br \/>\nAusgestattet mit einem 50-MP-Sensor im 1\/1,5-Zoll-Format und einer weiten f\/2,8-Blende nutzt die Telekamera einen speziell f\u00fcr Teleobjetive optimierten Gimbal-Algorithmus, um herausragende Bildqualit\u00e4t und Stabilit\u00e4t bei Luftaufnahmen aus gro\u00dfer Entfernung zu gew\u00e4hrleisten. Ihre erweiterte Reichweite verringert die Tiefenwahrnehmung dramatisch und erzeugt eine flachere Perspektive, die das Motiv deutlich hervorhebt. Zusammen mit der Subjektfokussierung gelingen beeindruckende Nahaufnahmen m\u00fchelos. Sie erstellt beeindruckend detaillierte Freie Panoramas \u2013 von weitl\u00e4ufigen Skylines beim Herauszoomen bis hin zu feinsten Details beim Hineinzoomen.<\/p>\n<p><strong>Video in Profiqualit\u00e4t<\/strong><\/p>\n<p>6K\/60fps HDR-Video<br \/>\nAlle drei Kameras unterst\u00fctzen 4K\/60fps HDR-Videoaufnahmen. Die Hasselblad Hauptkamera geht noch einen Schritt weiter: Sie erm\u00f6glicht 6K\/60fps-HDR-Videoaufnahmen und \u00fcberzeugt mit einem beeindruckenden Dynamikumfang von bis zu 16 Blendenstufen. Die mittlere und die zweite Telekamera bieten einen Dynamikumfang von 14 bzw. 13 Blendenstufen.<\/p>\n<p><strong>4K\/120fps Zeitlupe<\/strong><br \/>\nSowohl die Hasselblad Hauptkamera als auch die mittlere Telekamera unterst\u00fctzen 4K\/120fps-Videoaufnahmen, w\u00e4hrend die Telekamera in 4K\/100fps aufnehmen kann. EIne hohe Aufl\u00f6sung und erh\u00f6hte Bildraten bieten gr\u00f6\u00dfere Flexibilit\u00e4t in der Nachbearbeitung. Ob bei Portr\u00e4ts, actionreichen Szenen oder Tieraufnahmen \u2013 das in Zeitlupe gefilmte Material der Telekamera verleiht deinen Aufnahmen zus\u00e4tzliche Spannung und das gewisse visuelle Etwas.<\/p>\n<p><strong>10-Bit D-Log &amp; All-I 4:2:2 Kodierung<\/strong><br \/>\nAlle drei Kameras verf\u00fcgen \u00fcber 10-Bit D-Log-, D-Log M- und HLG-Farbprofile und sorgen so f\u00fcr eine einheitliche Farbwiedergabe in all deinen Aufnahmen. Die Mavic 4 Pro 512GB-Version aus der Creator Combo optimiert deinen Workflow mit All-I-kodierten 10-Bit-4:2:2-Videoaufnahmen. Dieses Feature erfasst noch mehr Details und bietet somit noch mehr Freiraum in der Nachbearbeitung.<\/p>\n<p><strong>Gimbal<\/strong><\/p>\n<p>Mach das Unsichtbare sichtbar \u2013 mit Prime Build.<\/p>\n<p><strong>Infinity-Gimbal: Die Welt in Bewegung<\/strong><br \/>\nMit dem revolution\u00e4ren Infinity-Gimbal verschiebst du kreative Grenzen. Das innovative Design erm\u00f6glicht um 70\u00b0 nach oben gerichtete Aufnahmen und eine vollst\u00e4ndige 360\u00b0-Rotation f\u00fcr v\u00f6llig neue Perspektiven. Erstelle dramatische Dutch-Angle-Aufnahmen direkt aus der Kamera oder bereichere dein visuelles Storytelling mit fl\u00fcssigen, fast magischen Gimbal-Bewegungen.<\/p>\n<p><strong>70\u00b0-Aufw\u00e4rtsaufnahmen f\u00fcr beeindruckende Ausblicke<\/strong><br \/>\nInszeniere Berge und architektonische Meisterwerke aus gewagten, dynamischen Blickwinkeln und entdecke grenzenlose kreative M\u00f6glichkeiten.<\/p>\n<p><strong>Flugleistung<\/strong><\/p>\n<p><strong>Scharfe Sicht, reibungslose Navigation &#8211;\u00a0<\/strong><strong>ActiveTrack 360\u00b0 &#8211; jetzt noch leistungsst\u00e4rker<\/strong><br \/>\nActiveTrack 360\u00b0 \u00fcberzeugt selbst bei schwierigen Lichtverh\u00e4ltnissen \u2013 etwa in der D\u00e4mmerung oder Stadtbeleuchtung \u2013 und liefert filmreife Tracking-Aufnahmen mit verbesserter Stabilit\u00e4t. Sobald das Tracking beginnt, bleibt das Motiv auch dann im Fokus, wenn es teilweise oder kurzzeitig vollst\u00e4ndig verdeckt wird. Fahrzeuge werden in einer Entfernung von bis zu 200 Metern erkannt \u2013 mit richtungsbezogener Wahrnehmung f\u00fcr professionelle Fahrzeugaufnahmen.<br \/>\nActiveTrack 360\u00b0 auf der Mavic 4 Pro wurde f\u00fcr die Fahrzeugverfolgung deutlich verbessert und bietet eine Vielzahl an Funktionen f\u00fcr unterschiedlichste Filmaufnahmen.<\/p>\n<p><strong>Rundumsicht mit der 0,1-Lux Omnidirektionalen Hinderniserkennung bei Nacht<\/strong><br \/>\nDie Mavic 4 Pro ist mit sechs leistungsstarken Fisheye-Sensoren f\u00fcr schwache Lichtverh\u00e4ltnisse und Dual-Prozessoren f\u00fcr eine hochaufl\u00f6sende Umfelderkennung ausgestattet. Diese erm\u00f6glichen eine omnidirektionale Hindernisvermeidung bei Geschwindigkeiten von bis zu 18 m\/s selbst bei Lichtverh\u00e4ltnissen von nur 0,1 Lux \u2013 etwa in Umgebungen, die ausschlie\u00dflich durch Stra\u00dfenbeleuchtung erhellt werden. Ob beim Navigieren durch Schluchten oder st\u00e4dtische Landschaften mit schlechtem GPS-Empfang \u2013 dieses leistungsstarke visuelle System gew\u00e4hrleistet eine pr\u00e4zise Positionierung w\u00e4hrend des Flugs. Selbst in nahezu v\u00f6lliger Dunkelheit erkennt sie dank des nach vorne gerichteten LiDAR-Sensors Hindernisse und bremst rechtzeitig, um Kollisionen zu vermeiden.<\/p>\n<p><strong>0,1-Lux Omnidirektionale Hinderniserkennung bei Nacht<\/strong><br \/>\nBietet zuverl\u00e4ssigen Schutz f\u00fcr die Nachtfotografie, sodass du auch im Dunkeln kreativ und effizient arbeiten kannst.<\/p>\n<p><strong>R\u00fcckkehr bei Nacht<\/strong><br \/>\nSelbst bei schlechten Lichtverh\u00e4ltnissen erkennt die Mavic 4 Pro dank ihres nach vorne gerichteten LiDAR-Sensors Hindernisse wie Hochh\u00e4user und steigt automatisch auf, um auch bei Nacht sicher zur\u00fcckzukehren.<\/p>\n<p><strong>R\u00fcckkehr ohne GPS<\/strong><br \/>\nDank der Echtzeit-Positionsbestimmung und Kartenerstellung merkt sich die Mavic 4 Pro ihre Flugrouten bei ausreichender Beleuchtung. Dies gew\u00e4hrleistet eine sichere R\u00fcckkehr \u2013 auch wenn du von Orten ohne GPS-Signal startest, z. B. von einem Balkon.<\/p>\n<p><strong>Flugzeit und Video\u00fcbertragung<\/strong><\/p>\n<p>L\u00e4nger fliegen, mit Verbindung &#8211; 51 Minuten Flugzeit<br \/>\nDank ihres aerodynamischen Designs, dem effizienten Antriebssystem und dem 95-Wh-Akku erreicht die Mavic 4 Pro eine Flugzeit von bis zu 51 Minuten, Spitzengeschwindigkeiten von bis zu 90 km\/h und eine maximale Reichweite von 41 km. Egal, ob du Drehorte erkundest, Flugman\u00f6ver \u00fcbst, Zeitraffer aufnimmst oder Panoramas mit einem Teleobjektiv erstellst &#8211; die gro\u00dfz\u00fcgige Flugzeit gibt dir die Freiheit, mit Leichtigkeit und Vertrauen zu arbeiten.<\/p>\n<p><strong>Vergleich der Flugreichweiten<\/strong><\/p>\n<ul>\n<li>DJI Mavic 4 Pro: 41 km<\/li>\n<li>DJI Air 3S: 32 km<\/li>\n<li>DJI Mavic 3 Pro: 28 km<\/li>\n<\/ul>\n<p><strong>DJI O4+ 10-Bit-HDR-Video\u00fcbertragung<\/strong><br \/>\nDie Mavic 4 Pro verf\u00fcgt \u00fcber das innovative DJI O4+ Video\u00fcbertragungssystem, das mit fortschrittlichen Algorithmen der neusten Generation das volle Potenzial der Hardware aussch\u00f6pft. Es erm\u00f6glicht eine ultraweite 10-Bit-HDR-Video\u00fcbertragung bis zu 30 km Entfernung und minimiert Verbindungsabbr\u00fcche in st\u00f6rungsanf\u00e4lligen Umgebungen wie Stadtgebieten. Dar\u00fcber hinaus ist das O4+ Video\u00fcbertragungssystem f\u00fcr Multi-Drohnen-Fl\u00fcge optimiert und sorgt selbst bei Interferenzen f\u00fcr eine stabile Verbindung.<\/p>\n<p>Die DJI RC Pro 2-Fernsteuerung mit rotierbarem, superhellem 7&#8243; Display ist der ideale Begleiter f\u00fcr die Mavic 4 Pro.<\/p>\n<p><strong>Durchdachtes Design<\/strong><\/p>\n<p>Einfach und effizient &#8211; Schnell aufladen, schneller bereit<\/p>\n<p><strong>Ausklappen und direkt starten<\/strong><br \/>\nKlappe die Arme aus, um deine Mavic 4 Pro einzuschalten. Dank der fortschrittlichen Speicherfunktion f\u00fcr Flugrouten aktualisiert die Drohne den Heimkehrpunkt automatisch\u00a0\u2013 auch ohne GPS.<\/p>\n<p><strong>Fernsteuerung in Sekundenschnelle einsatzbereit<\/strong><br \/>\nAuch die DJI RC Pro 2-Fernsteuerung schaltet sich beim Ausklappen automatisch ein, sodass du sofort losfliegen kannst.<\/p>\n<p><strong>Mehr Energie f\u00fcr deine Kreativit\u00e4t \u2013 dank effizientem, parallelem Laden<\/strong><br \/>\nMit dem DJI Mavic 240 W Netzteil l\u00e4dt die DJI Mavic 4 Pro Parallele Ladestation einen Akku in 51 Minuten vollst\u00e4ndig auf, alternativ k\u00f6nnen drei Akkus gleichzeitig \u00fcber den Mini-SDC-Anschluss geladen werden. Die Parallele Ladestation steigert die Effizienz, indem sie den Akku mit der geringsten Ladung priorisiert. Sobald alle drei Akkus den gleichen Ladezustand erreicht haben, wechselt sie zum parallelen Laden und l\u00e4dt alle drei Akkus in nur 90 Minuten vollst\u00e4ndig auf.Durch die Nutzung der angeschlossenen Akkus kann die Parallele Ladestation in eine 100-W-Powerbank umgewandelt werden, sodass du Smartphones oder Laptops bequem vor Ort aufladen kannst. Zus\u00e4tzlich verf\u00fcgt sie \u00fcber eine Aggregierungsfunktion, mit der die verbleibende Leistung s\u00e4mtlicher Akkus mit geringer Ladung auf den Akku mit dem h\u00f6chsten verbleibenden Ladestand \u00fcbertragen wird.<\/p>\n<p><strong>Vergleich der Ladezeiten von drei Akkus<\/strong><\/p>\n<p>DJI Mavic 4 Pro<br \/>\nCa. 90 Minuten<\/p>\n<p>DJI Air 3S<br \/>\nCa. 180 Minuten<\/p>\n<p>DJI Mavic 3 Pro<br \/>\nCa. 210 Minuten<\/p>\n<p><strong>Vergleich der Ladezeiten von einem Akku<\/strong><\/p>\n<p>DJI Mavic 4 Pro<br \/>\nCa. 51 Minuten<\/p>\n<p>DJI Air 3S<br \/>\nCa. 60 Minuten<\/p>\n<p>DJI Mavic 3 Pro<br \/>\nCa. 70 Minuten<\/p>\n<p><strong>Bis zu 512 GB interner Speicher<\/strong><br \/>\nDie Standardversion der DJI Mavic 4 Pro kommt mit einem 64 GB gro\u00dfen internen Speicher, sodass du sofort mit deinen Aufnahmen beginnen kannst \u2013 ganz ohne externe Speicherkarte. Die Mavic 4 Pro aus der Creator Combo verf\u00fcgt \u00fcber einen internen 512-GB-Hochgeschwindigkeitsspeicher und unterst\u00fctzt hochwertige Videoaufnahmen in ALL-I 4:2:2-Kodierung sowie Zeitrafferfotografie mit Intervallen von nur einer Sekunde. So bist du immer bereit, dein n\u00e4chstes Meisterwerk festzuhalten.<\/p>\n<ul>\n<li>ALL-I 4:2:2 Kodierung<\/li>\n<li>512 GB &#8211;\u00a0UFS-Speicher (Creator Combo)<\/li>\n<li>64 GB &#8211;\u00a0eMMC-Speicher (Standardversion)<\/li>\n<\/ul>\n<p><strong>100 MP RAW-Dateien in Sekunden \u00fcbertragen!<\/strong><br \/>\nMit QuickTransfer brauchst du Drohne und Fernsteuerung nicht einmal aus der Tasche nehmen, um deine Aufnahmen zu \u00fcbertragen. Wecke die Mavic 4 Pro einfach \u00fcber die DJI Fly-App auf und \u00fcbertrage Dateien mit bis zu 80 MB\/s \u00fcber Wi-Fi 6.\u00a0Wenn du zwischen Apps wechselst, l\u00e4uft der Download \u00fcber die DJI Fly-App im Hintergrund weiter. Zur \u00dcbertragung auf einen Computer kannst du die Drohne \u00fcber ein USB-Kabel anschlie\u00dfen \u2013 ganz ohne sie einschalten zu m\u00fcssen.<\/p>\n","protected":false},"excerpt":{"rendered":"<p><strong>Lieferumfang:<\/strong><br \/>\n1x Mavic\u00a04\u00a0Pro<br \/>\n1x\u00a0RC 2<br \/>\n1x\u00a0Mavic 4 Pro Intelligent Flight Battery<br \/>\n1x\u00a0Mavic 4 Pro Ersatzpropeller (Paar)<br \/>\n1x\u00a0Mavic\u00a04\u00a0Pro Schutzh\u00fclle<br \/>\n2x USB-C auf USB-C Datenkabel<br \/>\n1x\u00a0100W USB-C Netzteil<\/p>\n","protected":false},"featured_media":14381,"template":"","meta":{"_acf_changed":false,"_iconic_wsb_product_page_order_bump_ids":[[14560]],"_sku":[],"_iconic_wsb_product_page_bump_modal_ids":[[]]},"product_brand":[],"product_cat":[40,41],"product_tag":[],"class_list":{"0":"post-14388","1":"product","2":"type-product","3":"status-publish","4":"has-post-thumbnail","6":"product_cat-dji-hobby-kameraequipment","7":"product_cat-dji-komplettsets","9":"first","10":"outofstock","11":"taxable","12":"shipping-taxable","13":"purchasable","14":"product-type-simple"},"acf":[],"yoast_head":"<!-- This site is optimized with the Yoast SEO plugin v27.5 - https:\/\/yoast.com\/product\/yoast-seo-wordpress\/ -->\n<title>DJI Mavic 4 Pro (DJI RC 2)<\/title>\n<meta name=\"description\" content=\"Erlebe neue Ma\u00dfst\u00e4be in der Luftbildfotografie mit der DJI Mavic 4 Pro \u2013 100 MP Hasselblad-Kamera, 6K-Video, 51 Min. Flugzeit &amp; Infinity-Gimbal.\" \/>\n<meta name=\"robots\" content=\"index, follow, max-snippet:-1, max-image-preview:large, max-video-preview:-1\" \/>\n<link rel=\"canonical\" href=\"https:\/\/copterpro.de\/shop\/dji-hobby-kameraequipment\/dji-mavic-4-pro-dji-rc-2\/\" \/>\n<meta property=\"og:locale\" content=\"de_DE\" \/>\n<meta property=\"og:type\" content=\"article\" \/>\n<meta property=\"og:title\" content=\"DJI Mavic 4 Pro (DJI RC 2)\" \/>\n<meta property=\"og:description\" content=\"Erlebe neue Ma\u00dfst\u00e4be in der Luftbildfotografie mit der DJI Mavic 4 Pro \u2013 100 MP Hasselblad-Kamera, 6K-Video, 51 Min. Flugzeit &amp; Infinity-Gimbal.\" \/>\n<meta property=\"og:url\" content=\"https:\/\/copterpro.de\/shop\/dji-hobby-kameraequipment\/dji-mavic-4-pro-dji-rc-2\/\" \/>\n<meta property=\"og:site_name\" content=\"Copter Pro\" \/>\n<meta property=\"article:publisher\" content=\"https:\/\/www.facebook.com\/copterprogmbh\" \/>\n<meta property=\"article:modified_time\" content=\"2026-03-22T02:43:12+00:00\" \/>\n<meta property=\"og:image\" content=\"https:\/\/copterpro.de\/shop\/wp-content\/uploads\/2025\/09\/2eb48c0646f24a56878b98b615104f91@origin.jpg\" \/>\n\t<meta property=\"og:image:width\" content=\"2560\" \/>\n\t<meta property=\"og:image:height\" content=\"2560\" \/>\n\t<meta property=\"og:image:type\" content=\"image\/jpeg\" \/>\n<meta name=\"twitter:card\" content=\"summary_large_image\" \/>\n<meta name=\"twitter:label1\" content=\"Gesch\u00e4tzte Lesezeit\" \/>\n\t<meta name=\"twitter:data1\" content=\"9\u00a0Minuten\" \/>\n<script type=\"application\/ld+json\" class=\"yoast-schema-graph\">{\"@context\":\"https:\\\/\\\/schema.org\",\"@graph\":[{\"@type\":\"WebPage\",\"@id\":\"https:\\\/\\\/copterpro.de\\\/shop\\\/dji-hobby-kameraequipment\\\/dji-mavic-4-pro-dji-rc-2\\\/\",\"url\":\"https:\\\/\\\/copterpro.de\\\/shop\\\/dji-hobby-kameraequipment\\\/dji-mavic-4-pro-dji-rc-2\\\/\",\"name\":\"DJI Mavic 4 Pro (DJI RC 2)\",\"isPartOf\":{\"@id\":\"https:\\\/\\\/copterpro.de\\\/shop\\\/#website\"},\"primaryImageOfPage\":{\"@id\":\"https:\\\/\\\/copterpro.de\\\/shop\\\/dji-hobby-kameraequipment\\\/dji-mavic-4-pro-dji-rc-2\\\/#primaryimage\"},\"image\":{\"@id\":\"https:\\\/\\\/copterpro.de\\\/shop\\\/dji-hobby-kameraequipment\\\/dji-mavic-4-pro-dji-rc-2\\\/#primaryimage\"},\"thumbnailUrl\":\"https:\\\/\\\/copterpro.de\\\/shop\\\/wp-content\\\/uploads\\\/2025\\\/09\\\/2eb48c0646f24a56878b98b615104f91@origin.jpg\",\"datePublished\":\"2025-09-17T11:19:35+00:00\",\"dateModified\":\"2026-03-22T02:43:12+00:00\",\"description\":\"Erlebe neue Ma\u00dfst\u00e4be in der Luftbildfotografie mit der DJI Mavic 4 Pro \u2013 100 MP Hasselblad-Kamera, 6K-Video, 51 Min. Flugzeit & Infinity-Gimbal.\",\"breadcrumb\":{\"@id\":\"https:\\\/\\\/copterpro.de\\\/shop\\\/dji-hobby-kameraequipment\\\/dji-mavic-4-pro-dji-rc-2\\\/#breadcrumb\"},\"inLanguage\":\"de\",\"potentialAction\":[{\"@type\":\"ReadAction\",\"target\":[\"https:\\\/\\\/copterpro.de\\\/shop\\\/dji-hobby-kameraequipment\\\/dji-mavic-4-pro-dji-rc-2\\\/\"]}]},{\"@type\":\"ImageObject\",\"inLanguage\":\"de\",\"@id\":\"https:\\\/\\\/copterpro.de\\\/shop\\\/dji-hobby-kameraequipment\\\/dji-mavic-4-pro-dji-rc-2\\\/#primaryimage\",\"url\":\"https:\\\/\\\/copterpro.de\\\/shop\\\/wp-content\\\/uploads\\\/2025\\\/09\\\/2eb48c0646f24a56878b98b615104f91@origin.jpg\",\"contentUrl\":\"https:\\\/\\\/copterpro.de\\\/shop\\\/wp-content\\\/uploads\\\/2025\\\/09\\\/2eb48c0646f24a56878b98b615104f91@origin.jpg\",\"width\":2560,\"height\":2560,\"caption\":\"DJI Mavic 4 Pro\"},{\"@type\":\"BreadcrumbList\",\"@id\":\"https:\\\/\\\/copterpro.de\\\/shop\\\/dji-hobby-kameraequipment\\\/dji-mavic-4-pro-dji-rc-2\\\/#breadcrumb\",\"itemListElement\":[{\"@type\":\"ListItem\",\"position\":1,\"name\":\"Startseite\",\"item\":\"https:\\\/\\\/copterpro.de\\\/shop\\\/\"},{\"@type\":\"ListItem\",\"position\":2,\"name\":\"Shop\",\"item\":\"https:\\\/\\\/copterpro.de\\\/shop\\\/shop\\\/\"},{\"@type\":\"ListItem\",\"position\":3,\"name\":\"DJI Mavic 4 Pro (DJI RC 2)\"}]},{\"@type\":\"WebSite\",\"@id\":\"https:\\\/\\\/copterpro.de\\\/shop\\\/#website\",\"url\":\"https:\\\/\\\/copterpro.de\\\/shop\\\/\",\"name\":\"Copter Pro\",\"description\":\"\",\"publisher\":{\"@id\":\"https:\\\/\\\/copterpro.de\\\/shop\\\/#organization\"},\"potentialAction\":[{\"@type\":\"SearchAction\",\"target\":{\"@type\":\"EntryPoint\",\"urlTemplate\":\"https:\\\/\\\/copterpro.de\\\/shop\\\/?s={search_term_string}\"},\"query-input\":{\"@type\":\"PropertyValueSpecification\",\"valueRequired\":true,\"valueName\":\"search_term_string\"}}],\"inLanguage\":\"de\"},{\"@type\":\"Organization\",\"@id\":\"https:\\\/\\\/copterpro.de\\\/shop\\\/#organization\",\"name\":\"Copter Pro\",\"url\":\"https:\\\/\\\/copterpro.de\\\/shop\\\/\",\"logo\":{\"@type\":\"ImageObject\",\"inLanguage\":\"de\",\"@id\":\"https:\\\/\\\/copterpro.de\\\/shop\\\/#\\\/schema\\\/logo\\\/image\\\/\",\"url\":\"https:\\\/\\\/copterpro.de\\\/shop\\\/wp-content\\\/uploads\\\/2025\\\/04\\\/copterpro.svg\",\"contentUrl\":\"https:\\\/\\\/copterpro.de\\\/shop\\\/wp-content\\\/uploads\\\/2025\\\/04\\\/copterpro.svg\",\"caption\":\"Copter Pro\"},\"image\":{\"@id\":\"https:\\\/\\\/copterpro.de\\\/shop\\\/#\\\/schema\\\/logo\\\/image\\\/\"},\"sameAs\":[\"https:\\\/\\\/www.facebook.com\\\/copterprogmbh\"]}]}<\/script>\n<!-- \/ Yoast SEO plugin. -->","yoast_head_json":{"title":"DJI Mavic 4 Pro (DJI RC 2)","description":"Erlebe neue Ma\u00dfst\u00e4be in der Luftbildfotografie mit der DJI Mavic 4 Pro \u2013 100 MP Hasselblad-Kamera, 6K-Video, 51 Min. Flugzeit & Infinity-Gimbal.","robots":{"index":"index","follow":"follow","max-snippet":"max-snippet:-1","max-image-preview":"max-image-preview:large","max-video-preview":"max-video-preview:-1"},"canonical":"https:\/\/copterpro.de\/shop\/dji-hobby-kameraequipment\/dji-mavic-4-pro-dji-rc-2\/","og_locale":"de_DE","og_type":"article","og_title":"DJI Mavic 4 Pro (DJI RC 2)","og_description":"Erlebe neue Ma\u00dfst\u00e4be in der Luftbildfotografie mit der DJI Mavic 4 Pro \u2013 100 MP Hasselblad-Kamera, 6K-Video, 51 Min. Flugzeit & Infinity-Gimbal.","og_url":"https:\/\/copterpro.de\/shop\/dji-hobby-kameraequipment\/dji-mavic-4-pro-dji-rc-2\/","og_site_name":"Copter Pro","article_publisher":"https:\/\/www.facebook.com\/copterprogmbh","article_modified_time":"2026-03-22T02:43:12+00:00","og_image":[{"width":2560,"height":2560,"url":"https:\/\/copterpro.de\/shop\/wp-content\/uploads\/2025\/09\/2eb48c0646f24a56878b98b615104f91@origin.jpg","type":"image\/jpeg"}],"twitter_card":"summary_large_image","twitter_misc":{"Gesch\u00e4tzte Lesezeit":"9\u00a0Minuten"},"schema":{"@context":"https:\/\/schema.org","@graph":[{"@type":"WebPage","@id":"https:\/\/copterpro.de\/shop\/dji-hobby-kameraequipment\/dji-mavic-4-pro-dji-rc-2\/","url":"https:\/\/copterpro.de\/shop\/dji-hobby-kameraequipment\/dji-mavic-4-pro-dji-rc-2\/","name":"DJI Mavic 4 Pro (DJI RC 2)","isPartOf":{"@id":"https:\/\/copterpro.de\/shop\/#website"},"primaryImageOfPage":{"@id":"https:\/\/copterpro.de\/shop\/dji-hobby-kameraequipment\/dji-mavic-4-pro-dji-rc-2\/#primaryimage"},"image":{"@id":"https:\/\/copterpro.de\/shop\/dji-hobby-kameraequipment\/dji-mavic-4-pro-dji-rc-2\/#primaryimage"},"thumbnailUrl":"https:\/\/copterpro.de\/shop\/wp-content\/uploads\/2025\/09\/2eb48c0646f24a56878b98b615104f91@origin.jpg","datePublished":"2025-09-17T11:19:35+00:00","dateModified":"2026-03-22T02:43:12+00:00","description":"Erlebe neue Ma\u00dfst\u00e4be in der Luftbildfotografie mit der DJI Mavic 4 Pro \u2013 100 MP Hasselblad-Kamera, 6K-Video, 51 Min. Flugzeit & Infinity-Gimbal.","breadcrumb":{"@id":"https:\/\/copterpro.de\/shop\/dji-hobby-kameraequipment\/dji-mavic-4-pro-dji-rc-2\/#breadcrumb"},"inLanguage":"de","potentialAction":[{"@type":"ReadAction","target":["https:\/\/copterpro.de\/shop\/dji-hobby-kameraequipment\/dji-mavic-4-pro-dji-rc-2\/"]}]},{"@type":"ImageObject","inLanguage":"de","@id":"https:\/\/copterpro.de\/shop\/dji-hobby-kameraequipment\/dji-mavic-4-pro-dji-rc-2\/#primaryimage","url":"https:\/\/copterpro.de\/shop\/wp-content\/uploads\/2025\/09\/2eb48c0646f24a56878b98b615104f91@origin.jpg","contentUrl":"https:\/\/copterpro.de\/shop\/wp-content\/uploads\/2025\/09\/2eb48c0646f24a56878b98b615104f91@origin.jpg","width":2560,"height":2560,"caption":"DJI Mavic 4 Pro"},{"@type":"BreadcrumbList","@id":"https:\/\/copterpro.de\/shop\/dji-hobby-kameraequipment\/dji-mavic-4-pro-dji-rc-2\/#breadcrumb","itemListElement":[{"@type":"ListItem","position":1,"name":"Startseite","item":"https:\/\/copterpro.de\/shop\/"},{"@type":"ListItem","position":2,"name":"Shop","item":"https:\/\/copterpro.de\/shop\/shop\/"},{"@type":"ListItem","position":3,"name":"DJI Mavic 4 Pro (DJI RC 2)"}]},{"@type":"WebSite","@id":"https:\/\/copterpro.de\/shop\/#website","url":"https:\/\/copterpro.de\/shop\/","name":"Copter Pro","description":"","publisher":{"@id":"https:\/\/copterpro.de\/shop\/#organization"},"potentialAction":[{"@type":"SearchAction","target":{"@type":"EntryPoint","urlTemplate":"https:\/\/copterpro.de\/shop\/?s={search_term_string}"},"query-input":{"@type":"PropertyValueSpecification","valueRequired":true,"valueName":"search_term_string"}}],"inLanguage":"de"},{"@type":"Organization","@id":"https:\/\/copterpro.de\/shop\/#organization","name":"Copter Pro","url":"https:\/\/copterpro.de\/shop\/","logo":{"@type":"ImageObject","inLanguage":"de","@id":"https:\/\/copterpro.de\/shop\/#\/schema\/logo\/image\/","url":"https:\/\/copterpro.de\/shop\/wp-content\/uploads\/2025\/04\/copterpro.svg","contentUrl":"https:\/\/copterpro.de\/shop\/wp-content\/uploads\/2025\/04\/copterpro.svg","caption":"Copter Pro"},"image":{"@id":"https:\/\/copterpro.de\/shop\/#\/schema\/logo\/image\/"},"sameAs":["https:\/\/www.facebook.com\/copterprogmbh"]}]}},"_links":{"self":[{"href":"https:\/\/copterpro.de\/shop\/wp-json\/wp\/v2\/product\/14388","targetHints":{"allow":["GET"]}}],"collection":[{"href":"https:\/\/copterpro.de\/shop\/wp-json\/wp\/v2\/product"}],"about":[{"href":"https:\/\/copterpro.de\/shop\/wp-json\/wp\/v2\/types\/product"}],"wp:featuredmedia":[{"embeddable":true,"href":"https:\/\/copterpro.de\/shop\/wp-json\/wp\/v2\/media\/14381"}],"wp:attachment":[{"href":"https:\/\/copterpro.de\/shop\/wp-json\/wp\/v2\/media?parent=14388"}],"wp:term":[{"taxonomy":"product_brand","embeddable":true,"href":"https:\/\/copterpro.de\/shop\/wp-json\/wp\/v2\/product_brand?post=14388"},{"taxonomy":"product_cat","embeddable":true,"href":"https:\/\/copterpro.de\/shop\/wp-json\/wp\/v2\/product_cat?post=14388"},{"taxonomy":"product_tag","embeddable":true,"href":"https:\/\/copterpro.de\/shop\/wp-json\/wp\/v2\/product_tag?post=14388"}],"curies":[{"name":"wp","href":"https:\/\/api.w.org\/{rel}","templated":true}]}}