{"id":14411,"date":"2025-09-17T14:56:08","date_gmt":"2025-09-17T12:56:08","guid":{"rendered":"https:\/\/shop.copterpro.de\/?post_type=product&#038;p=14411"},"modified":"2026-01-09T16:45:58","modified_gmt":"2026-01-09T15:45:58","slug":"hikmicro-power-station-g300","status":"publish","type":"product","link":"https:\/\/copterpro.de\/shop\/zubehoer\/hikmicro-power-station-g300\/","title":{"rendered":"Hikmicro Power Station G300"},"content":{"rendered":"<h2>Hikmicro Power Station G300 (HM-PS03-G300)<\/h2>\n<p><strong>Lieferumfang:<\/strong><\/p>\n<ul>\n<li>G300<\/li>\n<li>Anleitung<\/li>\n<li>AC-Adapter<\/li>\n<li>Auto-Adapter<\/li>\n<li>Solar-Panel Adapter<\/li>\n<\/ul>\n<p>&nbsp;<\/p>\n<p><strong>Ausgabe<\/strong><br \/>\nAC-Ausgabe (2x): 210 V bis 245 VAC (50 Hz) (Einzeln: 300 W, Gesamt: 300 W, \u00dcberspannung 500 W)<br \/>\nUSB-A Ausgabe (3x): Einzeln: 5V, 2.4 A (12 W max. gesamt), Gesamt 30 W max.<br \/>\nUSB-C Ausgabe (1x): 5V-3A\/9V-3A\/15V-3A\/20V-3A (60 W max.)<br \/>\nAuto-Ausgabe (1x): 9-12.6 V \u2013 10A (120 W max.)<br \/>\nMaximale Ausgabe: 330 W (unterst\u00fctzt keine Gro\u00dfger\u00e4te, wie z.B. Mikrowelle, Kochplatte etc.)<\/p>\n<p><strong>Ausgabe (wenn AC-Ausgabe genutzt wird)<\/strong><br \/>\nAuto-Ausgabe: nein<br \/>\nAC-Ausgabe: \/<br \/>\nUSB-C Ausgabe: 15 W max.<br \/>\nUSB-A Ausgabe: Einzeln: 5V \u2013 2.4 A (12 W max.), Gesamt: 15 W max.<\/p>\n<p><strong>Ausgabe (wenn es geladen wird)<\/strong><br \/>\nAuto-Ausgabe: nein<br \/>\nAC-Ausgabe: nein<br \/>\nUSB-C Ausgabe: nein<br \/>\nUSB-A Ausgabe: Einzeln: 5V \u2013 2.4 A (12 W max.), Gesamt: 30 W max.<\/p>\n<p><strong>Eingabe (Laden)<\/strong><br \/>\nLadem\u00f6glichkeit: &#8211; DC-Eingang nutzen: Solar Panel, Autoanschluss<br \/>\n&#8211; AC-Adapter mit USB-C Port: USB-C Kabel<br \/>\nLadezeit: &#8211; USB-C Kabel: 5 bis 6 Stunden<br \/>\n&#8211; Solar-Panel: 7 bis 8 Stunden<br \/>\n&#8211; Autoanschluss: 10 bis 12 Stunden<br \/>\n&#8211; AC-Adapter: 7 bis 10 Stunden<br \/>\nDC 5521: Solar Panel &amp; Auto-Anschluss: 5 bis 24 V \u2013 2A (48W max.); AC-Adapter: 18V-2A (36W max.)<br \/>\nUSB-C: 5V \u2013 3A\/9V \u2013 3A\/15V \u2013 3A\/20V \u2013 3A (60W max.)<br \/>\nSolar Panel Eingabe: 12 bis 24 V \u2013 2A (48W max.)<\/p>\n<p><strong>Batterie<\/strong><br \/>\nBatterie: NCM Lithium-Ion<br \/>\nLebensdauer: 1000 Zyklen bis 80% Kapazit\u00e4t<br \/>\nKapazit\u00e4t: 313 W (10.95 V)<br \/>\nSysteme: \u00dcberspannungsschutz, \u00dcberladungsschutz, Hitzeschutz, Kurzschlussschutz, K\u00e4lteschutz, Unterspannungsschutz, \u00dcberstromschutz<\/p>\n<p><strong>Allgemein<\/strong><br \/>\nMa\u00dfe: 21.7 x 15.5 x 21.2 cm<br \/>\nGewicht: 3,61 kg<br \/>\nLadetemperatur: 0 bis 40\u00b0C<br \/>\nEntladungstemperatur: -10 bis 40\u00b0C<\/p>\n","protected":false},"excerpt":{"rendered":"<p><strong>Lieferumfang:<\/strong><\/p>\n<ul>\n<li>G300<\/li>\n<li>Anleitung<\/li>\n<li>AC-Adapter<\/li>\n<li>Auto-Adapter<\/li>\n<li>Solar-Panel Adapter<\/li>\n<\/ul>\n","protected":false},"featured_media":15155,"template":"","meta":{"_acf_changed":false,"_iconic_wsb_product_page_order_bump_ids":[[]],"_sku":[],"_iconic_wsb_product_page_bump_modal_ids":[[]]},"product_brand":[],"product_cat":[56],"product_tag":[],"class_list":{"0":"post-14411","1":"product","2":"type-product","3":"status-publish","4":"has-post-thumbnail","6":"product_cat-zubehoer","8":"first","9":"onbackorder","10":"sale","11":"taxable","12":"shipping-taxable","13":"purchasable","14":"product-type-simple"},"acf":[],"yoast_head":"<!-- This site is optimized with the Yoast SEO plugin v27.3 - https:\/\/yoast.com\/product\/yoast-seo-wordpress\/ -->\n<title>Hikmicro Power Station G300 Power Bank f\u00fcr Drohnen<\/title>\n<meta name=\"description\" content=\"Kompakte 300 W Powerstation f\u00fcr mobile Stromversorgung \u2013 perfekt f\u00fcr Camping, Jagd und Reisen.Ausgestattet mit USB-A, USB-C, AC- und Autoanschl\u00fcssen\" \/>\n<meta name=\"robots\" content=\"index, follow, max-snippet:-1, max-image-preview:large, max-video-preview:-1\" \/>\n<link rel=\"canonical\" href=\"https:\/\/copterpro.de\/shop\/zubehoer\/hikmicro-power-station-g300\/\" \/>\n<meta property=\"og:locale\" content=\"de_DE\" \/>\n<meta property=\"og:type\" content=\"article\" \/>\n<meta property=\"og:title\" content=\"Hikmicro Power Station G300 Power Bank f\u00fcr Drohnen\" \/>\n<meta property=\"og:description\" content=\"Kompakte 300 W Powerstation f\u00fcr mobile Stromversorgung \u2013 perfekt f\u00fcr Camping, Jagd und Reisen.Ausgestattet mit USB-A, USB-C, AC- und Autoanschl\u00fcssen\" \/>\n<meta property=\"og:url\" content=\"https:\/\/copterpro.de\/shop\/zubehoer\/hikmicro-power-station-g300\/\" \/>\n<meta property=\"og:site_name\" content=\"Copter Pro\" \/>\n<meta property=\"article:publisher\" content=\"https:\/\/www.facebook.com\/copterprogmbh\" \/>\n<meta property=\"article:modified_time\" content=\"2026-01-09T15:45:58+00:00\" \/>\n<meta property=\"og:image\" content=\"https:\/\/copterpro.de\/shop\/wp-content\/uploads\/2025\/09\/Hikmicro-Power-Station-G300.jpg\" \/>\n\t<meta property=\"og:image:width\" content=\"800\" \/>\n\t<meta property=\"og:image:height\" content=\"800\" \/>\n\t<meta property=\"og:image:type\" content=\"image\/jpeg\" \/>\n<meta name=\"twitter:card\" content=\"summary_large_image\" \/>\n<meta name=\"twitter:label1\" content=\"Gesch\u00e4tzte Lesezeit\" \/>\n\t<meta name=\"twitter:data1\" content=\"2\u00a0Minuten\" \/>\n<script type=\"application\/ld+json\" class=\"yoast-schema-graph\">{\"@context\":\"https:\\\/\\\/schema.org\",\"@graph\":[{\"@type\":\"WebPage\",\"@id\":\"https:\\\/\\\/copterpro.de\\\/shop\\\/zubehoer\\\/hikmicro-power-station-g300\\\/\",\"url\":\"https:\\\/\\\/copterpro.de\\\/shop\\\/zubehoer\\\/hikmicro-power-station-g300\\\/\",\"name\":\"Hikmicro Power Station G300 Power Bank f\u00fcr Drohnen\",\"isPartOf\":{\"@id\":\"https:\\\/\\\/copterpro.de\\\/shop\\\/#website\"},\"primaryImageOfPage\":{\"@id\":\"https:\\\/\\\/copterpro.de\\\/shop\\\/zubehoer\\\/hikmicro-power-station-g300\\\/#primaryimage\"},\"image\":{\"@id\":\"https:\\\/\\\/copterpro.de\\\/shop\\\/zubehoer\\\/hikmicro-power-station-g300\\\/#primaryimage\"},\"thumbnailUrl\":\"https:\\\/\\\/copterpro.de\\\/shop\\\/wp-content\\\/uploads\\\/2025\\\/09\\\/Hikmicro-Power-Station-G300.jpg\",\"datePublished\":\"2025-09-17T12:56:08+00:00\",\"dateModified\":\"2026-01-09T15:45:58+00:00\",\"description\":\"Kompakte 300 W Powerstation f\u00fcr mobile Stromversorgung \u2013 perfekt f\u00fcr Camping, Jagd und Reisen.Ausgestattet mit USB-A, USB-C, AC- und Autoanschl\u00fcssen\",\"breadcrumb\":{\"@id\":\"https:\\\/\\\/copterpro.de\\\/shop\\\/zubehoer\\\/hikmicro-power-station-g300\\\/#breadcrumb\"},\"inLanguage\":\"de\",\"potentialAction\":[{\"@type\":\"ReadAction\",\"target\":[\"https:\\\/\\\/copterpro.de\\\/shop\\\/zubehoer\\\/hikmicro-power-station-g300\\\/\"]}]},{\"@type\":\"ImageObject\",\"inLanguage\":\"de\",\"@id\":\"https:\\\/\\\/copterpro.de\\\/shop\\\/zubehoer\\\/hikmicro-power-station-g300\\\/#primaryimage\",\"url\":\"https:\\\/\\\/copterpro.de\\\/shop\\\/wp-content\\\/uploads\\\/2025\\\/09\\\/Hikmicro-Power-Station-G300.jpg\",\"contentUrl\":\"https:\\\/\\\/copterpro.de\\\/shop\\\/wp-content\\\/uploads\\\/2025\\\/09\\\/Hikmicro-Power-Station-G300.jpg\",\"width\":800,\"height\":800,\"caption\":\"Hikmicro Power Station G300\"},{\"@type\":\"BreadcrumbList\",\"@id\":\"https:\\\/\\\/copterpro.de\\\/shop\\\/zubehoer\\\/hikmicro-power-station-g300\\\/#breadcrumb\",\"itemListElement\":[{\"@type\":\"ListItem\",\"position\":1,\"name\":\"Startseite\",\"item\":\"https:\\\/\\\/copterpro.de\\\/shop\\\/\"},{\"@type\":\"ListItem\",\"position\":2,\"name\":\"Shop\",\"item\":\"https:\\\/\\\/copterpro.de\\\/shop\\\/shop\\\/\"},{\"@type\":\"ListItem\",\"position\":3,\"name\":\"Hikmicro Power Station G300\"}]},{\"@type\":\"WebSite\",\"@id\":\"https:\\\/\\\/copterpro.de\\\/shop\\\/#website\",\"url\":\"https:\\\/\\\/copterpro.de\\\/shop\\\/\",\"name\":\"Copter Pro\",\"description\":\"\",\"publisher\":{\"@id\":\"https:\\\/\\\/copterpro.de\\\/shop\\\/#organization\"},\"potentialAction\":[{\"@type\":\"SearchAction\",\"target\":{\"@type\":\"EntryPoint\",\"urlTemplate\":\"https:\\\/\\\/copterpro.de\\\/shop\\\/?s={search_term_string}\"},\"query-input\":{\"@type\":\"PropertyValueSpecification\",\"valueRequired\":true,\"valueName\":\"search_term_string\"}}],\"inLanguage\":\"de\"},{\"@type\":\"Organization\",\"@id\":\"https:\\\/\\\/copterpro.de\\\/shop\\\/#organization\",\"name\":\"Copter Pro\",\"url\":\"https:\\\/\\\/copterpro.de\\\/shop\\\/\",\"logo\":{\"@type\":\"ImageObject\",\"inLanguage\":\"de\",\"@id\":\"https:\\\/\\\/copterpro.de\\\/shop\\\/#\\\/schema\\\/logo\\\/image\\\/\",\"url\":\"https:\\\/\\\/copterpro.de\\\/shop\\\/wp-content\\\/uploads\\\/2025\\\/04\\\/copterpro.svg\",\"contentUrl\":\"https:\\\/\\\/copterpro.de\\\/shop\\\/wp-content\\\/uploads\\\/2025\\\/04\\\/copterpro.svg\",\"caption\":\"Copter Pro\"},\"image\":{\"@id\":\"https:\\\/\\\/copterpro.de\\\/shop\\\/#\\\/schema\\\/logo\\\/image\\\/\"},\"sameAs\":[\"https:\\\/\\\/www.facebook.com\\\/copterprogmbh\"]}]}<\/script>\n<!-- \/ Yoast SEO plugin. -->","yoast_head_json":{"title":"Hikmicro Power Station G300 Power Bank f\u00fcr Drohnen","description":"Kompakte 300 W Powerstation f\u00fcr mobile Stromversorgung \u2013 perfekt f\u00fcr Camping, Jagd und Reisen.Ausgestattet mit USB-A, USB-C, AC- und Autoanschl\u00fcssen","robots":{"index":"index","follow":"follow","max-snippet":"max-snippet:-1","max-image-preview":"max-image-preview:large","max-video-preview":"max-video-preview:-1"},"canonical":"https:\/\/copterpro.de\/shop\/zubehoer\/hikmicro-power-station-g300\/","og_locale":"de_DE","og_type":"article","og_title":"Hikmicro Power Station G300 Power Bank f\u00fcr Drohnen","og_description":"Kompakte 300 W Powerstation f\u00fcr mobile Stromversorgung \u2013 perfekt f\u00fcr Camping, Jagd und Reisen.Ausgestattet mit USB-A, USB-C, AC- und Autoanschl\u00fcssen","og_url":"https:\/\/copterpro.de\/shop\/zubehoer\/hikmicro-power-station-g300\/","og_site_name":"Copter Pro","article_publisher":"https:\/\/www.facebook.com\/copterprogmbh","article_modified_time":"2026-01-09T15:45:58+00:00","og_image":[{"width":800,"height":800,"url":"https:\/\/copterpro.de\/shop\/wp-content\/uploads\/2025\/09\/Hikmicro-Power-Station-G300.jpg","type":"image\/jpeg"}],"twitter_card":"summary_large_image","twitter_misc":{"Gesch\u00e4tzte Lesezeit":"2\u00a0Minuten"},"schema":{"@context":"https:\/\/schema.org","@graph":[{"@type":"WebPage","@id":"https:\/\/copterpro.de\/shop\/zubehoer\/hikmicro-power-station-g300\/","url":"https:\/\/copterpro.de\/shop\/zubehoer\/hikmicro-power-station-g300\/","name":"Hikmicro Power Station G300 Power Bank f\u00fcr Drohnen","isPartOf":{"@id":"https:\/\/copterpro.de\/shop\/#website"},"primaryImageOfPage":{"@id":"https:\/\/copterpro.de\/shop\/zubehoer\/hikmicro-power-station-g300\/#primaryimage"},"image":{"@id":"https:\/\/copterpro.de\/shop\/zubehoer\/hikmicro-power-station-g300\/#primaryimage"},"thumbnailUrl":"https:\/\/copterpro.de\/shop\/wp-content\/uploads\/2025\/09\/Hikmicro-Power-Station-G300.jpg","datePublished":"2025-09-17T12:56:08+00:00","dateModified":"2026-01-09T15:45:58+00:00","description":"Kompakte 300 W Powerstation f\u00fcr mobile Stromversorgung \u2013 perfekt f\u00fcr Camping, Jagd und Reisen.Ausgestattet mit USB-A, USB-C, AC- und Autoanschl\u00fcssen","breadcrumb":{"@id":"https:\/\/copterpro.de\/shop\/zubehoer\/hikmicro-power-station-g300\/#breadcrumb"},"inLanguage":"de","potentialAction":[{"@type":"ReadAction","target":["https:\/\/copterpro.de\/shop\/zubehoer\/hikmicro-power-station-g300\/"]}]},{"@type":"ImageObject","inLanguage":"de","@id":"https:\/\/copterpro.de\/shop\/zubehoer\/hikmicro-power-station-g300\/#primaryimage","url":"https:\/\/copterpro.de\/shop\/wp-content\/uploads\/2025\/09\/Hikmicro-Power-Station-G300.jpg","contentUrl":"https:\/\/copterpro.de\/shop\/wp-content\/uploads\/2025\/09\/Hikmicro-Power-Station-G300.jpg","width":800,"height":800,"caption":"Hikmicro Power Station G300"},{"@type":"BreadcrumbList","@id":"https:\/\/copterpro.de\/shop\/zubehoer\/hikmicro-power-station-g300\/#breadcrumb","itemListElement":[{"@type":"ListItem","position":1,"name":"Startseite","item":"https:\/\/copterpro.de\/shop\/"},{"@type":"ListItem","position":2,"name":"Shop","item":"https:\/\/copterpro.de\/shop\/shop\/"},{"@type":"ListItem","position":3,"name":"Hikmicro Power Station G300"}]},{"@type":"WebSite","@id":"https:\/\/copterpro.de\/shop\/#website","url":"https:\/\/copterpro.de\/shop\/","name":"Copter Pro","description":"","publisher":{"@id":"https:\/\/copterpro.de\/shop\/#organization"},"potentialAction":[{"@type":"SearchAction","target":{"@type":"EntryPoint","urlTemplate":"https:\/\/copterpro.de\/shop\/?s={search_term_string}"},"query-input":{"@type":"PropertyValueSpecification","valueRequired":true,"valueName":"search_term_string"}}],"inLanguage":"de"},{"@type":"Organization","@id":"https:\/\/copterpro.de\/shop\/#organization","name":"Copter Pro","url":"https:\/\/copterpro.de\/shop\/","logo":{"@type":"ImageObject","inLanguage":"de","@id":"https:\/\/copterpro.de\/shop\/#\/schema\/logo\/image\/","url":"https:\/\/copterpro.de\/shop\/wp-content\/uploads\/2025\/04\/copterpro.svg","contentUrl":"https:\/\/copterpro.de\/shop\/wp-content\/uploads\/2025\/04\/copterpro.svg","caption":"Copter Pro"},"image":{"@id":"https:\/\/copterpro.de\/shop\/#\/schema\/logo\/image\/"},"sameAs":["https:\/\/www.facebook.com\/copterprogmbh"]}]}},"_links":{"self":[{"href":"https:\/\/copterpro.de\/shop\/wp-json\/wp\/v2\/product\/14411","targetHints":{"allow":["GET"]}}],"collection":[{"href":"https:\/\/copterpro.de\/shop\/wp-json\/wp\/v2\/product"}],"about":[{"href":"https:\/\/copterpro.de\/shop\/wp-json\/wp\/v2\/types\/product"}],"wp:featuredmedia":[{"embeddable":true,"href":"https:\/\/copterpro.de\/shop\/wp-json\/wp\/v2\/media\/15155"}],"wp:attachment":[{"href":"https:\/\/copterpro.de\/shop\/wp-json\/wp\/v2\/media?parent=14411"}],"wp:term":[{"taxonomy":"product_brand","embeddable":true,"href":"https:\/\/copterpro.de\/shop\/wp-json\/wp\/v2\/product_brand?post=14411"},{"taxonomy":"product_cat","embeddable":true,"href":"https:\/\/copterpro.de\/shop\/wp-json\/wp\/v2\/product_cat?post=14411"},{"taxonomy":"product_tag","embeddable":true,"href":"https:\/\/copterpro.de\/shop\/wp-json\/wp\/v2\/product_tag?post=14411"}],"curies":[{"name":"wp","href":"https:\/\/api.w.org\/{rel}","templated":true}]}}