{"id":14656,"date":"2025-10-20T16:24:13","date_gmt":"2025-10-20T14:24:13","guid":{"rendered":"https:\/\/shop.copterpro.de\/?post_type=product&#038;p=14656"},"modified":"2025-12-15T15:27:43","modified_gmt":"2025-12-15T14:27:43","slug":"dji-fly-cart-30","status":"publish","type":"product","link":"https:\/\/copterpro.de\/shop\/dji-komplettsets\/dji-fly-cart-30\/","title":{"rendered":"DJI Fly Cart 30"},"content":{"rendered":"<p><strong>Lieferumfang:<\/strong><\/p>\n<p>1x Flugger\u00e4t<br \/>\n1x Fernsteuerung<br \/>\n1x Tragegurt f\u00fcr Fernsteuerung<br \/>\n1x Netzkabel<br \/>\n1x USB-A auf USB-C Kabel<br \/>\n1x USB-C auf USB-C Kabel<br \/>\n1x WB 37 Akku<br \/>\n1x Akkudeckel<br \/>\n1x DJI USB-C Netzteil (100W)<br \/>\n1x Schutzbrille<br \/>\n1x Werkzeuge<\/p>\n<p>&nbsp;<\/p>\n<p><strong>DJI FlyCart 30<\/strong><\/p>\n<p>Einer der Haupteinsatzbereiche der DJI FlyCart 30 ist der Warentransport. Die DJI FlyCart 30 ist eine leistungsstarke Transportdrohne f\u00fcr gro\u00dfe Entfernungen, die sich durch Signalst\u00e4rke und Intelligenz auszeichnet. Sie unterst\u00fctzt den Frachtmodus und den Windenmodus und \u00fcberschreitet die traditionellen logistischen Grenzen, um eine sichere, wirtschaftliche und effiziente Transportl\u00f6sung auf dem Luftweg zu bieten.<\/p>\n<p><strong>Schwere Nutzlasen, gro\u00dfe Reichweite<\/strong><\/p>\n<ul>\n<li>Maximale Nutzlast von 30 kg<\/li>\n<li>Flugdistanz ohne Nutzlast von 28 km<\/li>\n<li>Flugdistanz mit voller Nutzlast von 16 km<\/li>\n<li>H\u00f6chstgeschwindigkeit von 20 m\/s<br \/>\nDie ersten drei Angaben beziehen sich auf den Betrieb mit zwei Akkus.<\/li>\n<\/ul>\n<p><strong>Gebaut f\u00fcr extreme Bedingungen<\/strong><\/p>\n<ul>\n<li>Max. Flugh\u00f6he von 6.000 m<\/li>\n<li>Betriebstemperatur -20 \u00b0C bis 45 \u00b0C<\/li>\n<li>Windgeschwindigkeitsresistenz 12 m\/s<\/li>\n<\/ul>\n<p><strong>Starkes Signal<\/strong><\/p>\n<ul>\n<li>Video\u00fcbertragung mit O3 von 20 km<\/li>\n<li>Dualer Betriebsmodus<\/li>\n<li>Hochaufl\u00f6sende FPV-Gimbal-Kamera<\/li>\n<\/ul>\n<p><strong>Erweiterte Sicherheit und intelligente Funktionen<\/strong><\/p>\n<ul>\n<li>IP55-Schutz und Korrosionsbest\u00e4ndigkeit<\/li>\n<li>Duales Radar, duale binokulare Sicht, intelligente Hinderniserkennung<\/li>\n<li>Duale Akkus und Fallschirm<\/li>\n<\/ul>\n<p><strong>Praktische Konfigurationen<\/strong><\/p>\n<ul>\n<li>Zusammenklappbar<\/li>\n<li>EPP-Koffer mit 70 l Fassungsverm\u00f6gen<\/li>\n<li>Windensystem<\/li>\n<\/ul>\n<p><strong>Vollautomatischer Betrieb<\/strong><\/p>\n<ul>\n<li>DJI \u200ePilot \u200e2<\/li>\n<li>DJI DeliveryHub<\/li>\n<li>Health Management System<\/li>\n<\/ul>\n<p><strong>Konzipiert f\u00fcr die Auslieferung<\/strong><br \/>\nLiefert Waren, die gebraucht werden, dorthin, wo sie gebraucht werden.<br \/>\nHohe Nutzlastkapazit\u00e4t und gro\u00dfe Flugdistanz \u00fcberwinden logistische Beschr\u00e4nkungen f\u00fcr die Zustellung der n\u00e4chsten Generation.<\/p>\n<ul>\n<li>30 kg Maximale Nutzlast (zwei Akkus)<\/li>\n<li>40 kg Maximale Nutzlast (ein Akku)<\/li>\n<li>28 km Maximale Flugdistanz ohne Nutzlast (zwei Akkus)<\/li>\n<li>16 km Maximale Flugdistanz mit voller Nutzlast (zwei Akkus)<\/li>\n<li>20 m\/sMaximale Fluggeschwindigkeit (mit Propellern aus Kohlefaser)<\/li>\n<li>15 m\/s Reisefluggeschwindigkeit<\/li>\n<\/ul>\n<p><strong>Leistung bei jedem Wetter<\/strong><br \/>\nH\u00e4lt rund um die Uhr den Betrieb in extremen H\u00f6hen und unter extremen Wetterbedingungen aus.<\/p>\n<ul>\n<li>6000 m Max. Flugh\u00f6he<\/li>\n<li>-20 \u00b0C bis 45 \u00b0C Betriebstemperatur<\/li>\n<li>IP55 Schutzart<\/li>\n<li>12 m\/s Maximale Windgeschwindigkeitsresistenz<\/li>\n<\/ul>\n<p><strong>Sicherheit und Verl\u00e4sslichkeit bei der Zustellung<\/strong><br \/>\nGarantierte Sicherheit vom Abheben bis zur Landung.<\/p>\n<p><strong>Einstellungen f\u00fcr Ausweichlandepl\u00e4tze<\/strong><br \/>\nMehrere Ausweichlandepl\u00e4tze f\u00fcr eine sichere Landung im Notfall k\u00f6nnen eingestellt werden.<\/p>\n<p><strong>Schutz beim Abheben und Landen<\/strong><br \/>\nMehrere Funktionen sorgen f\u00fcr ein sicheres Abheben und Landen, einschlie\u00dflich akustischer und optischer Warnsignale, einer 6-sek\u00fcndigen Verz\u00f6gerung der Propellerdrehung und einer zweiten Best\u00e4tigung der Landung. Ein optional integrierbares RTK-Modul erm\u00f6glicht eine zentimetergenaue Positionsbestimmung, um die Sicherheit beim Abheben und Landen weiter zu erh\u00f6hen.<\/p>\n<p><strong>Integrierter Fallschirm<\/strong><br \/>\nEin integrierter Fallschirm kann sich in geringer H\u00f6he \u00f6ffnen und die Drohne im Notfall stabil landen. Der Fallschirm verf\u00fcgt \u00fcber einen eigenen Selbsttest beim Start, eine unabh\u00e4ngige Stromversorgung, Ton- und Lichtwarnungen, und die Propeller stoppen die Rotation vor dem \u00d6ffnen.<\/p>\n<p><strong>Intelligente Hinderniserkennung<\/strong><br \/>\nDie DJI FlyCart 30 ist mit einem vorderen und hinteren phasengesteuerte Rundstrahlradar und einem dualen binokularen Sichtsystem ausgestattet, um eine intelligente, multidirektionale Hinderniserkennung zu erm\u00f6glichen. Ein eingebauter ADS-B-Signalempf\u00e4nger erkennt und warnt vor bemannten Flugzeugen in der N\u00e4he.<\/p>\n<p><strong>Mehrschichtige Redundanz<\/strong><br \/>\nDie DJI FlyCart 30 zeichnet sich durch eine hohe Redundanz aus, um die Flugsicherheit auch in schwierigen Umgebungen zu gew\u00e4hrleisten. Wenn die Drohne mit einem dualen Akkusystem betrieben wird und ein Akku w\u00e4hrend des Fluges ausf\u00e4llt, h\u00e4lt der andere Akku die Drohne in der Luft und sorgt f\u00fcr eine sichere R\u00fcckkehr.<\/p>\n<p><strong>Stabile Video\u00fcbertragung \u00fcber gro\u00dfe Entfernungen<\/strong><br \/>\nDie DJI FlyCart 30 unterst\u00fctzt die DJI O3-Video\u00fcbertragung \u00fcber eine Entfernung von bis zu 20 km. Das Transceiver-System mit vier Antennen w\u00e4hlt auf intelligente Weise die optimale Antenne f\u00fcr die Signal\u00fcbertragung aus und verbessert die Anti-Interferenz-F\u00e4higkeiten.<\/p>\n<p><strong>M\u00fchelose Steuerung<\/strong><br \/>\nDie DJI RC Plus verf\u00fcgt \u00fcber einen 7-Zoll-Bildschirm mit starker Helligkeit und unterst\u00fctzt den Dual-Operator-Modus[9]. In diesem Modus k\u00f6nnen zwei Bediener bequem Steuerungsberechtigungen gegenseitig austauschen, um unterschiedliche Betriebsanforderungen zu erf\u00fcllen.<\/p>\n<p><strong>Gebaut f\u00fcr schwierige Umgebungen<\/strong><\/p>\n<ul>\n<li>IP54 zertifiziert \/ Wasser- und staubdicht<\/li>\n<li>-20 \u00b0C bis 50 \u00b0C \/ Einsetzbar in hei\u00dfen und kalten Umgebungen<\/li>\n<\/ul>\n<p><strong>Stabile \u00dcbertragung und lange Lebensdauer der Akkus<\/strong><\/p>\n<p><strong>O3-Video\u00fcbertragung mit vier Antennen mit einer Reichweite von 20 km<\/strong><br \/>\nW\u00e4hlt intelligent die optimale Antenne f\u00fcr die Signal\u00fcbertragung aus, um eine stabilere Video\u00fcbertragung zu gew\u00e4hrleisten.<\/p>\n<p><strong>Verbesserte 4G-Video\u00fcbertragung<\/strong><br \/>\nDie Fernsteuerung kann sich mit einem WLAN-Netzwerk verbinden oder mithilfe des erweiterten Video\u00fcbertragungsmoduls von DJI eine Verbindung zu einem Mobilfunknetz herstellen, um eine verbesserte 4G-Video\u00fcbertragung zu erm\u00f6glichen.<\/p>\n<p><strong>6 Stunden lange Akkulaufzeit<\/strong><br \/>\nInterne und externe Akkus versorgen die Steuerung 6 Stunden lang mit Strom und erm\u00f6glichen Hot-Swapping f\u00fcr einen nahtlosen, ununterbrochenen Flugbetrieb.<\/p>\n<p><strong>Auswahl der Nutzlastkonfiguration<\/strong><br \/>\nDer Frachtmodus oder der Windenmodus erleichtern je nach Bestimmungsort die Zustellung der Nutzlast.<\/p>\n<p><strong>Frachtmodus: Optimiert und stabil<\/strong><\/p>\n<ul>\n<li>Max. Kapazit\u00e4t von 70 l<\/li>\n<li>Maximale Nutzlast (zwei Akkus) von 30 kg<\/li>\n<li>Maximale Nutzlast (ein Akku) von 40 kg<\/li>\n<\/ul>\n<p>Die DJI FlyCart 30 wird standardm\u00e4\u00dfig mit einem EPP-Fach geliefert, das ein einfaches Be- und Entladen erm\u00f6glicht.<br \/>\nDie Erkennung von Gewicht und Schwerpunkt gew\u00e4hrleistet eine ausgewogene Beladung f\u00fcr einen sicheren und stabilen Flug.<\/p>\n<p><strong>Windenmodus: Flexibel und pr\u00e4zise<\/strong><\/p>\n<ul>\n<li>Maximale Nutzlast (zwei Akkus) von 30 kg<\/li>\n<li>Maximale Nutzlast (ein Akku) von 40 kg<\/li>\n<li>Maximale Ausl\u00f6segeschwindigkeit 0,8 m\/s<\/li>\n<li>Maximale Ausl\u00f6sel\u00e4nge 20 m<\/li>\n<\/ul>\n<p>*Das Windensystem-Kit ist separat erh\u00e4ltlich<\/p>\n<p>Die mit der Winde bef\u00f6rderte Ladung wird \u00fcber ein nach unten f\u00fchrendes Seil bef\u00f6rdert, das entweder manuell oder automatisch gesteuert werden kann. Die Fracht wird beim Aufsetzen automatisch ausgel\u00f6st und muss nicht manuell gel\u00f6st werden, was eine sichere und pr\u00e4zise Zustellung gew\u00e4hrleistet.<\/p>\n<p>Die DJI FlyCart 30 kann ihre Lage intelligent anpassen, um Pendelbewegungen der Ladung zu minimieren und die Stabilit\u00e4t zu verbessern. In extremen Situationen, in denen sich die h\u00e4ngende Ladung verf\u00e4ngt oder verheddert, haben Sie die M\u00f6glichkeit, das Windenkabel zu erhitzen und zu durchtrennen, um die Drohne zu befreien.<\/p>\n<p><strong>Eine L\u00f6sung aus einer Hand f\u00fcr die vereinfachte Zustellung mit Drohnen<\/strong><br \/>\nDie DJI Pilot 2 und der DJI DeliveryHub bieten eine leistungsstarke, effiziente und flexible L\u00f6sung aus einer Hand f\u00fcr das Management der Zustellung mit Drohnen.<\/p>\n<p><strong>Vereinfachte Zustellung<\/strong><br \/>\nAuf der DJI Pilot 2 werden Flugstatus, Frachtstatus und andere interaktive Funktionen f\u00fcr einen effizienten und sicheren Betrieb mit DJI FlyCart 30 in Echtzeit angezeigt.<\/p>\n<p><strong>Flugsicherheitswarnungen in Echtzeit<\/strong><br \/>\nLadezustand der Akkus, Leistungsstatus und Kilometerstand werden in Echtzeit angezeigt, und die Erreichbarkeit des Zielpunkts wird \u00fcberwacht, um die Betriebssicherheit zu gew\u00e4hrleisten.<br \/>\nBei extremen Wetterbedingungen oder anderen Anomalien warnt die DJI Pilot 2 vor Risiken und unterst\u00fctzt die Verwaltung alternativer Landepl\u00e4tze.<\/p>\n<p><strong>Intelligente Unterst\u00fctzung f\u00fcr erh\u00f6hte Effizienz<\/strong><\/p>\n<p><strong>Frachtstatus<\/strong><br \/>\nDie DJI Pilot 2 kann den Frachtstatus visuell anzeigen und das Windensystem f\u00fcr eine effiziente Zustellung intelligent steuern.<\/p>\n<p><strong>Tempomat<\/strong><br \/>\nBei Langstreckenfl\u00fcgen und stabilen Fl\u00fcgen kann die Geschwindigkeitsregelung dazu beitragen, die Erm\u00fcdung des Piloten zu verringern.<\/p>\n<p><strong>Gel\u00e4ndeverfolgung in Echtzeit<\/strong><br \/>\nDas H\u00f6henprofil zeigt Ihnen die Gel\u00e4ndever\u00e4nderungen und die Umgebung in Echtzeit an.<\/p>\n<p><strong>AR-Projektion<\/strong><br \/>\nDie AR-Projektion unterst\u00fctzt den Piloten bei der pr\u00e4zisen Landung und dem Absetzen der Fracht.<\/p>\n<p><strong>Routenaufzeichnung<\/strong><br \/>\nFlugrouten k\u00f6nnen aufgezeichnet und automatisch erneut geflogen werden.<\/p>\n<p><strong>Zusammenarbeit \u00fcber mehrere Terminals hinweg<\/strong><br \/>\nDer DJI DeliveryHub ist eine zentrale Plattform f\u00fcr die Verwaltung der Zustellung aus der Luft. Sie erm\u00f6glicht eine effiziente Einsatzplanung, eine umfassende \u00dcberwachung des Einsatzstatus, eine zentralisierte Verwaltung der Teamressourcen sowie die Sammlung und Analyse von Daten.<\/p>\n<p><strong>Aufgabenplanung und -durchf\u00fchrung<\/strong><br \/>\nAufgaben und Ger\u00e4te k\u00f6nnen aus der Ferne erstellt, geplant und zugewiesen werden. Sicherheitspr\u00fcfung und Abheben k\u00f6nnen mit nur einem Fingertipp best\u00e4tigt werden. H\u00f6here Effizienz und automatische Durchf\u00fchrung geplanter Zustellungsaufgaben auf der Grundlage aufgezeichneter Flugrouten.<\/p>\n<p><strong>Umfassende Status\u00fcberwachung<\/strong><br \/>\nDer Status von Drohnen und Aufgaben wird \u00fcber eine 2,5D-Basiskarte \u00fcberwacht.<br \/>\nAuf einer Live-Ansicht direkt von der hochaufl\u00f6senden FPV-Gimbal-Kamera der Drohne wird die Flugumgebung angezeigt.<br \/>\nBei Anomalien werden Warnungen ausgegeben, und der Pilot kann manuell eingreifen, um die Flugsicherheit zu gew\u00e4hrleisten. Durch die Anzeige von Statusmeldungen auf mehreren Terminals ist die Zusammenarbeit mit Teamkollegen m\u00f6glich.<\/p>\n<p><strong>Zentrales Ressourcenmanagement f\u00fcr Teams<\/strong><br \/>\nAuf Grundlage einer 2,5D-Basiskarte lassen sich komplexe Flugrouten schnell planen.<br \/>\nMarkierte Standorte und alternative Landepl\u00e4tze k\u00f6nnen f\u00fcr eine effiziente Zusammenarbeit und Koordination im Team verwaltet werden. \u00dcberwachung des Gesundheitszustands der Drohne, der Wartungsinformationen und des DJI Care-Status.<br \/>\nStatistische Daten zu Drohne, Route und Zeit k\u00f6nnen angezeigt werden, um die Effizienz zu bewerten und zuk\u00fcnftige Abl\u00e4ufe zu optimieren.<\/p>\n","protected":false},"excerpt":{"rendered":"<p><span data-da-style=\"true\"><strong>Lieferumfang: <\/strong><\/span><\/p>\n<ul>\n<li><span data-da-style=\"true\">1x Matrice 400<\/span><\/li>\n<li>1x RC Plus 2 Enterprise Enhanced<\/li>\n<li>1x RC Plus 2 sub2G-SDR-Modul<\/li>\n<li>1x RC Plus 2 Tragegurt und Halterungsset<\/li>\n<li>1x Matrice 400 2510F Propeller<\/li>\n<li>1x Matrice 400 Gimbal-D\u00e4mpfer<\/li>\n<li>1x Matrice 400 Transportkoffer<\/li>\n<li>1x Kalibrierabdeckung f\u00fcr rotierenden LiDAR<\/li>\n<li>1x Vorderer Propellerhalter<\/li>\n<li>1x Hinterer Propellerhalter<\/li>\n<li>1x USB-C auf USB-C Datenkabel<\/li>\n<li>1x WB37 Akku<\/li>\n<li>2x E-Port V2 Gummiabdeckung<\/li>\n<li>4x Schrauben f\u00fcr Gummistopfen (2\u00d72)<\/li>\n<li>1x Schrauben und Werkzeuge<\/li>\n<li>1x Reinigungswerkzeug-Set<\/li>\n<\/ul>\n","protected":false},"featured_media":14653,"template":"","meta":{"_acf_changed":false,"_iconic_wsb_product_page_order_bump_ids":[[]],"_sku":[],"_iconic_wsb_product_page_bump_modal_ids":[[]]},"product_brand":[],"product_cat":[41,166],"product_tag":[],"class_list":{"0":"post-14656","1":"product","2":"type-product","3":"status-publish","4":"has-post-thumbnail","6":"product_cat-dji-komplettsets","7":"product_cat-transportdrohne","9":"first","10":"instock","11":"taxable","12":"shipping-taxable","13":"product-type-simple"},"acf":[],"yoast_head":"<!-- This site is optimized with the Yoast SEO plugin v27.3 - https:\/\/yoast.com\/product\/yoast-seo-wordpress\/ -->\n<title>DJI Matrice M400 f\u00fcr Beh\u00f6rden und Inspektion<\/title>\n<meta name=\"description\" content=\"Leistungsstarke Drohnenplattform f\u00fcr Industrie, Rettung und Inspektion. DJI Matrice 400 mit bis zu 59 Min. Flugzeit, 6 kg Nutzlast und Hinderniserkennung.\" \/>\n<meta name=\"robots\" content=\"index, follow, max-snippet:-1, max-image-preview:large, max-video-preview:-1\" \/>\n<link rel=\"canonical\" href=\"https:\/\/copterpro.de\/shop\/dji-komplettsets\/dji-fly-cart-30\/\" \/>\n<meta property=\"og:locale\" content=\"de_DE\" \/>\n<meta property=\"og:type\" content=\"article\" \/>\n<meta property=\"og:title\" content=\"DJI Matrice M400 f\u00fcr Beh\u00f6rden und Inspektion\" \/>\n<meta property=\"og:description\" content=\"Leistungsstarke Drohnenplattform f\u00fcr Industrie, Rettung und Inspektion. DJI Matrice 400 mit bis zu 59 Min. Flugzeit, 6 kg Nutzlast und Hinderniserkennung.\" \/>\n<meta property=\"og:url\" content=\"https:\/\/copterpro.de\/shop\/dji-komplettsets\/dji-fly-cart-30\/\" \/>\n<meta property=\"og:site_name\" content=\"Copter Pro\" \/>\n<meta property=\"article:publisher\" content=\"https:\/\/www.facebook.com\/copterprogmbh\" \/>\n<meta property=\"article:modified_time\" content=\"2025-12-15T14:27:43+00:00\" \/>\n<meta property=\"og:image\" content=\"https:\/\/copterpro.de\/shop\/wp-content\/uploads\/2025\/10\/dji-flycart-30-de10-1.webp\" \/>\n\t<meta property=\"og:image:width\" content=\"800\" \/>\n\t<meta property=\"og:image:height\" content=\"512\" \/>\n\t<meta property=\"og:image:type\" content=\"image\/webp\" \/>\n<meta name=\"twitter:card\" content=\"summary_large_image\" \/>\n<meta name=\"twitter:label1\" content=\"Gesch\u00e4tzte Lesezeit\" \/>\n\t<meta name=\"twitter:data1\" content=\"8\u00a0Minuten\" \/>\n<script type=\"application\/ld+json\" class=\"yoast-schema-graph\">{\"@context\":\"https:\\\/\\\/schema.org\",\"@graph\":[{\"@type\":\"WebPage\",\"@id\":\"https:\\\/\\\/copterpro.de\\\/shop\\\/dji-komplettsets\\\/dji-fly-cart-30\\\/\",\"url\":\"https:\\\/\\\/copterpro.de\\\/shop\\\/dji-komplettsets\\\/dji-fly-cart-30\\\/\",\"name\":\"DJI Matrice M400 f\u00fcr Beh\u00f6rden und Inspektion\",\"isPartOf\":{\"@id\":\"https:\\\/\\\/copterpro.de\\\/shop\\\/#website\"},\"primaryImageOfPage\":{\"@id\":\"https:\\\/\\\/copterpro.de\\\/shop\\\/dji-komplettsets\\\/dji-fly-cart-30\\\/#primaryimage\"},\"image\":{\"@id\":\"https:\\\/\\\/copterpro.de\\\/shop\\\/dji-komplettsets\\\/dji-fly-cart-30\\\/#primaryimage\"},\"thumbnailUrl\":\"https:\\\/\\\/copterpro.de\\\/shop\\\/wp-content\\\/uploads\\\/2025\\\/10\\\/dji-flycart-30-de10-1.webp\",\"datePublished\":\"2025-10-20T14:24:13+00:00\",\"dateModified\":\"2025-12-15T14:27:43+00:00\",\"description\":\"Leistungsstarke Drohnenplattform f\u00fcr Industrie, Rettung und Inspektion. DJI Matrice 400 mit bis zu 59 Min. Flugzeit, 6 kg Nutzlast und Hinderniserkennung.\",\"breadcrumb\":{\"@id\":\"https:\\\/\\\/copterpro.de\\\/shop\\\/dji-komplettsets\\\/dji-fly-cart-30\\\/#breadcrumb\"},\"inLanguage\":\"de\",\"potentialAction\":[{\"@type\":\"ReadAction\",\"target\":[\"https:\\\/\\\/copterpro.de\\\/shop\\\/dji-komplettsets\\\/dji-fly-cart-30\\\/\"]}]},{\"@type\":\"ImageObject\",\"inLanguage\":\"de\",\"@id\":\"https:\\\/\\\/copterpro.de\\\/shop\\\/dji-komplettsets\\\/dji-fly-cart-30\\\/#primaryimage\",\"url\":\"https:\\\/\\\/copterpro.de\\\/shop\\\/wp-content\\\/uploads\\\/2025\\\/10\\\/dji-flycart-30-de10-1.webp\",\"contentUrl\":\"https:\\\/\\\/copterpro.de\\\/shop\\\/wp-content\\\/uploads\\\/2025\\\/10\\\/dji-flycart-30-de10-1.webp\",\"width\":800,\"height\":512},{\"@type\":\"BreadcrumbList\",\"@id\":\"https:\\\/\\\/copterpro.de\\\/shop\\\/dji-komplettsets\\\/dji-fly-cart-30\\\/#breadcrumb\",\"itemListElement\":[{\"@type\":\"ListItem\",\"position\":1,\"name\":\"Startseite\",\"item\":\"https:\\\/\\\/copterpro.de\\\/shop\\\/\"},{\"@type\":\"ListItem\",\"position\":2,\"name\":\"Shop\",\"item\":\"https:\\\/\\\/copterpro.de\\\/shop\\\/shop\\\/\"},{\"@type\":\"ListItem\",\"position\":3,\"name\":\"DJI Fly Cart 30\"}]},{\"@type\":\"WebSite\",\"@id\":\"https:\\\/\\\/copterpro.de\\\/shop\\\/#website\",\"url\":\"https:\\\/\\\/copterpro.de\\\/shop\\\/\",\"name\":\"Copter Pro\",\"description\":\"\",\"publisher\":{\"@id\":\"https:\\\/\\\/copterpro.de\\\/shop\\\/#organization\"},\"potentialAction\":[{\"@type\":\"SearchAction\",\"target\":{\"@type\":\"EntryPoint\",\"urlTemplate\":\"https:\\\/\\\/copterpro.de\\\/shop\\\/?s={search_term_string}\"},\"query-input\":{\"@type\":\"PropertyValueSpecification\",\"valueRequired\":true,\"valueName\":\"search_term_string\"}}],\"inLanguage\":\"de\"},{\"@type\":\"Organization\",\"@id\":\"https:\\\/\\\/copterpro.de\\\/shop\\\/#organization\",\"name\":\"Copter Pro\",\"url\":\"https:\\\/\\\/copterpro.de\\\/shop\\\/\",\"logo\":{\"@type\":\"ImageObject\",\"inLanguage\":\"de\",\"@id\":\"https:\\\/\\\/copterpro.de\\\/shop\\\/#\\\/schema\\\/logo\\\/image\\\/\",\"url\":\"https:\\\/\\\/copterpro.de\\\/shop\\\/wp-content\\\/uploads\\\/2025\\\/04\\\/copterpro.svg\",\"contentUrl\":\"https:\\\/\\\/copterpro.de\\\/shop\\\/wp-content\\\/uploads\\\/2025\\\/04\\\/copterpro.svg\",\"caption\":\"Copter Pro\"},\"image\":{\"@id\":\"https:\\\/\\\/copterpro.de\\\/shop\\\/#\\\/schema\\\/logo\\\/image\\\/\"},\"sameAs\":[\"https:\\\/\\\/www.facebook.com\\\/copterprogmbh\"]}]}<\/script>\n<!-- \/ Yoast SEO plugin. -->","yoast_head_json":{"title":"DJI Matrice M400 f\u00fcr Beh\u00f6rden und Inspektion","description":"Leistungsstarke Drohnenplattform f\u00fcr Industrie, Rettung und Inspektion. DJI Matrice 400 mit bis zu 59 Min. Flugzeit, 6 kg Nutzlast und Hinderniserkennung.","robots":{"index":"index","follow":"follow","max-snippet":"max-snippet:-1","max-image-preview":"max-image-preview:large","max-video-preview":"max-video-preview:-1"},"canonical":"https:\/\/copterpro.de\/shop\/dji-komplettsets\/dji-fly-cart-30\/","og_locale":"de_DE","og_type":"article","og_title":"DJI Matrice M400 f\u00fcr Beh\u00f6rden und Inspektion","og_description":"Leistungsstarke Drohnenplattform f\u00fcr Industrie, Rettung und Inspektion. DJI Matrice 400 mit bis zu 59 Min. Flugzeit, 6 kg Nutzlast und Hinderniserkennung.","og_url":"https:\/\/copterpro.de\/shop\/dji-komplettsets\/dji-fly-cart-30\/","og_site_name":"Copter Pro","article_publisher":"https:\/\/www.facebook.com\/copterprogmbh","article_modified_time":"2025-12-15T14:27:43+00:00","og_image":[{"width":800,"height":512,"url":"https:\/\/copterpro.de\/shop\/wp-content\/uploads\/2025\/10\/dji-flycart-30-de10-1.webp","type":"image\/webp"}],"twitter_card":"summary_large_image","twitter_misc":{"Gesch\u00e4tzte Lesezeit":"8\u00a0Minuten"},"schema":{"@context":"https:\/\/schema.org","@graph":[{"@type":"WebPage","@id":"https:\/\/copterpro.de\/shop\/dji-komplettsets\/dji-fly-cart-30\/","url":"https:\/\/copterpro.de\/shop\/dji-komplettsets\/dji-fly-cart-30\/","name":"DJI Matrice M400 f\u00fcr Beh\u00f6rden und Inspektion","isPartOf":{"@id":"https:\/\/copterpro.de\/shop\/#website"},"primaryImageOfPage":{"@id":"https:\/\/copterpro.de\/shop\/dji-komplettsets\/dji-fly-cart-30\/#primaryimage"},"image":{"@id":"https:\/\/copterpro.de\/shop\/dji-komplettsets\/dji-fly-cart-30\/#primaryimage"},"thumbnailUrl":"https:\/\/copterpro.de\/shop\/wp-content\/uploads\/2025\/10\/dji-flycart-30-de10-1.webp","datePublished":"2025-10-20T14:24:13+00:00","dateModified":"2025-12-15T14:27:43+00:00","description":"Leistungsstarke Drohnenplattform f\u00fcr Industrie, Rettung und Inspektion. DJI Matrice 400 mit bis zu 59 Min. Flugzeit, 6 kg Nutzlast und Hinderniserkennung.","breadcrumb":{"@id":"https:\/\/copterpro.de\/shop\/dji-komplettsets\/dji-fly-cart-30\/#breadcrumb"},"inLanguage":"de","potentialAction":[{"@type":"ReadAction","target":["https:\/\/copterpro.de\/shop\/dji-komplettsets\/dji-fly-cart-30\/"]}]},{"@type":"ImageObject","inLanguage":"de","@id":"https:\/\/copterpro.de\/shop\/dji-komplettsets\/dji-fly-cart-30\/#primaryimage","url":"https:\/\/copterpro.de\/shop\/wp-content\/uploads\/2025\/10\/dji-flycart-30-de10-1.webp","contentUrl":"https:\/\/copterpro.de\/shop\/wp-content\/uploads\/2025\/10\/dji-flycart-30-de10-1.webp","width":800,"height":512},{"@type":"BreadcrumbList","@id":"https:\/\/copterpro.de\/shop\/dji-komplettsets\/dji-fly-cart-30\/#breadcrumb","itemListElement":[{"@type":"ListItem","position":1,"name":"Startseite","item":"https:\/\/copterpro.de\/shop\/"},{"@type":"ListItem","position":2,"name":"Shop","item":"https:\/\/copterpro.de\/shop\/shop\/"},{"@type":"ListItem","position":3,"name":"DJI Fly Cart 30"}]},{"@type":"WebSite","@id":"https:\/\/copterpro.de\/shop\/#website","url":"https:\/\/copterpro.de\/shop\/","name":"Copter Pro","description":"","publisher":{"@id":"https:\/\/copterpro.de\/shop\/#organization"},"potentialAction":[{"@type":"SearchAction","target":{"@type":"EntryPoint","urlTemplate":"https:\/\/copterpro.de\/shop\/?s={search_term_string}"},"query-input":{"@type":"PropertyValueSpecification","valueRequired":true,"valueName":"search_term_string"}}],"inLanguage":"de"},{"@type":"Organization","@id":"https:\/\/copterpro.de\/shop\/#organization","name":"Copter Pro","url":"https:\/\/copterpro.de\/shop\/","logo":{"@type":"ImageObject","inLanguage":"de","@id":"https:\/\/copterpro.de\/shop\/#\/schema\/logo\/image\/","url":"https:\/\/copterpro.de\/shop\/wp-content\/uploads\/2025\/04\/copterpro.svg","contentUrl":"https:\/\/copterpro.de\/shop\/wp-content\/uploads\/2025\/04\/copterpro.svg","caption":"Copter Pro"},"image":{"@id":"https:\/\/copterpro.de\/shop\/#\/schema\/logo\/image\/"},"sameAs":["https:\/\/www.facebook.com\/copterprogmbh"]}]}},"_links":{"self":[{"href":"https:\/\/copterpro.de\/shop\/wp-json\/wp\/v2\/product\/14656","targetHints":{"allow":["GET"]}}],"collection":[{"href":"https:\/\/copterpro.de\/shop\/wp-json\/wp\/v2\/product"}],"about":[{"href":"https:\/\/copterpro.de\/shop\/wp-json\/wp\/v2\/types\/product"}],"wp:featuredmedia":[{"embeddable":true,"href":"https:\/\/copterpro.de\/shop\/wp-json\/wp\/v2\/media\/14653"}],"wp:attachment":[{"href":"https:\/\/copterpro.de\/shop\/wp-json\/wp\/v2\/media?parent=14656"}],"wp:term":[{"taxonomy":"product_brand","embeddable":true,"href":"https:\/\/copterpro.de\/shop\/wp-json\/wp\/v2\/product_brand?post=14656"},{"taxonomy":"product_cat","embeddable":true,"href":"https:\/\/copterpro.de\/shop\/wp-json\/wp\/v2\/product_cat?post=14656"},{"taxonomy":"product_tag","embeddable":true,"href":"https:\/\/copterpro.de\/shop\/wp-json\/wp\/v2\/product_tag?post=14656"}],"curies":[{"name":"wp","href":"https:\/\/api.w.org\/{rel}","templated":true}]}}