{"id":14866,"date":"2025-10-28T16:12:52","date_gmt":"2025-10-28T15:12:52","guid":{"rendered":"https:\/\/shop.copterpro.de\/?post_type=product&#038;p=14866"},"modified":"2025-12-15T15:27:41","modified_gmt":"2025-12-15T14:27:41","slug":"individuelle-vor-ort-schulung","status":"publish","type":"product","link":"https:\/\/copterpro.de\/shop\/vor-ort\/individuelle-vor-ort-schulung\/","title":{"rendered":"Individuelle vor Ort Schulung"},"content":{"rendered":"<div class=\"con-kit-animation__atom\" data-atom=\"header\" data-id=\"3367f23e-c9c0-4cbb-8ccd-3934856d276c\" data-mode=\"vertical\" data-atom-horizontal=\"left\" data-atom-vertical=\"middle\">\n<div class=\"con-kit-atom-header\">\n<div class=\"con-kit-component-header\" data-text-prop=\"text\" data-font-kit-type=\"l\">Du m\u00f6chtest den professionellen Umgang mit Drohnen erlernen oder Dein bestehendes Wissen gezielt erweitern? In unserer individuellen Vor-Ort-Schulung bei uns im Haus erh\u00e4ltst Du ein ma\u00dfgeschneidertes Drohnentraining, das genau auf Deine Anforderungen und Deinen Kenntnisstand abgestimmt ist.<\/div>\n<\/div>\n<\/div>\n<div data-quark=\"block\" data-font-kit-type=\"l\" data-block-key=\"8r4b3\">\n<div class=\"con-kit-component-grid-list-item con-kit-animation__item con-kit-component-grid-list-item--last-row con-kit-component-grid-list-item--last-of-row con-kit-component-grid-list-item--last-in-row con-kit-animation__grid_item\">\n<div class=\"con-kit-molecule-grid-item\" data-kit-radius=\"4\" data-child-id=\"3cafd61e-10ba-4880-9750-6d6bc0b2aad6\" data-kit-align-horizontal=\"left\" data-kit-align-vertical=\"top\" data-kit-frame=\"transparent\" data-kit-has-fixed=\"false\">\n<div class=\"con-kit-component-atom-list\">\n<div class=\"con-kit-animation__atom\" data-atom=\"plain-text\" data-id=\"50e9b0c5-4c25-4ce9-97e6-588469d0993a\" data-parent-id=\"48577d8f-982e-4eff-a888-e887b444e87a\" data-mode=\"vertical\" data-atom-horizontal=\"left\" data-atom-vertical=\"top\">\n<div class=\"con-kit-component-spacer\">\n<p>In unserer Schulungsumgebung vermitteln wir Dir praxisnahes Wissen rund um den sicheren, effizienten und professionellen Einsatz von Drohnen \u2013 mit Fokus auf Deine Branche und Deine Ziele.<\/p>\n<p>Du profitierst von unserer langj\u00e4hrigen Erfahrung in der Drohnenbranche und erh\u00e4ltst fundiertes, praxisnahes Wissen, das Du nach der Schulung selbstst\u00e4ndig anwenden kannst. Wir zeigen Dir, wie Du Drohnentechnologie sicher, effizient und zukunftsorientiert einsetzt \u2013 Du setzt das Gelernte in Deinem eigenen Umfeld um.<\/p>\n<p>Warum unsere Schulung?<\/p>\n<ul>\n<li>Ma\u00dfgeschneidertes Training bei uns im Haus<\/li>\n<li>Praxisnahes Coaching durch erfahrene Drohnenprofis<\/li>\n<li>Individuelle Inhalte f\u00fcr Bau, Industrie, Vermessung, Marketing u. v. m.<\/li>\n<li>Aktuelle Technik und rechtssichere Schulungsinhalte<\/li>\n<\/ul>\n<p>Lerne Drohnentechnologie gezielt einzusetzen \u2013 mit einer individuellen Vor-Ort-Schulung bei uns, die Wissen vermittelt, das wirklich in der Praxis funktioniert.<\/p>\n<\/div>\n<\/div>\n<\/div>\n<\/div>\n<\/div>\n<\/div>\n","protected":false},"excerpt":{"rendered":"<p>Du m\u00f6chtest den professionellen Umgang mit Drohnen erlernen oder Dein bestehendes Wissen gezielt erweitern? In unserer individuellen Vor-Ort-Schulung bei uns im Haus erh\u00e4ltst Du ein ma\u00dfgeschneidertes Drohnentraining, das genau auf Deine Anforderungen und Deinen Kenntnisstand abgestimmt ist. In unserer Schulungsumgebung vermitteln wir Dir praxisnahes Wissen rund um den sicheren, effizienten [&hellip;]<\/p>\n","protected":false},"featured_media":15149,"template":"","meta":{"_acf_changed":false,"_iconic_wsb_product_page_order_bump_ids":[[]],"_sku":[],"_iconic_wsb_product_page_bump_modal_ids":[[]]},"product_brand":[],"product_cat":[136],"product_tag":[],"class_list":{"0":"post-14866","1":"product","2":"type-product","3":"status-publish","4":"has-post-thumbnail","6":"product_cat-vor-ort","8":"first","9":"instock","10":"taxable","11":"shipping-taxable","12":"product-type-simple"},"acf":[],"yoast_head":"<!-- This site is optimized with the Yoast SEO plugin v27.3 - https:\/\/yoast.com\/product\/yoast-seo-wordpress\/ -->\n<title>Individuelle vor Ort Schulung - Copter Pro<\/title>\n<meta name=\"robots\" content=\"index, follow, max-snippet:-1, max-image-preview:large, max-video-preview:-1\" \/>\n<link rel=\"canonical\" href=\"https:\/\/copterpro.de\/shop\/vor-ort\/individuelle-vor-ort-schulung\/\" \/>\n<meta property=\"og:locale\" content=\"de_DE\" \/>\n<meta property=\"og:type\" content=\"article\" \/>\n<meta property=\"og:title\" content=\"Individuelle vor Ort Schulung - Copter Pro\" \/>\n<meta property=\"og:description\" content=\"Du m\u00f6chtest den professionellen Umgang mit Drohnen erlernen oder Dein bestehendes Wissen gezielt erweitern? In unserer individuellen Vor-Ort-Schulung bei uns im Haus erh\u00e4ltst Du ein ma\u00dfgeschneidertes Drohnentraining, das genau auf Deine Anforderungen und Deinen Kenntnisstand abgestimmt ist. In unserer Schulungsumgebung vermitteln wir Dir praxisnahes Wissen rund um den sicheren, effizienten [&hellip;]\" \/>\n<meta property=\"og:url\" content=\"https:\/\/copterpro.de\/shop\/vor-ort\/individuelle-vor-ort-schulung\/\" \/>\n<meta property=\"og:site_name\" content=\"Copter Pro\" \/>\n<meta property=\"article:publisher\" content=\"https:\/\/www.facebook.com\/copterprogmbh\" \/>\n<meta property=\"article:modified_time\" content=\"2025-12-15T14:27:41+00:00\" \/>\n<meta property=\"og:image\" content=\"https:\/\/copterpro.de\/shop\/wp-content\/uploads\/2025\/10\/individuelle_Schulung.jpg\" \/>\n\t<meta property=\"og:image:width\" content=\"800\" \/>\n\t<meta property=\"og:image:height\" content=\"800\" \/>\n\t<meta property=\"og:image:type\" content=\"image\/jpeg\" \/>\n<meta name=\"twitter:card\" content=\"summary_large_image\" \/>\n<meta name=\"twitter:label1\" content=\"Gesch\u00e4tzte Lesezeit\" \/>\n\t<meta name=\"twitter:data1\" content=\"2\u00a0Minuten\" \/>\n<script type=\"application\/ld+json\" class=\"yoast-schema-graph\">{\"@context\":\"https:\\\/\\\/schema.org\",\"@graph\":[{\"@type\":\"WebPage\",\"@id\":\"https:\\\/\\\/copterpro.de\\\/shop\\\/vor-ort\\\/individuelle-vor-ort-schulung\\\/\",\"url\":\"https:\\\/\\\/copterpro.de\\\/shop\\\/vor-ort\\\/individuelle-vor-ort-schulung\\\/\",\"name\":\"Individuelle vor Ort Schulung - Copter Pro\",\"isPartOf\":{\"@id\":\"https:\\\/\\\/copterpro.de\\\/shop\\\/#website\"},\"primaryImageOfPage\":{\"@id\":\"https:\\\/\\\/copterpro.de\\\/shop\\\/vor-ort\\\/individuelle-vor-ort-schulung\\\/#primaryimage\"},\"image\":{\"@id\":\"https:\\\/\\\/copterpro.de\\\/shop\\\/vor-ort\\\/individuelle-vor-ort-schulung\\\/#primaryimage\"},\"thumbnailUrl\":\"https:\\\/\\\/copterpro.de\\\/shop\\\/wp-content\\\/uploads\\\/2025\\\/10\\\/individuelle_Schulung.jpg\",\"datePublished\":\"2025-10-28T15:12:52+00:00\",\"dateModified\":\"2025-12-15T14:27:41+00:00\",\"breadcrumb\":{\"@id\":\"https:\\\/\\\/copterpro.de\\\/shop\\\/vor-ort\\\/individuelle-vor-ort-schulung\\\/#breadcrumb\"},\"inLanguage\":\"de\",\"potentialAction\":[{\"@type\":\"ReadAction\",\"target\":[\"https:\\\/\\\/copterpro.de\\\/shop\\\/vor-ort\\\/individuelle-vor-ort-schulung\\\/\"]}]},{\"@type\":\"ImageObject\",\"inLanguage\":\"de\",\"@id\":\"https:\\\/\\\/copterpro.de\\\/shop\\\/vor-ort\\\/individuelle-vor-ort-schulung\\\/#primaryimage\",\"url\":\"https:\\\/\\\/copterpro.de\\\/shop\\\/wp-content\\\/uploads\\\/2025\\\/10\\\/individuelle_Schulung.jpg\",\"contentUrl\":\"https:\\\/\\\/copterpro.de\\\/shop\\\/wp-content\\\/uploads\\\/2025\\\/10\\\/individuelle_Schulung.jpg\",\"width\":800,\"height\":800,\"caption\":\"Individuelle Schulungen f\u00fcr dein Drohnenprojekt\"},{\"@type\":\"BreadcrumbList\",\"@id\":\"https:\\\/\\\/copterpro.de\\\/shop\\\/vor-ort\\\/individuelle-vor-ort-schulung\\\/#breadcrumb\",\"itemListElement\":[{\"@type\":\"ListItem\",\"position\":1,\"name\":\"Startseite\",\"item\":\"https:\\\/\\\/copterpro.de\\\/shop\\\/\"},{\"@type\":\"ListItem\",\"position\":2,\"name\":\"Shop\",\"item\":\"https:\\\/\\\/copterpro.de\\\/shop\\\/shop\\\/\"},{\"@type\":\"ListItem\",\"position\":3,\"name\":\"Individuelle vor Ort Schulung\"}]},{\"@type\":\"WebSite\",\"@id\":\"https:\\\/\\\/copterpro.de\\\/shop\\\/#website\",\"url\":\"https:\\\/\\\/copterpro.de\\\/shop\\\/\",\"name\":\"Copter Pro\",\"description\":\"\",\"publisher\":{\"@id\":\"https:\\\/\\\/copterpro.de\\\/shop\\\/#organization\"},\"potentialAction\":[{\"@type\":\"SearchAction\",\"target\":{\"@type\":\"EntryPoint\",\"urlTemplate\":\"https:\\\/\\\/copterpro.de\\\/shop\\\/?s={search_term_string}\"},\"query-input\":{\"@type\":\"PropertyValueSpecification\",\"valueRequired\":true,\"valueName\":\"search_term_string\"}}],\"inLanguage\":\"de\"},{\"@type\":\"Organization\",\"@id\":\"https:\\\/\\\/copterpro.de\\\/shop\\\/#organization\",\"name\":\"Copter Pro\",\"url\":\"https:\\\/\\\/copterpro.de\\\/shop\\\/\",\"logo\":{\"@type\":\"ImageObject\",\"inLanguage\":\"de\",\"@id\":\"https:\\\/\\\/copterpro.de\\\/shop\\\/#\\\/schema\\\/logo\\\/image\\\/\",\"url\":\"https:\\\/\\\/copterpro.de\\\/shop\\\/wp-content\\\/uploads\\\/2025\\\/04\\\/copterpro.svg\",\"contentUrl\":\"https:\\\/\\\/copterpro.de\\\/shop\\\/wp-content\\\/uploads\\\/2025\\\/04\\\/copterpro.svg\",\"caption\":\"Copter Pro\"},\"image\":{\"@id\":\"https:\\\/\\\/copterpro.de\\\/shop\\\/#\\\/schema\\\/logo\\\/image\\\/\"},\"sameAs\":[\"https:\\\/\\\/www.facebook.com\\\/copterprogmbh\"]}]}<\/script>\n<!-- \/ Yoast SEO plugin. -->","yoast_head_json":{"title":"Individuelle vor Ort Schulung - Copter Pro","robots":{"index":"index","follow":"follow","max-snippet":"max-snippet:-1","max-image-preview":"max-image-preview:large","max-video-preview":"max-video-preview:-1"},"canonical":"https:\/\/copterpro.de\/shop\/vor-ort\/individuelle-vor-ort-schulung\/","og_locale":"de_DE","og_type":"article","og_title":"Individuelle vor Ort Schulung - Copter Pro","og_description":"Du m\u00f6chtest den professionellen Umgang mit Drohnen erlernen oder Dein bestehendes Wissen gezielt erweitern? In unserer individuellen Vor-Ort-Schulung bei uns im Haus erh\u00e4ltst Du ein ma\u00dfgeschneidertes Drohnentraining, das genau auf Deine Anforderungen und Deinen Kenntnisstand abgestimmt ist. In unserer Schulungsumgebung vermitteln wir Dir praxisnahes Wissen rund um den sicheren, effizienten [&hellip;]","og_url":"https:\/\/copterpro.de\/shop\/vor-ort\/individuelle-vor-ort-schulung\/","og_site_name":"Copter Pro","article_publisher":"https:\/\/www.facebook.com\/copterprogmbh","article_modified_time":"2025-12-15T14:27:41+00:00","og_image":[{"width":800,"height":800,"url":"https:\/\/copterpro.de\/shop\/wp-content\/uploads\/2025\/10\/individuelle_Schulung.jpg","type":"image\/jpeg"}],"twitter_card":"summary_large_image","twitter_misc":{"Gesch\u00e4tzte Lesezeit":"2\u00a0Minuten"},"schema":{"@context":"https:\/\/schema.org","@graph":[{"@type":"WebPage","@id":"https:\/\/copterpro.de\/shop\/vor-ort\/individuelle-vor-ort-schulung\/","url":"https:\/\/copterpro.de\/shop\/vor-ort\/individuelle-vor-ort-schulung\/","name":"Individuelle vor Ort Schulung - Copter Pro","isPartOf":{"@id":"https:\/\/copterpro.de\/shop\/#website"},"primaryImageOfPage":{"@id":"https:\/\/copterpro.de\/shop\/vor-ort\/individuelle-vor-ort-schulung\/#primaryimage"},"image":{"@id":"https:\/\/copterpro.de\/shop\/vor-ort\/individuelle-vor-ort-schulung\/#primaryimage"},"thumbnailUrl":"https:\/\/copterpro.de\/shop\/wp-content\/uploads\/2025\/10\/individuelle_Schulung.jpg","datePublished":"2025-10-28T15:12:52+00:00","dateModified":"2025-12-15T14:27:41+00:00","breadcrumb":{"@id":"https:\/\/copterpro.de\/shop\/vor-ort\/individuelle-vor-ort-schulung\/#breadcrumb"},"inLanguage":"de","potentialAction":[{"@type":"ReadAction","target":["https:\/\/copterpro.de\/shop\/vor-ort\/individuelle-vor-ort-schulung\/"]}]},{"@type":"ImageObject","inLanguage":"de","@id":"https:\/\/copterpro.de\/shop\/vor-ort\/individuelle-vor-ort-schulung\/#primaryimage","url":"https:\/\/copterpro.de\/shop\/wp-content\/uploads\/2025\/10\/individuelle_Schulung.jpg","contentUrl":"https:\/\/copterpro.de\/shop\/wp-content\/uploads\/2025\/10\/individuelle_Schulung.jpg","width":800,"height":800,"caption":"Individuelle Schulungen f\u00fcr dein Drohnenprojekt"},{"@type":"BreadcrumbList","@id":"https:\/\/copterpro.de\/shop\/vor-ort\/individuelle-vor-ort-schulung\/#breadcrumb","itemListElement":[{"@type":"ListItem","position":1,"name":"Startseite","item":"https:\/\/copterpro.de\/shop\/"},{"@type":"ListItem","position":2,"name":"Shop","item":"https:\/\/copterpro.de\/shop\/shop\/"},{"@type":"ListItem","position":3,"name":"Individuelle vor Ort Schulung"}]},{"@type":"WebSite","@id":"https:\/\/copterpro.de\/shop\/#website","url":"https:\/\/copterpro.de\/shop\/","name":"Copter Pro","description":"","publisher":{"@id":"https:\/\/copterpro.de\/shop\/#organization"},"potentialAction":[{"@type":"SearchAction","target":{"@type":"EntryPoint","urlTemplate":"https:\/\/copterpro.de\/shop\/?s={search_term_string}"},"query-input":{"@type":"PropertyValueSpecification","valueRequired":true,"valueName":"search_term_string"}}],"inLanguage":"de"},{"@type":"Organization","@id":"https:\/\/copterpro.de\/shop\/#organization","name":"Copter Pro","url":"https:\/\/copterpro.de\/shop\/","logo":{"@type":"ImageObject","inLanguage":"de","@id":"https:\/\/copterpro.de\/shop\/#\/schema\/logo\/image\/","url":"https:\/\/copterpro.de\/shop\/wp-content\/uploads\/2025\/04\/copterpro.svg","contentUrl":"https:\/\/copterpro.de\/shop\/wp-content\/uploads\/2025\/04\/copterpro.svg","caption":"Copter Pro"},"image":{"@id":"https:\/\/copterpro.de\/shop\/#\/schema\/logo\/image\/"},"sameAs":["https:\/\/www.facebook.com\/copterprogmbh"]}]}},"_links":{"self":[{"href":"https:\/\/copterpro.de\/shop\/wp-json\/wp\/v2\/product\/14866","targetHints":{"allow":["GET"]}}],"collection":[{"href":"https:\/\/copterpro.de\/shop\/wp-json\/wp\/v2\/product"}],"about":[{"href":"https:\/\/copterpro.de\/shop\/wp-json\/wp\/v2\/types\/product"}],"wp:featuredmedia":[{"embeddable":true,"href":"https:\/\/copterpro.de\/shop\/wp-json\/wp\/v2\/media\/15149"}],"wp:attachment":[{"href":"https:\/\/copterpro.de\/shop\/wp-json\/wp\/v2\/media?parent=14866"}],"wp:term":[{"taxonomy":"product_brand","embeddable":true,"href":"https:\/\/copterpro.de\/shop\/wp-json\/wp\/v2\/product_brand?post=14866"},{"taxonomy":"product_cat","embeddable":true,"href":"https:\/\/copterpro.de\/shop\/wp-json\/wp\/v2\/product_cat?post=14866"},{"taxonomy":"product_tag","embeddable":true,"href":"https:\/\/copterpro.de\/shop\/wp-json\/wp\/v2\/product_tag?post=14866"}],"curies":[{"name":"wp","href":"https:\/\/api.w.org\/{rel}","templated":true}]}}