{"id":14941,"date":"2025-10-31T11:38:58","date_gmt":"2025-10-31T10:38:58","guid":{"rendered":"https:\/\/shop.copterpro.de\/?post_type=product&#038;p=14941"},"modified":"2026-01-03T19:23:05","modified_gmt":"2026-01-03T18:23:05","slug":"dji-care-refresh-dji-air-3s-1-jahr-karte","status":"publish","type":"product","link":"https:\/\/copterpro.de\/shop\/dji-care\/dji-care-refresh-dji-air-3s-1-jahr-karte\/","title":{"rendered":"DJI Care Refresh (DJI Air 3S) 1 Jahr (Karte)"},"content":{"rendered":"<p><strong>DJI Care Refresh (DJI Air 3S) 1 Jahr (Karte)<\/strong><\/p>\n<ul>\n<li>Bis zu 2 g\u00fcnstige Austauschger\u00e4te<\/li>\n<li>Flyaway-, Wasser- und Unfallschutz<\/li>\n<li>Kostenloser Hin- und R\u00fcckversand bei Ersatz<\/li>\n<\/ul>\n<p><strong>Umfassender Schutz f\u00fcr Produkte von DJI<\/strong><br \/>\nDJI Care Refresh ist ein umfassender und zuverl\u00e4ssiger Schutz vor zahlreichen Unfallsch\u00e4den und vor nat\u00fcrlicher Abnutzung.<\/p>\n<ul>\n<li>Kollision<\/li>\n<li>Wassersch\u00e4den<\/li>\n<li>Flyaway<\/li>\n<li>Normaler Verschlei\u00df<\/li>\n<\/ul>\n<p><strong>Austauschservice f\u00fcr ein ruhiges Gewissen<\/strong><br \/>\nDu kannst dein Produkt bei einem Unfall gegen eine geringe Geb\u00fchr austauschen lassen. Die Austauschger\u00e4te sind brandneue Produkte oder entsprechen in Leistung und Zuverl\u00e4ssigkeit brandneuen Produkten.<\/p>\n<ul>\n<li>Austauschgeb\u00fchr: 99 Euro<\/li>\n<li>Flyaway-Schutz: 429 Euro<\/li>\n<\/ul>\n<p><strong>DJI Care Refresh ist ab sofort verl\u00e4ngerbar<\/strong><br \/>\nDJI Care Refresh l\u00e4sst sich bis sp\u00e4testens 15 Tage nach Ablauf der aktuellen Vertragslaufzeit auf eine maximale Gesamtlaufzeit von 3 Jahren verl\u00e4ngern.<\/p>\n<p>DJI Care Refresh 1 Jahr: Kann 2x um jeweils 1 Jahr verl\u00e4ngert werden (sp\u00e4testens innerhalb der 15-t\u00e4gigen Frist nach Ablauf des aktuellen Care-Schutzes)<\/p>\n<p><strong><span data-da-style=\"true\">Achtung: DJI Care Refresh 1 Jahr kann nicht mit DJI Care Refresh 2 Jahre verl\u00e4ngert werden.<\/span><\/strong><\/p>\n<p><strong>Spare wertvolle Zeit<\/strong><br \/>\nDie neue Express-Option gibt dir die M\u00f6glichkeit, den Prozess zur Schadenseinsch\u00e4tzung komplett zu \u00fcberspringen. Ein DJI Service-Center schickt dir sofort nach Erhalt der besch\u00e4digten Drohne ein Ersatzger\u00e4t zu.<\/p>\n<p><strong>Kostenloser Versand<\/strong><br \/>\nDJI kommt f\u00fcr die Kosten des Versands auf, falls das Produkt f\u00fcr den Tausch gegen ein Ersatzger\u00e4t eingeschickt wird.<\/p>\n<p><span data-da-style=\"true\"><strong>Wichtiger Hinweis:<br \/>\nDJI Care kann nur bei Neukauf bzw. sp\u00e4testens innerhalb von 48 Std nach der ersten Aktivierung zugebucht und registriert werden, bitte beachte dies. Du erwirbst hier lediglich den Aktivierungscode zur Registrierung bei DJI. Jegliche Serviceanspr\u00fcche bzw. Dienstleistungen sind direkt mit DJI abzuwickeln. Nach Aktivierung des Codes ist kein Widerruf des Care mehr m\u00f6glich!<\/strong><\/span><\/p>\n","protected":false},"excerpt":{"rendered":"<p>DJI Care Refresh (DJI Air 3S) 1 Jahr (Karte) Bis zu 2 g\u00fcnstige Austauschger\u00e4te Flyaway-, Wasser- und Unfallschutz Kostenloser Hin- und R\u00fcckversand bei Ersatz Umfassender Schutz f\u00fcr Produkte von DJI DJI Care Refresh ist ein umfassender und zuverl\u00e4ssiger Schutz vor zahlreichen Unfallsch\u00e4den und vor nat\u00fcrlicher Abnutzung. Kollision Wassersch\u00e4den Flyaway Normaler [&hellip;]<\/p>\n","protected":false},"featured_media":14940,"template":"","meta":{"_acf_changed":false,"_iconic_wsb_product_page_order_bump_ids":[[]],"_sku":["CP00082-1-2-1-1"],"_iconic_wsb_product_page_bump_modal_ids":[[]]},"product_brand":[],"product_cat":[39],"product_tag":[],"class_list":{"0":"post-14941","1":"product","2":"type-product","3":"status-publish","4":"has-post-thumbnail","6":"product_cat-dji-care","8":"first","9":"instock","10":"virtual","11":"taxable","12":"purchasable","13":"product-type-simple"},"acf":[],"yoast_head":"<!-- This site is optimized with the Yoast SEO plugin v27.4 - https:\/\/yoast.com\/product\/yoast-seo-wordpress\/ -->\n<title>DJI Care Refresh (DJI Air 3S) 1 Jahr (Karte) - Copter Pro<\/title>\n<meta name=\"description\" content=\"Die einfachste und beste Versicherung f\u00fcr deine DJI Air 3S. \u00dcberlass nichts dem Zufall. Flyaway-, Wasser- und Unfallschutz f\u00fcr deine Mini\" \/>\n<meta name=\"robots\" content=\"index, follow, max-snippet:-1, max-image-preview:large, max-video-preview:-1\" \/>\n<link rel=\"canonical\" href=\"https:\/\/copterpro.de\/shop\/dji-care\/dji-care-refresh-dji-air-3s-1-jahr-karte\/\" \/>\n<meta property=\"og:locale\" content=\"de_DE\" \/>\n<meta property=\"og:type\" content=\"article\" \/>\n<meta property=\"og:title\" content=\"DJI Care Refresh (DJI Air 3S) 1 Jahr (Karte) - Copter Pro\" \/>\n<meta property=\"og:description\" content=\"Die einfachste und beste Versicherung f\u00fcr deine DJI Air 3S. \u00dcberlass nichts dem Zufall. Flyaway-, Wasser- und Unfallschutz f\u00fcr deine Mini\" \/>\n<meta property=\"og:url\" content=\"https:\/\/copterpro.de\/shop\/dji-care\/dji-care-refresh-dji-air-3s-1-jahr-karte\/\" \/>\n<meta property=\"og:site_name\" content=\"Copter Pro\" \/>\n<meta property=\"article:publisher\" content=\"https:\/\/www.facebook.com\/copterprogmbh\" \/>\n<meta property=\"article:modified_time\" content=\"2026-01-03T18:23:05+00:00\" \/>\n<meta property=\"og:image\" content=\"https:\/\/copterpro.de\/shop\/wp-content\/uploads\/2025\/10\/DJi-Care-Refresh-Air3S.jpg\" \/>\n\t<meta property=\"og:image:width\" content=\"2560\" \/>\n\t<meta property=\"og:image:height\" content=\"2560\" \/>\n\t<meta property=\"og:image:type\" content=\"image\/jpeg\" \/>\n<meta name=\"twitter:card\" content=\"summary_large_image\" \/>\n<meta name=\"twitter:label1\" content=\"Gesch\u00e4tzte Lesezeit\" \/>\n\t<meta name=\"twitter:data1\" content=\"2\u00a0Minuten\" \/>\n<script type=\"application\/ld+json\" class=\"yoast-schema-graph\">{\"@context\":\"https:\\\/\\\/schema.org\",\"@graph\":[{\"@type\":\"WebPage\",\"@id\":\"https:\\\/\\\/copterpro.de\\\/shop\\\/dji-care\\\/dji-care-refresh-dji-air-3s-1-jahr-karte\\\/\",\"url\":\"https:\\\/\\\/copterpro.de\\\/shop\\\/dji-care\\\/dji-care-refresh-dji-air-3s-1-jahr-karte\\\/\",\"name\":\"DJI Care Refresh (DJI Air 3S) 1 Jahr (Karte) - Copter Pro\",\"isPartOf\":{\"@id\":\"https:\\\/\\\/copterpro.de\\\/shop\\\/#website\"},\"primaryImageOfPage\":{\"@id\":\"https:\\\/\\\/copterpro.de\\\/shop\\\/dji-care\\\/dji-care-refresh-dji-air-3s-1-jahr-karte\\\/#primaryimage\"},\"image\":{\"@id\":\"https:\\\/\\\/copterpro.de\\\/shop\\\/dji-care\\\/dji-care-refresh-dji-air-3s-1-jahr-karte\\\/#primaryimage\"},\"thumbnailUrl\":\"https:\\\/\\\/copterpro.de\\\/shop\\\/wp-content\\\/uploads\\\/2025\\\/10\\\/DJi-Care-Refresh-Air3S.jpg\",\"datePublished\":\"2025-10-31T10:38:58+00:00\",\"dateModified\":\"2026-01-03T18:23:05+00:00\",\"description\":\"Die einfachste und beste Versicherung f\u00fcr deine DJI Air 3S. \u00dcberlass nichts dem Zufall. Flyaway-, Wasser- und Unfallschutz f\u00fcr deine Mini\",\"breadcrumb\":{\"@id\":\"https:\\\/\\\/copterpro.de\\\/shop\\\/dji-care\\\/dji-care-refresh-dji-air-3s-1-jahr-karte\\\/#breadcrumb\"},\"inLanguage\":\"de\",\"potentialAction\":[{\"@type\":\"ReadAction\",\"target\":[\"https:\\\/\\\/copterpro.de\\\/shop\\\/dji-care\\\/dji-care-refresh-dji-air-3s-1-jahr-karte\\\/\"]}]},{\"@type\":\"ImageObject\",\"inLanguage\":\"de\",\"@id\":\"https:\\\/\\\/copterpro.de\\\/shop\\\/dji-care\\\/dji-care-refresh-dji-air-3s-1-jahr-karte\\\/#primaryimage\",\"url\":\"https:\\\/\\\/copterpro.de\\\/shop\\\/wp-content\\\/uploads\\\/2025\\\/10\\\/DJi-Care-Refresh-Air3S.jpg\",\"contentUrl\":\"https:\\\/\\\/copterpro.de\\\/shop\\\/wp-content\\\/uploads\\\/2025\\\/10\\\/DJi-Care-Refresh-Air3S.jpg\",\"width\":2560,\"height\":2560,\"caption\":\"DJI Care Refresh f\u00fcr Drohne Air3S\"},{\"@type\":\"BreadcrumbList\",\"@id\":\"https:\\\/\\\/copterpro.de\\\/shop\\\/dji-care\\\/dji-care-refresh-dji-air-3s-1-jahr-karte\\\/#breadcrumb\",\"itemListElement\":[{\"@type\":\"ListItem\",\"position\":1,\"name\":\"Startseite\",\"item\":\"https:\\\/\\\/copterpro.de\\\/shop\\\/\"},{\"@type\":\"ListItem\",\"position\":2,\"name\":\"Shop\",\"item\":\"https:\\\/\\\/copterpro.de\\\/shop\\\/shop\\\/\"},{\"@type\":\"ListItem\",\"position\":3,\"name\":\"DJI Care Refresh (DJI Air 3S) 1 Jahr (Karte)\"}]},{\"@type\":\"WebSite\",\"@id\":\"https:\\\/\\\/copterpro.de\\\/shop\\\/#website\",\"url\":\"https:\\\/\\\/copterpro.de\\\/shop\\\/\",\"name\":\"Copter Pro\",\"description\":\"\",\"publisher\":{\"@id\":\"https:\\\/\\\/copterpro.de\\\/shop\\\/#organization\"},\"potentialAction\":[{\"@type\":\"SearchAction\",\"target\":{\"@type\":\"EntryPoint\",\"urlTemplate\":\"https:\\\/\\\/copterpro.de\\\/shop\\\/?s={search_term_string}\"},\"query-input\":{\"@type\":\"PropertyValueSpecification\",\"valueRequired\":true,\"valueName\":\"search_term_string\"}}],\"inLanguage\":\"de\"},{\"@type\":\"Organization\",\"@id\":\"https:\\\/\\\/copterpro.de\\\/shop\\\/#organization\",\"name\":\"Copter Pro\",\"url\":\"https:\\\/\\\/copterpro.de\\\/shop\\\/\",\"logo\":{\"@type\":\"ImageObject\",\"inLanguage\":\"de\",\"@id\":\"https:\\\/\\\/copterpro.de\\\/shop\\\/#\\\/schema\\\/logo\\\/image\\\/\",\"url\":\"https:\\\/\\\/copterpro.de\\\/shop\\\/wp-content\\\/uploads\\\/2025\\\/04\\\/copterpro.svg\",\"contentUrl\":\"https:\\\/\\\/copterpro.de\\\/shop\\\/wp-content\\\/uploads\\\/2025\\\/04\\\/copterpro.svg\",\"caption\":\"Copter Pro\"},\"image\":{\"@id\":\"https:\\\/\\\/copterpro.de\\\/shop\\\/#\\\/schema\\\/logo\\\/image\\\/\"},\"sameAs\":[\"https:\\\/\\\/www.facebook.com\\\/copterprogmbh\"]}]}<\/script>\n<!-- \/ Yoast SEO plugin. -->","yoast_head_json":{"title":"DJI Care Refresh (DJI Air 3S) 1 Jahr (Karte) - Copter Pro","description":"Die einfachste und beste Versicherung f\u00fcr deine DJI Air 3S. \u00dcberlass nichts dem Zufall. Flyaway-, Wasser- und Unfallschutz f\u00fcr deine Mini","robots":{"index":"index","follow":"follow","max-snippet":"max-snippet:-1","max-image-preview":"max-image-preview:large","max-video-preview":"max-video-preview:-1"},"canonical":"https:\/\/copterpro.de\/shop\/dji-care\/dji-care-refresh-dji-air-3s-1-jahr-karte\/","og_locale":"de_DE","og_type":"article","og_title":"DJI Care Refresh (DJI Air 3S) 1 Jahr (Karte) - Copter Pro","og_description":"Die einfachste und beste Versicherung f\u00fcr deine DJI Air 3S. \u00dcberlass nichts dem Zufall. Flyaway-, Wasser- und Unfallschutz f\u00fcr deine Mini","og_url":"https:\/\/copterpro.de\/shop\/dji-care\/dji-care-refresh-dji-air-3s-1-jahr-karte\/","og_site_name":"Copter Pro","article_publisher":"https:\/\/www.facebook.com\/copterprogmbh","article_modified_time":"2026-01-03T18:23:05+00:00","og_image":[{"width":2560,"height":2560,"url":"https:\/\/copterpro.de\/shop\/wp-content\/uploads\/2025\/10\/DJi-Care-Refresh-Air3S.jpg","type":"image\/jpeg"}],"twitter_card":"summary_large_image","twitter_misc":{"Gesch\u00e4tzte Lesezeit":"2\u00a0Minuten"},"schema":{"@context":"https:\/\/schema.org","@graph":[{"@type":"WebPage","@id":"https:\/\/copterpro.de\/shop\/dji-care\/dji-care-refresh-dji-air-3s-1-jahr-karte\/","url":"https:\/\/copterpro.de\/shop\/dji-care\/dji-care-refresh-dji-air-3s-1-jahr-karte\/","name":"DJI Care Refresh (DJI Air 3S) 1 Jahr (Karte) - Copter Pro","isPartOf":{"@id":"https:\/\/copterpro.de\/shop\/#website"},"primaryImageOfPage":{"@id":"https:\/\/copterpro.de\/shop\/dji-care\/dji-care-refresh-dji-air-3s-1-jahr-karte\/#primaryimage"},"image":{"@id":"https:\/\/copterpro.de\/shop\/dji-care\/dji-care-refresh-dji-air-3s-1-jahr-karte\/#primaryimage"},"thumbnailUrl":"https:\/\/copterpro.de\/shop\/wp-content\/uploads\/2025\/10\/DJi-Care-Refresh-Air3S.jpg","datePublished":"2025-10-31T10:38:58+00:00","dateModified":"2026-01-03T18:23:05+00:00","description":"Die einfachste und beste Versicherung f\u00fcr deine DJI Air 3S. \u00dcberlass nichts dem Zufall. Flyaway-, Wasser- und Unfallschutz f\u00fcr deine Mini","breadcrumb":{"@id":"https:\/\/copterpro.de\/shop\/dji-care\/dji-care-refresh-dji-air-3s-1-jahr-karte\/#breadcrumb"},"inLanguage":"de","potentialAction":[{"@type":"ReadAction","target":["https:\/\/copterpro.de\/shop\/dji-care\/dji-care-refresh-dji-air-3s-1-jahr-karte\/"]}]},{"@type":"ImageObject","inLanguage":"de","@id":"https:\/\/copterpro.de\/shop\/dji-care\/dji-care-refresh-dji-air-3s-1-jahr-karte\/#primaryimage","url":"https:\/\/copterpro.de\/shop\/wp-content\/uploads\/2025\/10\/DJi-Care-Refresh-Air3S.jpg","contentUrl":"https:\/\/copterpro.de\/shop\/wp-content\/uploads\/2025\/10\/DJi-Care-Refresh-Air3S.jpg","width":2560,"height":2560,"caption":"DJI Care Refresh f\u00fcr Drohne Air3S"},{"@type":"BreadcrumbList","@id":"https:\/\/copterpro.de\/shop\/dji-care\/dji-care-refresh-dji-air-3s-1-jahr-karte\/#breadcrumb","itemListElement":[{"@type":"ListItem","position":1,"name":"Startseite","item":"https:\/\/copterpro.de\/shop\/"},{"@type":"ListItem","position":2,"name":"Shop","item":"https:\/\/copterpro.de\/shop\/shop\/"},{"@type":"ListItem","position":3,"name":"DJI Care Refresh (DJI Air 3S) 1 Jahr (Karte)"}]},{"@type":"WebSite","@id":"https:\/\/copterpro.de\/shop\/#website","url":"https:\/\/copterpro.de\/shop\/","name":"Copter Pro","description":"","publisher":{"@id":"https:\/\/copterpro.de\/shop\/#organization"},"potentialAction":[{"@type":"SearchAction","target":{"@type":"EntryPoint","urlTemplate":"https:\/\/copterpro.de\/shop\/?s={search_term_string}"},"query-input":{"@type":"PropertyValueSpecification","valueRequired":true,"valueName":"search_term_string"}}],"inLanguage":"de"},{"@type":"Organization","@id":"https:\/\/copterpro.de\/shop\/#organization","name":"Copter Pro","url":"https:\/\/copterpro.de\/shop\/","logo":{"@type":"ImageObject","inLanguage":"de","@id":"https:\/\/copterpro.de\/shop\/#\/schema\/logo\/image\/","url":"https:\/\/copterpro.de\/shop\/wp-content\/uploads\/2025\/04\/copterpro.svg","contentUrl":"https:\/\/copterpro.de\/shop\/wp-content\/uploads\/2025\/04\/copterpro.svg","caption":"Copter Pro"},"image":{"@id":"https:\/\/copterpro.de\/shop\/#\/schema\/logo\/image\/"},"sameAs":["https:\/\/www.facebook.com\/copterprogmbh"]}]}},"_links":{"self":[{"href":"https:\/\/copterpro.de\/shop\/wp-json\/wp\/v2\/product\/14941","targetHints":{"allow":["GET"]}}],"collection":[{"href":"https:\/\/copterpro.de\/shop\/wp-json\/wp\/v2\/product"}],"about":[{"href":"https:\/\/copterpro.de\/shop\/wp-json\/wp\/v2\/types\/product"}],"wp:featuredmedia":[{"embeddable":true,"href":"https:\/\/copterpro.de\/shop\/wp-json\/wp\/v2\/media\/14940"}],"wp:attachment":[{"href":"https:\/\/copterpro.de\/shop\/wp-json\/wp\/v2\/media?parent=14941"}],"wp:term":[{"taxonomy":"product_brand","embeddable":true,"href":"https:\/\/copterpro.de\/shop\/wp-json\/wp\/v2\/product_brand?post=14941"},{"taxonomy":"product_cat","embeddable":true,"href":"https:\/\/copterpro.de\/shop\/wp-json\/wp\/v2\/product_cat?post=14941"},{"taxonomy":"product_tag","embeddable":true,"href":"https:\/\/copterpro.de\/shop\/wp-json\/wp\/v2\/product_tag?post=14941"}],"curies":[{"name":"wp","href":"https:\/\/api.w.org\/{rel}","templated":true}]}}