{"id":15879,"date":"2026-01-08T16:41:11","date_gmt":"2026-01-08T15:41:11","guid":{"rendered":"https:\/\/copterpro.de\/shop\/?post_type=product&#038;p=15879"},"modified":"2026-03-22T03:43:14","modified_gmt":"2026-03-22T02:43:14","slug":"dji-neo-2-fly-more-combo","status":"publish","type":"product","link":"https:\/\/copterpro.de\/shop\/dji-hobby-kameraequipment\/dji-neo-2-fly-more-combo\/","title":{"rendered":"DJI Neo 2 Fly more Combo"},"content":{"rendered":"<div id=\"btnshow-useDescription\" class=\"desc showContent\">\n<p><strong>DJI Neo 2 Fly More Combo<\/strong><\/p>\n<p><strong>Flieg auf deine Art<\/strong><\/p>\n<p>DJI Neo 2 ist die kompakteste Drohne von DJI, ausgestattet mit omnidirektionaler Hinderniserkennung und Funktionen wie Gestensteuerung, SelfieShot oder ActiveTrack f\u00fcr noch mehr kreative Wege zu fliegen. Selbst Einsteiger k\u00f6nnen mit ihr direkt loslegen. Stell dir die Neo 2 als deine pers\u00f6nliche Follow-Me-Kameradrohne vor \u2013 immer bereit, deine spannendsten Momente festzuhalten.<\/p>\n<ul>\n<li>Start und Landung auf der Handfl\u00e4che, Gestensteuerung<\/li>\n<li>Schnelleres, ruhigeres Tracking mit ActiveTrack<\/li>\n<li>Einfache Momentaufnahme mit SelfieShot<\/li>\n<li>Omnidirektionale Hinderniserkennung und vielseitiger Flug<\/li>\n<li>Erstklassige 4K-Bildgebung<\/li>\n<li>Leichtes, tragbares Design mit Rundumschutz f\u00fcr Propeller<\/li>\n<\/ul>\n<p><strong>Meistere jeden Flug mit Leichtigkeit<\/strong><br \/>\nDJI Neo 2 verf\u00fcgt \u00fcber ein integriertes Display, das dich den Aufnahmemodus noch intuitiver ausw\u00e4hlen l\u00e4sst. Um zu starten, richte sie auf dich und bet\u00e4tige mit einer Hand den Startknopf, so hebt sie direkt aus deiner Handfl\u00e4che ab, und ist sofort bereit, automatische Kamerabewegungen auszuf\u00fchren. Die neue Zur\u00fcck-zur-Handfl\u00e4che-Funktion erm\u00f6glicht es der Neo 2, pr\u00e4zise deine Hand zu erkennen, sicher zur\u00fcckzukehren und stabil zu landen \u2013 so einfach war Fliegen wirklich noch nie.<\/p>\n<p><strong>Mehr Wege sie zu steuern, mehr Spa\u00df<\/strong><br \/>\nDie Neo 2 kann dir m\u00fchelos, auch ohne Fernsteuerung, folgen und sorgt so daf\u00fcr, dass du keinen spannenden Moment verpasst. Kombiniere sie mit der DJI RC 2 oder DJI RC-N3 Fernsteuerung f\u00fcr einfache Flugstarts. Oder, setze die DJI Goggles auf und verwende die Bewegungscontroller f\u00fcr beeindruckende FPV-Fl\u00fcge. So h\u00f6rt der Spa\u00df nie auf!<\/p>\n<p><strong>Gestensteuerung<\/strong><br \/>\nPasse die Richtung und Entfernung von Neo 2 ganz einfach mit einer oder beiden H\u00e4nden an. Richte deine Handfl\u00e4che auf die Drohne, um sie nach oben, unten oder zur Seite zu lenken, oder verwende beide Handfl\u00e4chen f\u00fcr eine pr\u00e4zise Entfernungskontrolle. Zur Anpassung des Kamerawinkels wird keine Fernsteuerung ben\u00f6tigt.<\/p>\n<p><strong>Sprachsteuerung \u00fcber das Mobilger\u00e4t<\/strong><br \/>\nSende Flugbefehle ganz nach Belieben mit deinem Smartphone oder Bluetooth-Ohrh\u00f6rern \u2013 sei es beim Joggen oder Radfahren. Sobald die Neo 2 mit deinem Smartphone verbunden ist, kann sie Audio aufnehmen und St\u00f6rger\u00e4usche intelligent unterdr\u00fccken, indem zum Beispiel Propellerger\u00e4usche automatisch herausgefiltert werden.<\/p>\n<p><strong>Steuerung \u00fcber Mobile App<\/strong><br \/>\nSteuere die Neo 2 \u00fcber virtuelle Joysticks in der DJI Fly App und tauche sofort in den Flugspa\u00df ein \u2013 ganz ohne den separaten Kauf einer Fernsteuerung.<\/p>\n<p><strong>RC-Steuerung<\/strong><br \/>\nGepaart mit der DJI RC-N3 Fernsteuerung erreicht Neo 2 eine maximale Video\u00fcbertragungsdistanz von bis zu 10 Kilometern und l\u00e4sst dich die Kamera ganz flexibel auch mit herk\u00f6mmlichen RC-Steuerkn\u00fcppeln bedienen \u2013 um Aufnahmen auf professionellem Niveau zu machen.<\/p>\n<p><strong>Bewegungssteuerung<\/strong><br \/>\nIn Kombination mit dem Motion Controller und den Goggles, unterst\u00fctzt die Neo 2 Bewegungssteuerung und Easy ACRO f\u00fcr ein noch immersiveres FPV-Erlebnis.<\/p>\n<p><strong>Intelligente Aufnahme f\u00fcr gestochen scharfe Ergebnisse<\/strong><br \/>\nDJI Neo 2 unterst\u00fctzt ActiveTrack und SelfieShot und rahmt Motive automatisch ein, um vom Start weg smoothe, freih\u00e4ndige Aufnahmen zu erm\u00f6glichen. Mehrere intelligente Aufnahmemodi er\u00f6ffnen dir im Handumdrehen neue Blickwinkel f\u00fcr noch mehr Kreativit\u00e4t. In Kombination mit 4K-Videoaufnahmen liefert die Neo 2 scharfe, detailreiche Aufnahmen in Kinoqualit\u00e4t.<\/p>\n<p><strong>Schnelles und smoothes Tracking mit ActiveTrack<\/strong><br \/>\nMit verbesserter Tracking-Leistung erm\u00f6glicht die Neo 2 ein sanftes und stabiles Tracking beim Laufen, Radfahren und mehr. In offenen Bereichen kann sie mit Geschwindigkeiten von bis zu 12 m\/s folgen, was eine schnellere Reaktion und verbesserte Stabilit\u00e4t bedeutet.<\/p>\n<p><strong>Schnellere Tracking<\/strong><br \/>\nMit einer Geschwindigkeit von bis zu 12 m\/s folgt dir die Neo 2 selbst beim Laufen oder Radfahren ganz m\u00fchelos. Die hinzugef\u00fcgte omnidirektionale Hinderniserkennung sorgt f\u00fcr sicheres Tracking von vorne und von der Seite und erm\u00f6glicht es dir, schnelle Action m\u00fchelos einzufangen.<\/p>\n<p><strong>Mehr Tracking-Richtungen<\/strong><br \/>\nDas Tracking in acht Richtungen (vorw\u00e4rts, r\u00fcckw\u00e4rts, links, rechts und vier Diagonalen) erm\u00f6glicht fl\u00fcssigere, nat\u00fcrlichere Follow-Shots und erweitert die kreativen M\u00f6glichkeiten. In komplexen Umgebungen kann die Drohne in den R\u00fcckw\u00e4rts-Tracking-Modus wechseln, das Motiv stabil im Fokus halten und kombiniert auf die Art kreative Freiheit mit Sicherheit.<\/p>\n<p><strong>Einfache Momentaufnahme mit SelfieShot<\/strong><br \/>\nHalte Solo- oder Gruppenmomente freih\u00e4ndig mit SelfieShot fest, das m\u00fcheloses Wechseln zwischen Halbportrait-, Ganzk\u00f6rper- und Weitwinkelaufnahmen erm\u00f6glicht \u2013 ganz ohne Stativ oder zus\u00e4tzliche Hilfe. Egal ob Geburtstagsfeiern, Wochenendausfl\u00fcge oder Familienpicknicks \u2013 die Neo 2 komponiert automatisch jede Szene und bewegt die Kamera nach Bedarf, um deine wertvollen Momente mit nur einem Fingertippen festzuhalten.<\/p>\n<p><strong>Erstklassige 4K-Bildgebung<\/strong><br \/>\nDie Neo 2 verf\u00fcgt \u00fcber einen 12-MP-CMOS-Sensor im 1\/2-Zoll-Format mit einer Blende von f\/2,2 und einem leistungsstarken Bildprozessor f\u00fcr klarere Aufnahmen mit geringem Rauschen. Nimm Videos in 4K\/60fps, 4K\/100fps Zeitlupe und 2,7K-Hochformat auf \u2013 alles stabilisiert durch einen 2-Achsen-Gimbal.<\/p>\n<p><strong>Aufnahmen mit Wow-Effekt<\/strong><br \/>\nDie Neo 2 nimmt beeindruckende Aufnahmen mit naturgetreuer Bildqualit\u00e4t auf.<\/p>\n<p><strong>4K-Video<\/strong><br \/>\nDie Neo 2 nimmt Videos in 4K\/60fps und 4K\/100fps Zeitlupe auf und liefert dabei fl\u00fcssige und klare Aufnahmen.<\/p>\n<p><strong>Portr\u00e4toptimierung<\/strong><br \/>\nMit der Portr\u00e4toptimierung von DJI verbessert Neo 2 die Helligkeit, den Kontrast und die Hautt\u00f6ne von Portr\u00e4ts und sorgt so f\u00fcr nat\u00fcrlich strahlende Haut mit lebendigen, realistischen Gesichtsausdr\u00fccken.<\/p>\n<p><strong>Vertikale 2,7K-Aufnahmen<\/strong><br \/>\nNeo 2 unterst\u00fctzt 2,7K-Vertikalvideoaufnahmen, ideal zum Teilen auf sozialen Medien.<\/p>\n<p><strong>Fortschrittlichste Stabilisierung<\/strong><br \/>\nDer 2-Achsen-Gimbal arbeitet mit elektronischer Bildstabilisierung (EIS), um in jeder Situation ruhige, stabilisierte Aufnahmen zu liefern.<\/p>\n<p><strong>Intelligente Aufnahmemodi, beeindruckende Aufnahmen<\/strong><br \/>\nDie Neo 2 unterst\u00fctzt intelligente Aufnahmemodi wie Dolly-Zoom, QuickShots und MasterShots, bietet vielf\u00e4ltige Perspektiven und macht es einfach, herausragende Aufnahmen zu erstellen.<\/p>\n<p><strong>Doppelter Schutz f\u00fcr sichere Fl\u00fcge<\/strong><br \/>\nOmnidirektionale Hinderniserkennung und ein vollst\u00e4ndig abdeckender Propellerschutz bieten doppelten Schutz f\u00fcr sorgenfreie Fl\u00fcge. Halte die besonderen Momente des Lebens m\u00fchelos fest und genie\u00dfe dabei einfach die Freiheit des Fliegens.<\/p>\n<p><strong>Umfassender Schutz, einfach f\u00fcr Einsteiger<\/strong><br \/>\nDas omnidirektionale monokulare Sichtsystem, kombiniert mit nach vorne gerichtetem LiDAR und einem nach unten gerichteten Infrarotsensorsystem, erkennt Hindernisse in Echtzeit f\u00fcr sicheres und selbstbewusstes Fliegen. Das integrierte Propellerschutz-Design bietet Rundumschutz und sorgt gerade bei Einsteigern f\u00fcr ein beruhigendes Gef\u00fchl beim Fliegen der Drohne.<\/p>\n<p><strong>Omnidirektionale Hinderniserkennung<\/strong><br \/>\nMit der neuen omnidirektionalen Hinderniserkennung kann die Neo 2 Hindernisse beim Tracking von vorne oder von der Seite erkennen und umfliegen \u2013 sodass sich die Drohne auch ohne Erfahrung ganz m\u00fchelos, stabil und sicher steuern l\u00e4sst.<\/p>\n<p><strong>Vielseitiger Flug<\/strong><br \/>\nDie Neo 2 bietet noch mehr fliegerische Vielseitigkeit und verbesserte Schwebe- und Positionierungsfunktionen im Vergleich zur Neo, sodass du auch in schwierigen Umgebungen wie in Innenr\u00e4umen, in der N\u00e4he von Geb\u00e4uden, \u00fcber Wasser oder auf Schnee noch leichter man\u00f6vrieren kannst.<\/p>\n<p><strong>Rundumschutz f\u00fcr Propeller<\/strong><br \/>\nEin leichtes Geh\u00e4use in Kombination mit einem integrierten Propellerschutz macht das Fliegen sicherer und wendiger \u2013 sodass jeder Flug zum sorgenfreien Erlebnis wird.<\/p>\n<p><strong>Einfach und effizient aufnehmen<\/strong><\/p>\n<p><strong>Interner Speicher<\/strong><br \/>\nDer interne 49-GB-Speicher unterst\u00fctzt lange 4K-Videoaufnahmen und erm\u00f6glicht so unterbrechungsfreies Festhalten von Inhalten.<\/p>\n<p><strong>Energieversorgung<\/strong><br \/>\nDas Flugger\u00e4t kann direkt \u00fcber ein Typ-C-Datenkabel mit einer Stromquelle verbunden werden, um es bequem aufzuladen. Die Zweiwege-Ladestation von Neo 2 kann drei Akkus gleichzeitig aufladen und erh\u00f6ht damit sowohl die Ladegeschwindigkeit als auch die Effizienz.<\/p>\n<p><strong>QuickTransfer<\/strong><br \/>\nMit \u00dcbertragungsgeschwindigkeiten von bis zu 80 MB\/s stehen dir beeindruckende Aufnahmen sofort zur Verf\u00fcgung.<\/p>\n<p><strong>Automatische R\u00fcckkehr (RTH)<\/strong><br \/>\nKeine Sorge um den R\u00fcckflug \u2013 bei Verwendung des Handstarts oder der Steuerung \u00fcber die mobile App kehrt Neo 2 nach Abschluss seines Fluges automatisch zum Startpunkt zur\u00fcck. Bei Verwendung einer Fernsteuerung oder der Bewegungssteuerung unterst\u00fctzt Neo 2 die automatische R\u00fcckkehr (RTH) und Failsafe RTH. W\u00e4hrend des R\u00fcckflugs wird die Hindernisvermeidung aktiviert, was f\u00fcr zus\u00e4tzliche Sicherheit und eine anf\u00e4ngerfreundliche Bedienung sorgt.<\/p>\n<p><strong>19 Minuten Flugzeit<\/strong><br \/>\nMit bis zu 19 Minuten Flugzeit kann Neo 2 mehr als 20 Fl\u00fcge, zu und weg von deiner Handfl\u00e4che, in Folge absolvieren \u2013 und so auch die kleinen Momente des Lebens festhalten, dank des schlanken Designs und der zuverl\u00e4ssigen Flugdauer.<\/p>\n<p><strong>Windwiderstandsf\u00e4higkeit<\/strong><br \/>\nStabiles Schweben bei Windgeschwindigkeiten bis zu 10,7 m\/s \u2013 f\u00fcr zuverl\u00e4ssige Aufnahmen im Freien.<\/p>\n<p><strong>Vielseitige Sets \u2013 ganz nach deinem Stil<\/strong><br \/>\nMit mehreren Combo-Optionen passt sich die DJI Neo 2 deinem kreativen Stil und deinen Aufnahmeanforderungen an. Von m\u00fchelosen Alltags-Tracking-Szenen \u00fcber einsteigerfreundliche Luftaufnahmen bis hin zu voll immersiven Flugerlebnissen \u2013 du findest immer das passende Set.<\/p>\n<p><strong>DJI Neo 2 (nur Drohne)<\/strong><br \/>\nEnth\u00e4lt die Drohne, eine Intelligent Flight Battery und Propellerschutz. Leicht und tragbar, h\u00e4ltt siet spontane, sch\u00f6ne Erinnerungen an Geburtstage, Wochenend-Picknicks und andere besondere Momente im Handumdrehen fest.<\/p>\n<p><strong>DJI Neo 2 Fly More Combo (nur Drohne)<\/strong><br \/>\nEnth\u00e4lt die Drohne, drei Intelligent Flight Batteries, eine Zwei-Wege-Ladestation und Propellerschutz \u2013 so wird das Erstellen von Outdoor-Inhalten leichter und du kannst jedes noch so spannende Flug-Highlight mit stabiler Pr\u00e4zision festhalten.<\/p>\n<p><strong>DJI Neo 2 Fly More Combo<\/strong><br \/>\nEnth\u00e4lt die Drohne, die Fernsteuerung RC-N3, drei Intelligent Flight Batteries, eine Zweiwege-Ladestation, Propellerschutz, einen Digitalen Sendeempf\u00e4nger und mehr \u2013 f\u00fcr Echtzeit-Video\u00fcbertragung und reaktionsschnelle Steuerung bei Landschaftsaufnahmen.<\/p>\n<p><strong>DJI Neo 2 Motion Fly More Combo<\/strong><br \/>\nEnth\u00e4lt die Drohne, RC Motion 3, Goggles N3, drei Intelligent Flight Batteries, eine Zweiwege-Ladestation, Propellerschutz, einen Digitalen Sendeempf\u00e4nger und mehr \u2013 f\u00fcr einen einfachen Einstieg in das immersive FPV-Fliegen und spannendere One-Take-Aufnahmen.<\/p>\n<p><strong>Dein Szenario, deine Wahl<\/strong><br \/>\nDJI Neo 2 bietet verschiedene Combos und Zubeh\u00f6rteile, die zu deinem Stil und deinen Anforderungen passen. Einfach zu fliegen und perfekt f\u00fcr Familienausfl\u00fcge, Outdoor-Sport, Reisen oder Indoor-FPV \u2013 deine pers\u00f6nliche Follow-Me-Kameradrone, die deine besten Momente immer zuverl\u00e4ssig festh\u00e4lt.<\/p>\n<p><strong>Lieferumfang:<\/strong><br \/>\n1x Neo 2 Flugger\u00e4t<br \/>\n1x RC-N3 Fernsteuerung<br \/>\n1x RC-N Serie Fernsteuerungskabel (USB-C)<br \/>\n1x RC-N Serie Fernsteuerungskabel (Lightning)<br \/>\n3x Neo 2 Intelligent Flight Battery<br \/>\n1x Neo 2 Zweiwege-Ladestation<br \/>\n1x Neo 2 Ersatzpropeller (Paar)<br \/>\n4x Neo 2 Ersatzpropeller Schrauben<br \/>\n1x Schraubendreher<br \/>\n1x Neo 2 Propellerschutz (Paar)<br \/>\n1x Neo 2 Digitaler Sendeempf\u00e4nger<br \/>\n1x Neo 2 Gimbal-Schutz<br \/>\n1x USB-C auf USB-C Datenkabel<\/p>\n<\/div>\n","protected":false},"excerpt":{"rendered":"<p>DJI Neo 2 Fly More Combo Flieg auf deine Art DJI Neo 2 ist die kompakteste Drohne von DJI, ausgestattet mit omnidirektionaler Hinderniserkennung und Funktionen wie Gestensteuerung, SelfieShot oder ActiveTrack f\u00fcr noch mehr kreative Wege zu fliegen. Selbst Einsteiger k\u00f6nnen mit ihr direkt loslegen. Stell dir die Neo 2 als [&hellip;]<\/p>\n","protected":false},"featured_media":15887,"template":"","meta":{"_acf_changed":false,"_iconic_wsb_product_page_order_bump_ids":[[14560]],"_sku":[],"_iconic_wsb_product_page_bump_modal_ids":[[]]},"product_brand":[],"product_cat":[40],"product_tag":[],"class_list":{"0":"post-15879","1":"product","2":"type-product","3":"status-publish","4":"has-post-thumbnail","6":"product_cat-dji-hobby-kameraequipment","8":"first","9":"instock","10":"taxable","11":"shipping-taxable","12":"purchasable","13":"product-type-simple"},"acf":[],"yoast_head":"<!-- This site is optimized with the Yoast SEO plugin v27.3 - https:\/\/yoast.com\/product\/yoast-seo-wordpress\/ -->\n<title>DJI Neo 2 Fly More Combo \u2013 4K Drohne mit ActiveTrack<\/title>\n<meta name=\"description\" content=\"Die DJI Neo 2 Fly More Combo mit 4K-Video, ActiveTrack, SelfieShot und zus\u00e4tzlichem Zubeh\u00f6r. Ideal f\u00fcr Vlogs, Reisen und kreative Luftaufnahmen.\" \/>\n<meta name=\"robots\" content=\"index, follow, max-snippet:-1, max-image-preview:large, max-video-preview:-1\" \/>\n<link rel=\"canonical\" href=\"https:\/\/copterpro.de\/shop\/dji-hobby-kameraequipment\/dji-neo-2-fly-more-combo\/\" \/>\n<meta property=\"og:locale\" content=\"de_DE\" \/>\n<meta property=\"og:type\" content=\"article\" \/>\n<meta property=\"og:title\" content=\"DJI Neo 2 Fly More Combo \u2013 4K Drohne mit ActiveTrack\" \/>\n<meta property=\"og:description\" content=\"Die DJI Neo 2 Fly More Combo mit 4K-Video, ActiveTrack, SelfieShot und zus\u00e4tzlichem Zubeh\u00f6r. Ideal f\u00fcr Vlogs, Reisen und kreative Luftaufnahmen.\" \/>\n<meta property=\"og:url\" content=\"https:\/\/copterpro.de\/shop\/dji-hobby-kameraequipment\/dji-neo-2-fly-more-combo\/\" \/>\n<meta property=\"og:site_name\" content=\"Copter Pro\" \/>\n<meta property=\"article:publisher\" content=\"https:\/\/www.facebook.com\/copterprogmbh\" \/>\n<meta property=\"article:modified_time\" content=\"2026-03-22T02:43:14+00:00\" \/>\n<meta property=\"og:image\" content=\"https:\/\/copterpro.de\/shop\/wp-content\/uploads\/2026\/01\/DJINeo2_Flymorecombo.webp\" \/>\n\t<meta property=\"og:image:width\" content=\"1080\" \/>\n\t<meta property=\"og:image:height\" content=\"1080\" \/>\n\t<meta property=\"og:image:type\" content=\"image\/webp\" \/>\n<meta name=\"twitter:card\" content=\"summary_large_image\" \/>\n<meta name=\"twitter:label1\" content=\"Gesch\u00e4tzte Lesezeit\" \/>\n\t<meta name=\"twitter:data1\" content=\"9\u00a0Minuten\" \/>\n<script type=\"application\/ld+json\" class=\"yoast-schema-graph\">{\"@context\":\"https:\\\/\\\/schema.org\",\"@graph\":[{\"@type\":\"WebPage\",\"@id\":\"https:\\\/\\\/copterpro.de\\\/shop\\\/dji-hobby-kameraequipment\\\/dji-neo-2-fly-more-combo\\\/\",\"url\":\"https:\\\/\\\/copterpro.de\\\/shop\\\/dji-hobby-kameraequipment\\\/dji-neo-2-fly-more-combo\\\/\",\"name\":\"DJI Neo 2 Fly More Combo \u2013 4K Drohne mit ActiveTrack\",\"isPartOf\":{\"@id\":\"https:\\\/\\\/copterpro.de\\\/shop\\\/#website\"},\"primaryImageOfPage\":{\"@id\":\"https:\\\/\\\/copterpro.de\\\/shop\\\/dji-hobby-kameraequipment\\\/dji-neo-2-fly-more-combo\\\/#primaryimage\"},\"image\":{\"@id\":\"https:\\\/\\\/copterpro.de\\\/shop\\\/dji-hobby-kameraequipment\\\/dji-neo-2-fly-more-combo\\\/#primaryimage\"},\"thumbnailUrl\":\"https:\\\/\\\/copterpro.de\\\/shop\\\/wp-content\\\/uploads\\\/2026\\\/01\\\/DJINeo2_Flymorecombo.webp\",\"datePublished\":\"2026-01-08T15:41:11+00:00\",\"dateModified\":\"2026-03-22T02:43:14+00:00\",\"description\":\"Die DJI Neo 2 Fly More Combo mit 4K-Video, ActiveTrack, SelfieShot und zus\u00e4tzlichem Zubeh\u00f6r. Ideal f\u00fcr Vlogs, Reisen und kreative Luftaufnahmen.\",\"breadcrumb\":{\"@id\":\"https:\\\/\\\/copterpro.de\\\/shop\\\/dji-hobby-kameraequipment\\\/dji-neo-2-fly-more-combo\\\/#breadcrumb\"},\"inLanguage\":\"de\",\"potentialAction\":[{\"@type\":\"ReadAction\",\"target\":[\"https:\\\/\\\/copterpro.de\\\/shop\\\/dji-hobby-kameraequipment\\\/dji-neo-2-fly-more-combo\\\/\"]}]},{\"@type\":\"ImageObject\",\"inLanguage\":\"de\",\"@id\":\"https:\\\/\\\/copterpro.de\\\/shop\\\/dji-hobby-kameraequipment\\\/dji-neo-2-fly-more-combo\\\/#primaryimage\",\"url\":\"https:\\\/\\\/copterpro.de\\\/shop\\\/wp-content\\\/uploads\\\/2026\\\/01\\\/DJINeo2_Flymorecombo.webp\",\"contentUrl\":\"https:\\\/\\\/copterpro.de\\\/shop\\\/wp-content\\\/uploads\\\/2026\\\/01\\\/DJINeo2_Flymorecombo.webp\",\"width\":1080,\"height\":1080,\"caption\":\"DJI Neo 2 Fly More Combo\"},{\"@type\":\"BreadcrumbList\",\"@id\":\"https:\\\/\\\/copterpro.de\\\/shop\\\/dji-hobby-kameraequipment\\\/dji-neo-2-fly-more-combo\\\/#breadcrumb\",\"itemListElement\":[{\"@type\":\"ListItem\",\"position\":1,\"name\":\"Startseite\",\"item\":\"https:\\\/\\\/copterpro.de\\\/shop\\\/\"},{\"@type\":\"ListItem\",\"position\":2,\"name\":\"Shop\",\"item\":\"https:\\\/\\\/copterpro.de\\\/shop\\\/shop\\\/\"},{\"@type\":\"ListItem\",\"position\":3,\"name\":\"DJI Neo 2 Fly more Combo\"}]},{\"@type\":\"WebSite\",\"@id\":\"https:\\\/\\\/copterpro.de\\\/shop\\\/#website\",\"url\":\"https:\\\/\\\/copterpro.de\\\/shop\\\/\",\"name\":\"Copter Pro\",\"description\":\"\",\"publisher\":{\"@id\":\"https:\\\/\\\/copterpro.de\\\/shop\\\/#organization\"},\"potentialAction\":[{\"@type\":\"SearchAction\",\"target\":{\"@type\":\"EntryPoint\",\"urlTemplate\":\"https:\\\/\\\/copterpro.de\\\/shop\\\/?s={search_term_string}\"},\"query-input\":{\"@type\":\"PropertyValueSpecification\",\"valueRequired\":true,\"valueName\":\"search_term_string\"}}],\"inLanguage\":\"de\"},{\"@type\":\"Organization\",\"@id\":\"https:\\\/\\\/copterpro.de\\\/shop\\\/#organization\",\"name\":\"Copter Pro\",\"url\":\"https:\\\/\\\/copterpro.de\\\/shop\\\/\",\"logo\":{\"@type\":\"ImageObject\",\"inLanguage\":\"de\",\"@id\":\"https:\\\/\\\/copterpro.de\\\/shop\\\/#\\\/schema\\\/logo\\\/image\\\/\",\"url\":\"https:\\\/\\\/copterpro.de\\\/shop\\\/wp-content\\\/uploads\\\/2025\\\/04\\\/copterpro.svg\",\"contentUrl\":\"https:\\\/\\\/copterpro.de\\\/shop\\\/wp-content\\\/uploads\\\/2025\\\/04\\\/copterpro.svg\",\"caption\":\"Copter Pro\"},\"image\":{\"@id\":\"https:\\\/\\\/copterpro.de\\\/shop\\\/#\\\/schema\\\/logo\\\/image\\\/\"},\"sameAs\":[\"https:\\\/\\\/www.facebook.com\\\/copterprogmbh\"]}]}<\/script>\n<!-- \/ Yoast SEO plugin. -->","yoast_head_json":{"title":"DJI Neo 2 Fly More Combo \u2013 4K Drohne mit ActiveTrack","description":"Die DJI Neo 2 Fly More Combo mit 4K-Video, ActiveTrack, SelfieShot und zus\u00e4tzlichem Zubeh\u00f6r. Ideal f\u00fcr Vlogs, Reisen und kreative Luftaufnahmen.","robots":{"index":"index","follow":"follow","max-snippet":"max-snippet:-1","max-image-preview":"max-image-preview:large","max-video-preview":"max-video-preview:-1"},"canonical":"https:\/\/copterpro.de\/shop\/dji-hobby-kameraequipment\/dji-neo-2-fly-more-combo\/","og_locale":"de_DE","og_type":"article","og_title":"DJI Neo 2 Fly More Combo \u2013 4K Drohne mit ActiveTrack","og_description":"Die DJI Neo 2 Fly More Combo mit 4K-Video, ActiveTrack, SelfieShot und zus\u00e4tzlichem Zubeh\u00f6r. Ideal f\u00fcr Vlogs, Reisen und kreative Luftaufnahmen.","og_url":"https:\/\/copterpro.de\/shop\/dji-hobby-kameraequipment\/dji-neo-2-fly-more-combo\/","og_site_name":"Copter Pro","article_publisher":"https:\/\/www.facebook.com\/copterprogmbh","article_modified_time":"2026-03-22T02:43:14+00:00","og_image":[{"width":1080,"height":1080,"url":"https:\/\/copterpro.de\/shop\/wp-content\/uploads\/2026\/01\/DJINeo2_Flymorecombo.webp","type":"image\/webp"}],"twitter_card":"summary_large_image","twitter_misc":{"Gesch\u00e4tzte Lesezeit":"9\u00a0Minuten"},"schema":{"@context":"https:\/\/schema.org","@graph":[{"@type":"WebPage","@id":"https:\/\/copterpro.de\/shop\/dji-hobby-kameraequipment\/dji-neo-2-fly-more-combo\/","url":"https:\/\/copterpro.de\/shop\/dji-hobby-kameraequipment\/dji-neo-2-fly-more-combo\/","name":"DJI Neo 2 Fly More Combo \u2013 4K Drohne mit ActiveTrack","isPartOf":{"@id":"https:\/\/copterpro.de\/shop\/#website"},"primaryImageOfPage":{"@id":"https:\/\/copterpro.de\/shop\/dji-hobby-kameraequipment\/dji-neo-2-fly-more-combo\/#primaryimage"},"image":{"@id":"https:\/\/copterpro.de\/shop\/dji-hobby-kameraequipment\/dji-neo-2-fly-more-combo\/#primaryimage"},"thumbnailUrl":"https:\/\/copterpro.de\/shop\/wp-content\/uploads\/2026\/01\/DJINeo2_Flymorecombo.webp","datePublished":"2026-01-08T15:41:11+00:00","dateModified":"2026-03-22T02:43:14+00:00","description":"Die DJI Neo 2 Fly More Combo mit 4K-Video, ActiveTrack, SelfieShot und zus\u00e4tzlichem Zubeh\u00f6r. Ideal f\u00fcr Vlogs, Reisen und kreative Luftaufnahmen.","breadcrumb":{"@id":"https:\/\/copterpro.de\/shop\/dji-hobby-kameraequipment\/dji-neo-2-fly-more-combo\/#breadcrumb"},"inLanguage":"de","potentialAction":[{"@type":"ReadAction","target":["https:\/\/copterpro.de\/shop\/dji-hobby-kameraequipment\/dji-neo-2-fly-more-combo\/"]}]},{"@type":"ImageObject","inLanguage":"de","@id":"https:\/\/copterpro.de\/shop\/dji-hobby-kameraequipment\/dji-neo-2-fly-more-combo\/#primaryimage","url":"https:\/\/copterpro.de\/shop\/wp-content\/uploads\/2026\/01\/DJINeo2_Flymorecombo.webp","contentUrl":"https:\/\/copterpro.de\/shop\/wp-content\/uploads\/2026\/01\/DJINeo2_Flymorecombo.webp","width":1080,"height":1080,"caption":"DJI Neo 2 Fly More Combo"},{"@type":"BreadcrumbList","@id":"https:\/\/copterpro.de\/shop\/dji-hobby-kameraequipment\/dji-neo-2-fly-more-combo\/#breadcrumb","itemListElement":[{"@type":"ListItem","position":1,"name":"Startseite","item":"https:\/\/copterpro.de\/shop\/"},{"@type":"ListItem","position":2,"name":"Shop","item":"https:\/\/copterpro.de\/shop\/shop\/"},{"@type":"ListItem","position":3,"name":"DJI Neo 2 Fly more Combo"}]},{"@type":"WebSite","@id":"https:\/\/copterpro.de\/shop\/#website","url":"https:\/\/copterpro.de\/shop\/","name":"Copter Pro","description":"","publisher":{"@id":"https:\/\/copterpro.de\/shop\/#organization"},"potentialAction":[{"@type":"SearchAction","target":{"@type":"EntryPoint","urlTemplate":"https:\/\/copterpro.de\/shop\/?s={search_term_string}"},"query-input":{"@type":"PropertyValueSpecification","valueRequired":true,"valueName":"search_term_string"}}],"inLanguage":"de"},{"@type":"Organization","@id":"https:\/\/copterpro.de\/shop\/#organization","name":"Copter Pro","url":"https:\/\/copterpro.de\/shop\/","logo":{"@type":"ImageObject","inLanguage":"de","@id":"https:\/\/copterpro.de\/shop\/#\/schema\/logo\/image\/","url":"https:\/\/copterpro.de\/shop\/wp-content\/uploads\/2025\/04\/copterpro.svg","contentUrl":"https:\/\/copterpro.de\/shop\/wp-content\/uploads\/2025\/04\/copterpro.svg","caption":"Copter Pro"},"image":{"@id":"https:\/\/copterpro.de\/shop\/#\/schema\/logo\/image\/"},"sameAs":["https:\/\/www.facebook.com\/copterprogmbh"]}]}},"_links":{"self":[{"href":"https:\/\/copterpro.de\/shop\/wp-json\/wp\/v2\/product\/15879","targetHints":{"allow":["GET"]}}],"collection":[{"href":"https:\/\/copterpro.de\/shop\/wp-json\/wp\/v2\/product"}],"about":[{"href":"https:\/\/copterpro.de\/shop\/wp-json\/wp\/v2\/types\/product"}],"wp:featuredmedia":[{"embeddable":true,"href":"https:\/\/copterpro.de\/shop\/wp-json\/wp\/v2\/media\/15887"}],"wp:attachment":[{"href":"https:\/\/copterpro.de\/shop\/wp-json\/wp\/v2\/media?parent=15879"}],"wp:term":[{"taxonomy":"product_brand","embeddable":true,"href":"https:\/\/copterpro.de\/shop\/wp-json\/wp\/v2\/product_brand?post=15879"},{"taxonomy":"product_cat","embeddable":true,"href":"https:\/\/copterpro.de\/shop\/wp-json\/wp\/v2\/product_cat?post=15879"},{"taxonomy":"product_tag","embeddable":true,"href":"https:\/\/copterpro.de\/shop\/wp-json\/wp\/v2\/product_tag?post=15879"}],"curies":[{"name":"wp","href":"https:\/\/api.w.org\/{rel}","templated":true}]}}